{"id":1273,"date":"2020-01-07T16:54:55","date_gmt":"2020-01-07T16:54:55","guid":{"rendered":"https:\/\/www.metal-styl.com\/?post_type=product&#038;p=1273"},"modified":"2020-02-13T15:11:47","modified_gmt":"2020-02-13T15:11:47","slug":"regal-z-drzwiczkami-szklanymi-r33-szer-800mm","status":"publish","type":"product","link":"https:\/\/www.metal-styl.com\/index.php\/produkt\/regal-z-drzwiczkami-szklanymi-r33-szer-800mm\/","title":{"rendered":"Rega\u0142 z drzwiczkami szklanymi R33 szer. 800mm"},"content":{"rendered":"<div id=\"idTab1\" class=\"rte\">\n<p><span style=\"color: #800000;\"><strong>Rega\u0142, Szafa biurowa, ubraniowa 2 modu\u0142owa, w g\u00f3rnej cz\u0119\u015bci drzwiczki przeszklone<\/strong><\/span><\/p>\n<p><strong>Wymiary: szer\/g\u0142\/wys 800x400x1960mm<\/strong><\/p>\n<p>Wyposa\u017cenie:<\/p>\n<p>&#8211; cztery p\u00f3\u0142ki, pi\u0119\u0107 przestrzeni<\/p>\n<p>&#8211; g\u00f3rna cz\u0119\u015b\u0107 zamykana drzwiczkami przeszklonymi wyposa\u017cona w dwie p\u00f3\u0142ki ( 3 przestrzenie ), dolna cz\u0119\u015b\u0107 zamykana drzwiczkami drewnianymi, wyposa\u017cona w jedn\u0105 p\u00f3\u0142k\u0119 ( 2 przestrzenie )<\/p>\n<p>&#8211; ozdobne uchwyty meblowe<\/p>\n<p>&#8211; Drzwi w rega\u0142ach i szafach mocowane s\u0105 na zawiasach puszkowych z regulacj\u0105 i funkcj\u0105 domykania<\/p>\n<p>&#8211; \u015bruby poziomuj\u0105ce u\u0142atwiaj\u0105ce poziomowanie mebli na nier\u00f3wnej pod\u0142odze<\/p>\n<p>&#8211; stopki regulacyjne w rega\u0142ach, szafach i kontenerkach pomog\u0105 ustawi\u0107 meble w prostym szyku.<\/p>\n<p>Istnieje mo\u017cliwo\u015b\u0107 monta\u017cu zamka na kluczyk ( w komplecie 2 kluczyki).<\/p>\n<p>Koszt dodatkowego zamka to 20z\u0142 netto<\/p>\n<p>Szafa wyprodukowana na bazie wysokiej jako\u015bci melaminowanych p\u0142yt wi\u00f3rowych.<\/p>\n<p>&#8211; W\u0105skie p\u0142aszczyzny element\u00f3w meblowych starannie wyko\u0144czone obrze\u017cem PCV.<\/p>\n<p>&#8211; Front szafy wykonany z p\u0142yty o grubo\u015bci 22mm, korpus wykonany z p\u0142yty o grubo\u015bci 18mm.<\/p>\n<p>&#8211; Szafa posiada Atest ekologiczny E1 potwierdzony przez Akademi\u0119 Medyczn\u0105 w Gda\u0144sku.<\/p>\n<p>&#8211; Zastosowane obrze\u017ca meblowe posiadaj\u0105 atest Higieniczny potwierdzony przez Narodowy Instytut Zdrowia Publicznego<\/p>\n<p>Termin realizacji: 2-10 dni roboczych w zale\u017cno\u015bci od dost\u0119pno\u015bci produktu oraz kolorystyki. W celu ustalenia terminu realizacji zam\u00f3wienia ka\u017cdorazowo prosimy o kontakt z biurem.<\/p>\n<\/div>\n","protected":false},"excerpt":{"rendered":"<p><strong>Wymiary: szer\/g\u0142\/wys 800x400x1960mm<\/strong><\/p>\n","protected":false},"featured_media":1274,"comment_status":"open","ping_status":"closed","template":"","meta":[],"product_cat":[22],"product_tag":[737,887,886,885],"yst_prominent_words":[728,876,585,878,854,851,874,729,877,730,879,386,880,853,850,848,462,882,875,872],"class_list":{"0":"post-1273","1":"product","2":"type-product","3":"status-publish","4":"has-post-thumbnail","6":"product_cat-meble-biurowe-zestawy","7":"product_tag-meble-odnowa","8":"product_tag-regal-biurowy","9":"product_tag-regal-r33","10":"product_tag-szafa-biurowa","11":"entry","13":"first","14":"instock","15":"shipping-taxable","16":"product-type-simple"},"_links":{"self":[{"href":"https:\/\/www.metal-styl.com\/index.php\/wp-json\/wp\/v2\/product\/1273","targetHints":{"allow":["GET"]}}],"collection":[{"href":"https:\/\/www.metal-styl.com\/index.php\/wp-json\/wp\/v2\/product"}],"about":[{"href":"https:\/\/www.metal-styl.com\/index.php\/wp-json\/wp\/v2\/types\/product"}],"replies":[{"embeddable":true,"href":"https:\/\/www.metal-styl.com\/index.php\/wp-json\/wp\/v2\/comments?post=1273"}],"version-history":[{"count":2,"href":"https:\/\/www.metal-styl.com\/index.php\/wp-json\/wp\/v2\/product\/1273\/revisions"}],"predecessor-version":[{"id":3061,"href":"https:\/\/www.metal-styl.com\/index.php\/wp-json\/wp\/v2\/product\/1273\/revisions\/3061"}],"wp:featuredmedia":[{"embeddable":true,"href":"https:\/\/www.metal-styl.com\/index.php\/wp-json\/wp\/v2\/media\/1274"}],"wp:attachment":[{"href":"https:\/\/www.metal-styl.com\/index.php\/wp-json\/wp\/v2\/media?parent=1273"}],"wp:term":[{"taxonomy":"product_cat","embeddable":true,"href":"https:\/\/www.metal-styl.com\/index.php\/wp-json\/wp\/v2\/product_cat?post=1273"},{"taxonomy":"product_tag","embeddable":true,"href":"https:\/\/www.metal-styl.com\/index.php\/wp-json\/wp\/v2\/product_tag?post=1273"},{"taxonomy":"yst_prominent_words","embeddable":true,"href":"https:\/\/www.metal-styl.com\/index.php\/wp-json\/wp\/v2\/yst_prominent_words?post=1273"}],"curies":[{"name":"wp","href":"https:\/\/api.w.org\/{rel}","templated":true}]}}

Regał z drzwiczkami szklanymi R33 szer. 800mm

<div id="idTab1" class="rte">
<p><span style="color: #800000;"><strong>Regał, Szafa biurowa, ubraniowa 2 modułowa, w górnej części drzwiczki przeszklone</strong></span></p>
<p><strong>Wymiary: szer/gł/wys 800x400x1960mm</strong></p>
<p>Wyposażenie:</p>
<p>&#8211; cztery półki, pięć przestrzeni</p>
<p>&#8211; górna część zamykana drzwiczkami przeszklonymi wyposażona w dwie półki ( 3 przestrzenie ), dolna część zamykana drzwiczkami drewnianymi, wyposażona w jedną półkę ( 2 przestrzenie )</p>
<p>&#8211; ozdobne uchwyty meblowe</p>
<p>&#8211; Drzwi w regałach i szafach mocowane są na zawiasach puszkowych z regulacją i funkcją domykania</p>
<p>&#8211; śruby poziomujące ułatwiające poziomowanie mebli na nierównej podłodze</p>
<p>&#8211; stopki regulacyjne w regałach, szafach i kontenerkach pomogą ustawić meble w prostym szyku.</p>
<p>Istnieje możliwość montażu zamka na kluczyk ( w komplecie 2 kluczyki).</p>
<p>Koszt dodatkowego zamka to 20zł netto</p>
<p>Szafa wyprodukowana na bazie wysokiej jakości melaminowanych płyt wiórowych.</p>
<p>&#8211; Wąskie płaszczyzny elementów meblowych starannie wykończone obrzeżem PCV.</p>
<p>&#8211; Front szafy wykonany z płyty o grubości 22mm, korpus wykonany z płyty o grubości 18mm.</p>
<p>&#8211; Szafa posiada Atest ekologiczny E1 potwierdzony przez Akademię Medyczną w Gdańsku.</p>
<p>&#8211; Zastosowane obrzeża meblowe posiadają atest Higieniczny potwierdzony przez Narodowy Instytut Zdrowia Publicznego</p>
<p>Termin realizacji: 2-10 dni roboczych w zależności od dostępności produktu oraz kolorystyki. W celu ustalenia terminu realizacji zamówienia każdorazowo prosimy o kontakt z biurem.</p>
</div>

<p><strong>Wymiary: szer/gł/wys 800x400x1960mm</strong></p>
