{"id":1664,"date":"2020-01-13T00:08:49","date_gmt":"2020-01-13T00:08:49","guid":{"rendered":"https:\/\/www.metal-styl.com\/?post_type=product&#038;p=1664"},"modified":"2020-01-13T10:27:10","modified_gmt":"2020-01-13T10:27:10","slug":"stolik-kwadratowy-silver-st80-szer-800mm-2","status":"publish","type":"product","link":"https:\/\/www.metal-styl.com\/index.php\/produkt\/stolik-kwadratowy-silver-st80-szer-800mm-2\/","title":{"rendered":"Stolik kwadratowy Silver ST80 szer.800mm"},"content":{"rendered":"<p><span style=\"color: #800000;\"><strong>\u00a0Stolik kwadratowy &#8211; Silver ST80<\/strong><\/span><\/p>\n<p><strong>Wymiary: szer\/g\u0142\/wys 800x800x740mm<\/strong><\/p>\n<p>Wyposa\u017cenie: &#8211; \u015bruby poziomuj\u0105ce u\u0142atwiaj\u0105ce poziomowanie biurka na nier\u00f3wnej pod\u0142odze<\/p>\n<p><span style=\"color: #800000;\"><strong>5 ZESTAW\u00d3W KOLORYSTYCZNYCH &#8211; JEDNA CENA!<\/strong><\/span><\/p>\n<p><span style=\"color: #800000;\"><strong>Niezale\u017cnie od tego jaki zestaw kolorystyczny wybierzesz, gwarantujemy jedn\u0105 sta\u0142\u0105 cen\u0119!<\/strong><\/span><\/p>\n<p style=\"text-align: left;\"><strong>Kolorystyka mebli do wyboru:<\/strong><\/p>\n<p style=\"text-align: center;\"><img decoding=\"async\" class=\"aligncenter\" title=\"Zestaw Orzech Camaro + Platyna\" src=\"http:\/\/www.sklep.metal-styl.com\/img\/cms\/orzech_platyna.jpg\" alt=\"Orzech_Camaro_Platyna\" width=\"60\" height=\"33\" \/> Orzech Camaro + Platyna<\/p>\n<p style=\"text-align: center;\"><img decoding=\"async\" class=\"aligncenter\" title=\"Buk Bawaria + Platyna\" src=\"http:\/\/www.sklep.metal-styl.com\/img\/cms\/bawaria_platyna.jpg\" alt=\"Buk_Bawaria_Platyna\" width=\"62\" height=\"31\" \/> Buk Bawaria + Platyna<\/p>\n<p style=\"text-align: center;\"><img decoding=\"async\" class=\"aligncenter\" src=\"http:\/\/www.sklep.metal-styl.com\/img\/cms\/gruszapolna_platyna.jpg\" alt=\"\" width=\"63\" height=\"31\" \/> Grusza Polna + Platyna<\/p>\n<p style=\"text-align: center;\"><img loading=\"lazy\" decoding=\"async\" class=\"aligncenter\" src=\"http:\/\/www.sklep.metal-styl.com\/img\/cms\/bukbawaria.jpg\" alt=\"\" width=\"32\" height=\"32\" \/> Buk Bawaria<\/p>\n<p style=\"text-align: center;\"><img loading=\"lazy\" decoding=\"async\" class=\"aligncenter\" src=\"http:\/\/www.sklep.metal-styl.com\/img\/cms\/gruszapolna.jpg\" alt=\"\" width=\"31\" height=\"31\" \/> Grusza Polna<\/p>\n<p>&#8211; wyprodukowane na bazie wysokiej jako\u015bci melaminowanych p\u0142yt wi\u00f3rowych.<\/p>\n<p>&#8211; W\u0105skie p\u0142aszczyzny element\u00f3w meblowych starannie wyko\u0144czone obrze\u017cem PCV.<\/p>\n<p>&#8211; Dekoracyjne elementy biurek pokryte s\u0105 laminatami<\/p>\n<p>&#8211; Solidny wytrzyma\u0142y blat o grubo\u015bci 22mm. Podstawa biurka wykonana z p\u0142yty o grubo\u015bci 18mm.<\/p>\n<p>&#8211; Stopka regulacyjna, dzi\u0119ki kt\u00f3rej w \u0142atwy spos\u00f3b wyregulujesz ustawienie stolika w przypadku nier\u00f3wnej pod\u0142ogi.\u00a0 <img loading=\"lazy\" decoding=\"async\" class=\"aligncenter\" src=\"http:\/\/www.sklep.metal-styl.com\/img\/cms\/stopka_regulacyjna.jpg\" alt=\"\" width=\"150\" height=\"113\" \/><\/p>\n<p>&#8211; Szafa posiada Atest ekologiczny E1 potwierdzony przez Akademi\u0119 Medyczn\u0105 w Gda\u0144sku.<\/p>\n<p>&#8211; Zastosowane obrze\u017ca meblowe posiadaj\u0105 atest Higieniczny potwierdzony przez Narodowy Instytut Zdrowia Publicznego<\/p>\n<p>Termin realizacji: 2-10 dni roboczych w zale\u017cno\u015bci od dost\u0119pno\u015bci produktu oraz kolorystyki. W celu ustalenia terminu realizacji zam\u00f3wienia ka\u017cdorazowo prosimy o kontakt z biurem.<\/p>\n","protected":false},"excerpt":{"rendered":"<p><strong>Wymiary: szer\/g\u0142\/wys 800x800x740mm<\/strong><\/p>\n","protected":false},"featured_media":0,"comment_status":"open","ping_status":"closed","template":"","meta":[],"product_cat":[22,24,1274,1276],"product_tag":[967,996,997,995],"yst_prominent_words":[728,956,694,955,948,585,752,949,958,954,957,729,730],"class_list":{"0":"post-1664","1":"product","2":"type-product","3":"status-publish","5":"product_cat-meble-biurowe-zestawy","6":"product_cat-silver","7":"product_cat-grusza-polna","8":"product_cat-stoly-i-stoliki-grusza-polna","9":"product_tag-orzech-camaro","10":"product_tag-stolik-kwadratowy","11":"product_tag-stolik-odnowa","12":"product_tag-stolik-st80","13":"entry","15":"first","16":"instock","17":"shipping-taxable","18":"product-type-simple"},"_links":{"self":[{"href":"https:\/\/www.metal-styl.com\/index.php\/wp-json\/wp\/v2\/product\/1664","targetHints":{"allow":["GET"]}}],"collection":[{"href":"https:\/\/www.metal-styl.com\/index.php\/wp-json\/wp\/v2\/product"}],"about":[{"href":"https:\/\/www.metal-styl.com\/index.php\/wp-json\/wp\/v2\/types\/product"}],"replies":[{"embeddable":true,"href":"https:\/\/www.metal-styl.com\/index.php\/wp-json\/wp\/v2\/comments?post=1664"}],"version-history":[{"count":1,"href":"https:\/\/www.metal-styl.com\/index.php\/wp-json\/wp\/v2\/product\/1664\/revisions"}],"predecessor-version":[{"id":1671,"href":"https:\/\/www.metal-styl.com\/index.php\/wp-json\/wp\/v2\/product\/1664\/revisions\/1671"}],"wp:attachment":[{"href":"https:\/\/www.metal-styl.com\/index.php\/wp-json\/wp\/v2\/media?parent=1664"}],"wp:term":[{"taxonomy":"product_cat","embeddable":true,"href":"https:\/\/www.metal-styl.com\/index.php\/wp-json\/wp\/v2\/product_cat?post=1664"},{"taxonomy":"product_tag","embeddable":true,"href":"https:\/\/www.metal-styl.com\/index.php\/wp-json\/wp\/v2\/product_tag?post=1664"},{"taxonomy":"yst_prominent_words","embeddable":true,"href":"https:\/\/www.metal-styl.com\/index.php\/wp-json\/wp\/v2\/yst_prominent_words?post=1664"}],"curies":[{"name":"wp","href":"https:\/\/api.w.org\/{rel}","templated":true}]}}

<p><span style="color: #800000;"><strong> Stolik kwadratowy &#8211; Silver ST80</strong></span></p>
<p><strong>Wymiary: szer/gł/wys 800x800x740mm</strong></p>
<p>Wyposażenie: &#8211; śruby poziomujące ułatwiające poziomowanie biurka na nierównej podłodze</p>
<p><span style="color: #800000;"><strong>5 ZESTAWÓW KOLORYSTYCZNYCH &#8211; JEDNA CENA!</strong></span></p>
<p><span style="color: #800000;"><strong>Niezależnie od tego jaki zestaw kolorystyczny wybierzesz, gwarantujemy jedną stałą cenę!</strong></span></p>
<p style="text-align: left;"><strong>Kolorystyka mebli do wyboru:</strong></p>
<p style="text-align: center;"><img decoding="async" class="aligncenter" title="Zestaw Orzech Camaro + Platyna" src="http://www.sklep.metal-styl.com/img/cms/orzech_platyna.jpg" alt="Orzech_Camaro_Platyna" width="60" height="33" /> Orzech Camaro + Platyna</p>
<p style="text-align: center;"><img decoding="async" class="aligncenter" title="Buk Bawaria + Platyna" src="http://www.sklep.metal-styl.com/img/cms/bawaria_platyna.jpg" alt="Buk_Bawaria_Platyna" width="62" height="31" /> Buk Bawaria + Platyna</p>
<p style="text-align: center;"><img decoding="async" class="aligncenter" src="http://www.sklep.metal-styl.com/img/cms/gruszapolna_platyna.jpg" alt="" width="63" height="31" /> Grusza Polna + Platyna</p>
<p style="text-align: center;"><img loading="lazy" decoding="async" class="aligncenter" src="http://www.sklep.metal-styl.com/img/cms/bukbawaria.jpg" alt="" width="32" height="32" /> Buk Bawaria</p>
<p style="text-align: center;"><img loading="lazy" decoding="async" class="aligncenter" src="http://www.sklep.metal-styl.com/img/cms/gruszapolna.jpg" alt="" width="31" height="31" /> Grusza Polna</p>
<p>&#8211; wyprodukowane na bazie wysokiej jakości melaminowanych płyt wiórowych.</p>
<p>&#8211; Wąskie płaszczyzny elementów meblowych starannie wykończone obrzeżem PCV.</p>
<p>&#8211; Dekoracyjne elementy biurek pokryte są laminatami</p>
<p>&#8211; Solidny wytrzymały blat o grubości 22mm. Podstawa biurka wykonana z płyty o grubości 18mm.</p>
<p>&#8211; Stopka regulacyjna, dzięki której w łatwy sposób wyregulujesz ustawienie stolika w przypadku nierównej podłogi.  <img loading="lazy" decoding="async" class="aligncenter" src="http://www.sklep.metal-styl.com/img/cms/stopka_regulacyjna.jpg" alt="" width="150" height="113" /></p>
<p>&#8211; Szafa posiada Atest ekologiczny E1 potwierdzony przez Akademię Medyczną w Gdańsku.</p>
<p>&#8211; Zastosowane obrzeża meblowe posiadają atest Higieniczny potwierdzony przez Narodowy Instytut Zdrowia Publicznego</p>
<p>Termin realizacji: 2-10 dni roboczych w zależności od dostępności produktu oraz kolorystyki. W celu ustalenia terminu realizacji zamówienia każdorazowo prosimy o kontakt z biurem.</p>

<p><strong>Wymiary: szer/gł/wys 800x800x740mm</strong></p>
