{"id":1855,"date":"2020-01-13T10:54:41","date_gmt":"2020-01-13T10:54:41","guid":{"rendered":"https:\/\/www.metal-styl.com\/?post_type=product&#038;p=1855"},"modified":"2020-01-13T10:56:15","modified_gmt":"2020-01-13T10:56:15","slug":"kontener-biurowy-4-szufladowy-k-55-2","status":"publish","type":"product","link":"https:\/\/www.metal-styl.com\/index.php\/produkt\/kontener-biurowy-4-szufladowy-k-55-2\/","title":{"rendered":"Kontener biurowy 4-szufladowy K-55"},"content":{"rendered":"<div id=\"idTab1\" class=\"rte\">\n<p><span style=\"color: #800000;\"><strong>Kontenerek biurowy 4 szufladowy K-55<\/strong><\/span><\/p>\n<p><span style=\"color: #000000;\"><strong>Wymiary: szer\/g\u0142\/wys 420x700x740mm<\/strong> <\/span><\/p>\n<div id=\"idTab1\" class=\"rte\">\n<div id=\"idTab1\" class=\"rte\">\n<p>Kontenerek biurowy, przybiurkowy, 4-szufladowy, zamykany centralnie<\/p>\n<p>Wyposa\u017cenie:<\/p>\n<p>&#8211; cztery szuflady<\/p>\n<p>&#8211; zamek centralny, zamykaj\u0105cy wszystkie szufladki ( w komplecie dwa kluczyki)<img decoding=\"async\" class=\"alignnone wp-image-1446\" src=\"https:\/\/www.metal-styl.com\/wp-content\/uploads\/2020\/01\/kontener-k-52-1-300x300.jpg\" alt=\"\" width=\"108\" height=\"108\" srcset=\"https:\/\/www.metal-styl.com\/wp-content\/uploads\/2020\/01\/kontener-k-52-1.jpg 300w, https:\/\/www.metal-styl.com\/wp-content\/uploads\/2020\/01\/kontener-k-52-1-100x100.jpg 100w, https:\/\/www.metal-styl.com\/wp-content\/uploads\/2020\/01\/kontener-k-52-1-150x150.jpg 150w\" sizes=\"(max-width: 108px) 100vw, 108px\" \/><\/p>\n<p>&#8211; ozdobne uchwyty meblowe<\/p>\n<p>&#8211; \u015bruby poziomuj\u0105ce u\u0142atwiaj\u0105ce poziomowanie na nier\u00f3wnej pod\u0142odze<\/p>\n<p>&#8211; stopki regulacyjne w rega\u0142ach, szafach i kontenerkach pomog\u0105 ustawi\u0107 meble w prostym szyku. Regulacj\u0119 przeprowadza si\u0119 wewn\u0105trz mebla.<\/p>\n<p>Kontenerek wyprodukowany na bazie wysokiej jako\u015bci melaminowanych p\u0142yt wi\u00f3rowych.<\/p>\n<p>&#8211; W\u0105skie p\u0142aszczyzny element\u00f3w meblowych starannie wyko\u0144czone obrze\u017cem PCV.<\/p>\n<p>&#8211; Fronty wykonane z p\u0142yty o grubo\u015bci 22mm, korpus wykonany z p\u0142yty o grubo\u015bci 18mm.<\/p>\n<p>&#8211; Wszystkie nasze meble posiadaj\u0105 Atest ekologiczny E1 potwierdzony przez Akademi\u0119 Medyczn\u0105 w Gda\u0144ski.<\/p>\n<p>&#8211; Zastosowane obrze\u017ca meblowe posiadaj\u0105 atest Higieniczny potwierdzony przez Narodowy Instytut Zdrowia Publicznego<\/p>\n<p>5 ZESTAW\u00d3W KOLORYSTYCZNYCH &#8211; JEDNA CENA!<\/p>\n<p><ins><strong>Kolorystyka mebli do wyboru:<\/strong><\/ins><\/p>\n<p>&#8211; Orzech Camaro + Platyna<\/p>\n<p>&#8211; Buk Bawaria + Platyna<\/p>\n<p>&#8211; Grusza Polna + Platyna<\/p>\n<p>&#8211; Buk Bawaria<\/p>\n<p>&#8211; Grusza Polna<\/p>\n<p>Niezale\u017cnie od tego jaki zestaw kolorystyczny wybierzesz,<\/p>\n<p>gwarantujemy jedn\u0105 sta\u0142\u0105 cen\u0119!<\/p>\n<p style=\"text-align: center;\"><img decoding=\"async\" class=\"aligncenter\" title=\"Zestaw Orzech Camaro + Platyna\" src=\"http:\/\/www.sklep.metal-styl.com\/img\/cms\/orzech_platyna.jpg\" alt=\"Orzech_Camaro_Platyna\" width=\"60\" height=\"33\" \/> Orzech Camaro + Platyna<\/p>\n<p style=\"text-align: center;\"><img decoding=\"async\" class=\"aligncenter\" title=\"Buk Bawaria + Platyna\" src=\"http:\/\/www.sklep.metal-styl.com\/img\/cms\/bawaria_platyna.jpg\" alt=\"Buk_Bawaria_Platyna\" width=\"62\" height=\"31\" \/> Buk Bawaria + Platyna<\/p>\n<p style=\"text-align: center;\"><img loading=\"lazy\" decoding=\"async\" class=\"aligncenter\" src=\"http:\/\/www.sklep.metal-styl.com\/img\/cms\/gruszapolna_platyna.jpg\" alt=\"\" width=\"63\" height=\"31\" \/> Grusza Polna + Platyna<\/p>\n<p style=\"text-align: center;\"><img loading=\"lazy\" decoding=\"async\" class=\"aligncenter\" src=\"http:\/\/www.sklep.metal-styl.com\/img\/cms\/bukbawaria.jpg\" alt=\"\" width=\"32\" height=\"32\" \/> Buk Bawaria<\/p>\n<p style=\"text-align: center;\"><img loading=\"lazy\" decoding=\"async\" class=\"aligncenter\" src=\"http:\/\/www.sklep.metal-styl.com\/img\/cms\/gruszapolna.jpg\" alt=\"\" width=\"31\" height=\"31\" \/> Grusza Polna<\/p>\n<p>Termin realizacji: 2-10 dni roboczych w zale\u017cno\u015bci od dost\u0119pno\u015bci produktu oraz kolorystyki. W celu ustalenia terminu realizacji zam\u00f3wienia ka\u017cdorazowo prosimy o kontakt z biurem.<\/p>\n<\/div>\n<\/div>\n<\/div>\n","protected":false},"excerpt":{"rendered":"<p><strong>Wymiary: szer\/g\u0142\/wys 420x700x740mm<\/strong><\/p>\n","protected":false},"featured_media":1859,"comment_status":"open","ping_status":"closed","template":"","meta":[],"product_cat":[1281,22,24,1274],"product_tag":[1067,1066,1071,1070,737,738,733,1069],"yst_prominent_words":[956,952,861,955,948,946,951,752,949,947,725,1065,878,950,945,954,851,957,953,693],"class_list":{"0":"post-1855","1":"product","2":"type-product","3":"status-publish","4":"has-post-thumbnail","6":"product_cat-kontenerki-grusza-polna","7":"product_cat-meble-biurowe-zestawy","8":"product_cat-silver","9":"product_cat-grusza-polna","10":"product_tag-kontener-4-szufladowy","11":"product_tag-kontener-biurowy","12":"product_tag-kontener-k-55","13":"product_tag-meble-biurowe","14":"product_tag-meble-odnowa","15":"product_tag-meble-odnowa-z-pszczyny","16":"product_tag-szafka-do-biurka","17":"product_tag-szafka-z-szufladkami","18":"entry","20":"first","21":"instock","22":"shipping-taxable","23":"product-type-simple"},"_links":{"self":[{"href":"https:\/\/www.metal-styl.com\/index.php\/wp-json\/wp\/v2\/product\/1855","targetHints":{"allow":["GET"]}}],"collection":[{"href":"https:\/\/www.metal-styl.com\/index.php\/wp-json\/wp\/v2\/product"}],"about":[{"href":"https:\/\/www.metal-styl.com\/index.php\/wp-json\/wp\/v2\/types\/product"}],"replies":[{"embeddable":true,"href":"https:\/\/www.metal-styl.com\/index.php\/wp-json\/wp\/v2\/comments?post=1855"}],"version-history":[{"count":1,"href":"https:\/\/www.metal-styl.com\/index.php\/wp-json\/wp\/v2\/product\/1855\/revisions"}],"predecessor-version":[{"id":1860,"href":"https:\/\/www.metal-styl.com\/index.php\/wp-json\/wp\/v2\/product\/1855\/revisions\/1860"}],"wp:featuredmedia":[{"embeddable":true,"href":"https:\/\/www.metal-styl.com\/index.php\/wp-json\/wp\/v2\/media\/1859"}],"wp:attachment":[{"href":"https:\/\/www.metal-styl.com\/index.php\/wp-json\/wp\/v2\/media?parent=1855"}],"wp:term":[{"taxonomy":"product_cat","embeddable":true,"href":"https:\/\/www.metal-styl.com\/index.php\/wp-json\/wp\/v2\/product_cat?post=1855"},{"taxonomy":"product_tag","embeddable":true,"href":"https:\/\/www.metal-styl.com\/index.php\/wp-json\/wp\/v2\/product_tag?post=1855"},{"taxonomy":"yst_prominent_words","embeddable":true,"href":"https:\/\/www.metal-styl.com\/index.php\/wp-json\/wp\/v2\/yst_prominent_words?post=1855"}],"curies":[{"name":"wp","href":"https:\/\/api.w.org\/{rel}","templated":true}]}}