{"id":1885,"date":"2020-01-13T13:44:48","date_gmt":"2020-01-13T13:44:48","guid":{"rendered":"https:\/\/www.metal-styl.com\/?post_type=product&#038;p=1885"},"modified":"2020-01-13T13:45:23","modified_gmt":"2020-01-13T13:45:23","slug":"noga-metalowa-do-lacznikow-biurek-2","status":"publish","type":"product","link":"https:\/\/www.metal-styl.com\/index.php\/produkt\/noga-metalowa-do-lacznikow-biurek-2\/","title":{"rendered":"Noga metalowa do \u0142\u0105cznik\u00f3w biurek"},"content":{"rendered":"<p><span style=\"color: #800000;\"><strong>Noga metalowa do \u0142\u0105cznik\u00f3w biurek<\/strong><\/span><\/p>\n<p><strong>Wymiary: szer\/wys 60&#215;718<br \/>\n<\/strong><\/p>\n<div id=\"idTab1\" class=\"rte\">\n<div id=\"idTab1\" class=\"rte\">\n<p>&nbsp;<\/p>\n<\/div>\n<\/div>\n","protected":false},"excerpt":{"rendered":"<p><strong>Wymiary: szer\/wys 60&#215;718<\/strong><\/p>\n","protected":false},"featured_media":1599,"comment_status":"open","ping_status":"closed","template":"","meta":[],"product_cat":[1277,22,1282,24,1274],"product_tag":[1264,1267],"yst_prominent_words":[],"class_list":{"0":"post-1885","1":"product","2":"type-product","3":"status-publish","4":"has-post-thumbnail","6":"product_cat-dostawki-grusza-polna","7":"product_cat-meble-biurowe-zestawy","8":"product_cat-pozostale-grusza-polna","9":"product_cat-silver","10":"product_cat-grusza-polna","11":"product_tag-dostawka","12":"product_tag-noga-metalowa-do-biurka","13":"entry","15":"first","16":"instock","17":"shipping-taxable","18":"product-type-simple"},"_links":{"self":[{"href":"https:\/\/www.metal-styl.com\/index.php\/wp-json\/wp\/v2\/product\/1885","targetHints":{"allow":["GET"]}}],"collection":[{"href":"https:\/\/www.metal-styl.com\/index.php\/wp-json\/wp\/v2\/product"}],"about":[{"href":"https:\/\/www.metal-styl.com\/index.php\/wp-json\/wp\/v2\/types\/product"}],"replies":[{"embeddable":true,"href":"https:\/\/www.metal-styl.com\/index.php\/wp-json\/wp\/v2\/comments?post=1885"}],"version-history":[{"count":1,"href":"https:\/\/www.metal-styl.com\/index.php\/wp-json\/wp\/v2\/product\/1885\/revisions"}],"predecessor-version":[{"id":1888,"href":"https:\/\/www.metal-styl.com\/index.php\/wp-json\/wp\/v2\/product\/1885\/revisions\/1888"}],"wp:featuredmedia":[{"embeddable":true,"href":"https:\/\/www.metal-styl.com\/index.php\/wp-json\/wp\/v2\/media\/1599"}],"wp:attachment":[{"href":"https:\/\/www.metal-styl.com\/index.php\/wp-json\/wp\/v2\/media?parent=1885"}],"wp:term":[{"taxonomy":"product_cat","embeddable":true,"href":"https:\/\/www.metal-styl.com\/index.php\/wp-json\/wp\/v2\/product_cat?post=1885"},{"taxonomy":"product_tag","embeddable":true,"href":"https:\/\/www.metal-styl.com\/index.php\/wp-json\/wp\/v2\/product_tag?post=1885"},{"taxonomy":"yst_prominent_words","embeddable":true,"href":"https:\/\/www.metal-styl.com\/index.php\/wp-json\/wp\/v2\/yst_prominent_words?post=1885"}],"curies":[{"name":"wp","href":"https:\/\/api.w.org\/{rel}","templated":true}]}}