{"id":2087,"date":"2020-01-13T17:56:36","date_gmt":"2020-01-13T17:56:36","guid":{"rendered":"https:\/\/www.metal-styl.com\/?post_type=product&#038;p=2087"},"modified":"2020-01-13T19:20:18","modified_gmt":"2020-01-13T19:20:18","slug":"stolik-okolicznosciowy-silver-sto-szer-700mm-3","status":"publish","type":"product","link":"https:\/\/www.metal-styl.com\/index.php\/produkt\/stolik-okolicznosciowy-silver-sto-szer-700mm-3\/","title":{"rendered":"Stolik okoliczno\u015bciowy Silver STO szer.700mm"},"content":{"rendered":"<p><span style=\"color: #800000;\"><strong>\u00a0Stolik prostok\u0105tny &#8211; Silver STO<\/strong><\/span><\/p>\n<p><strong>Wymiary: szer\/g\u0142\/wys 700x550x550<br \/>\n<\/strong><\/p>\n<p><strong>Stolik okoliczno\u015bciowy doskonale sprawdzi si\u0119 w sekretariacie jak i pokoju nauczycielskim.<\/strong><\/p>\n<p>&#8211; stolik okoliczno\u015bciowy posiada blat w kszta\u0142cie prostok\u0105tnym o wymiarze 700x550mm, stolik niski<\/p>\n<p>Wyposa\u017cenie: &#8211; stolik posiada pod nogami plastikowe \u015blizgacze u\u0142atwiaj\u0105ce przesuwanie stolika<\/p>\n<p><span style=\"color: #800000;\"><strong>5 ZESTAW\u00d3W KOLORYSTYCZNYCH &#8211; JEDNA CENA!<\/strong><\/span><\/p>\n<p><span style=\"color: #800000;\"><strong>Niezale\u017cnie od tego jaki zestaw kolorystyczny wybierzesz, gwarantujemy jedn\u0105 sta\u0142\u0105 cen\u0119!<\/strong><\/span><\/p>\n<p style=\"text-align: left;\"><strong>Kolorystyka mebli do wyboru:<\/strong><\/p>\n<p style=\"text-align: center;\"><img decoding=\"async\" class=\"aligncenter\" title=\"Zestaw Orzech Camaro + Platyna\" src=\"http:\/\/www.sklep.metal-styl.com\/img\/cms\/orzech_platyna.jpg\" alt=\"Orzech_Camaro_Platyna\" width=\"60\" height=\"33\" \/> Orzech Camaro + Platyna<\/p>\n<p style=\"text-align: center;\"><img decoding=\"async\" class=\"aligncenter\" title=\"Buk Bawaria + Platyna\" src=\"http:\/\/www.sklep.metal-styl.com\/img\/cms\/bawaria_platyna.jpg\" alt=\"Buk_Bawaria_Platyna\" width=\"62\" height=\"31\" \/> Buk Bawaria + Platyna<\/p>\n<p style=\"text-align: center;\"><img decoding=\"async\" class=\"aligncenter\" src=\"http:\/\/www.sklep.metal-styl.com\/img\/cms\/gruszapolna_platyna.jpg\" alt=\"\" width=\"63\" height=\"31\" \/> Grusza Polna + Platyna<\/p>\n<p style=\"text-align: center;\"><img loading=\"lazy\" decoding=\"async\" class=\"aligncenter\" src=\"http:\/\/www.sklep.metal-styl.com\/img\/cms\/bukbawaria.jpg\" alt=\"\" width=\"32\" height=\"32\" \/> Buk Bawaria<\/p>\n<p style=\"text-align: center;\"><img loading=\"lazy\" decoding=\"async\" class=\"aligncenter\" src=\"http:\/\/www.sklep.metal-styl.com\/img\/cms\/gruszapolna.jpg\" alt=\"\" width=\"31\" height=\"31\" \/> Grusza Polna<\/p>\n<p>&#8211; wyprodukowane na bazie wysokiej jako\u015bci melaminowanych p\u0142yt wi\u00f3rowych.<\/p>\n<p>&#8211; W\u0105skie p\u0142aszczyzny element\u00f3w meblowych starannie wyko\u0144czone obrze\u017cem PCV.<\/p>\n<p>&#8211; Dekoracyjne elementy pokryte s\u0105 laminatami<\/p>\n<p>&#8211; Solidny wytrzyma\u0142y blat o grubo\u015bci 22mm.<\/p>\n<p>&#8211; Szafa posiada Atest ekologiczny E1 potwierdzony przez Akademi\u0119 Medyczn\u0105 w Gda\u0144sku.<\/p>\n<p>&#8211; Zastosowane obrze\u017ca meblowe posiadaj\u0105 atest Higieniczny potwierdzony przez Narodowy Instytut Zdrowia Publicznego<\/p>\n<p>Termin realizacji: 2-10 dni roboczych w zale\u017cno\u015bci od dost\u0119pno\u015bci produktu oraz kolorystyki. W celu ustalenia terminu realizacji zam\u00f3wienia ka\u017cdorazowo prosimy o kontakt z biurem.<\/p>\n","protected":false},"excerpt":{"rendered":"<p><strong>Wymiary: szer\/g\u0142\/wys 700x550x550<br \/>\n<\/strong><\/p>\n","protected":false},"featured_media":2133,"comment_status":"open","ping_status":"closed","template":"","meta":[],"product_cat":[22,24,1284,1287],"product_tag":[967,997,1007,1008],"yst_prominent_words":[728,956,581,955,948,752,949,1005,954,957,796,729,730,998,1004],"class_list":{"0":"post-2087","1":"product","2":"type-product","3":"status-publish","4":"has-post-thumbnail","6":"product_cat-meble-biurowe-zestawy","7":"product_cat-silver","8":"product_cat-silver-buk-bawaria","9":"product_cat-stoly-i-stolki","10":"product_tag-orzech-camaro","11":"product_tag-stolik-odnowa","12":"product_tag-stolik-okolicznosciowy","13":"product_tag-stolik-sto","14":"entry","16":"first","17":"instock","18":"shipping-taxable","19":"product-type-simple"},"_links":{"self":[{"href":"https:\/\/www.metal-styl.com\/index.php\/wp-json\/wp\/v2\/product\/2087","targetHints":{"allow":["GET"]}}],"collection":[{"href":"https:\/\/www.metal-styl.com\/index.php\/wp-json\/wp\/v2\/product"}],"about":[{"href":"https:\/\/www.metal-styl.com\/index.php\/wp-json\/wp\/v2\/types\/product"}],"replies":[{"embeddable":true,"href":"https:\/\/www.metal-styl.com\/index.php\/wp-json\/wp\/v2\/comments?post=2087"}],"version-history":[{"count":1,"href":"https:\/\/www.metal-styl.com\/index.php\/wp-json\/wp\/v2\/product\/2087\/revisions"}],"predecessor-version":[{"id":2134,"href":"https:\/\/www.metal-styl.com\/index.php\/wp-json\/wp\/v2\/product\/2087\/revisions\/2134"}],"wp:featuredmedia":[{"embeddable":true,"href":"https:\/\/www.metal-styl.com\/index.php\/wp-json\/wp\/v2\/media\/2133"}],"wp:attachment":[{"href":"https:\/\/www.metal-styl.com\/index.php\/wp-json\/wp\/v2\/media?parent=2087"}],"wp:term":[{"taxonomy":"product_cat","embeddable":true,"href":"https:\/\/www.metal-styl.com\/index.php\/wp-json\/wp\/v2\/product_cat?post=2087"},{"taxonomy":"product_tag","embeddable":true,"href":"https:\/\/www.metal-styl.com\/index.php\/wp-json\/wp\/v2\/product_tag?post=2087"},{"taxonomy":"yst_prominent_words","embeddable":true,"href":"https:\/\/www.metal-styl.com\/index.php\/wp-json\/wp\/v2\/yst_prominent_words?post=2087"}],"curies":[{"name":"wp","href":"https:\/\/api.w.org\/{rel}","templated":true}]}}