{"id":2091,"date":"2020-01-13T17:57:04","date_gmt":"2020-01-13T17:57:04","guid":{"rendered":"https:\/\/www.metal-styl.com\/?post_type=product&#038;p=2091"},"modified":"2020-02-23T18:03:30","modified_gmt":"2020-02-23T18:03:30","slug":"duzy-solidny-stol-konferencyjny-st-190-szer-1900mm-4","status":"publish","type":"product","link":"https:\/\/www.metal-styl.com\/index.php\/produkt\/duzy-solidny-stol-konferencyjny-st-190-szer-1900mm-4\/","title":{"rendered":"Du\u017cy solidny St\u00f3\u0142 konferencyjny ST-190 szer.1900mm"},"content":{"rendered":"<div id=\"idTab1\" class=\"rte\">\n<p><span style=\"color: #800000;\"><strong>Du\u017cy solidny St\u00f3\u0142 Konferencyjny o szeroko\u015bci 1900mm<\/strong><\/span><\/p>\n<div id=\"idTab1\" class=\"rte\">\n<p><strong>Wymiary: szer\/g\u0142\/wys 1900x900x740mm<\/strong><\/p>\n<p>Du\u017cy solidny St\u00f3\u0142 Konferencyjny<\/p>\n<p>Wyposa\u017cenie:- stopki poziomuj\u0105ce u\u0142atwiaj\u0105ce poziomowanie sto\u0142u na nier\u00f3wnej pod\u0142odze<\/p>\n<p><strong>\u00a0<span style=\"color: #800000;\">5 ZESTAW\u00d3W KOLORYSTYCZNYCH &#8211; JEDNA CENA!<\/span><\/strong><\/p>\n<p><span style=\"color: #800000;\"><strong>Niezale\u017cnie od tego jaki zestaw kolorystyczny wybierzesz, gwarantujemy jedn\u0105 sta\u0142\u0105 cen\u0119!<\/strong><\/span><\/p>\n<p><strong>Kolorystyka mebli do wyboru:<\/strong><\/p>\n<p style=\"text-align: center;\"><img decoding=\"async\" class=\"aligncenter\" title=\"Zestaw Orzech Camaro + Platyna\" src=\"http:\/\/www.sklep.metal-styl.com\/img\/cms\/orzech_platyna.jpg\" alt=\"Orzech_Camaro_Platyna\" width=\"60\" height=\"33\" \/> Orzech Camaro + Platyna<\/p>\n<p style=\"text-align: center;\"><img decoding=\"async\" class=\"aligncenter\" title=\"Buk Bawaria + Platyna\" src=\"http:\/\/www.sklep.metal-styl.com\/img\/cms\/bawaria_platyna.jpg\" alt=\"Buk_Bawaria_Platyna\" width=\"62\" height=\"31\" \/> Buk Bawaria + Platyna<\/p>\n<p style=\"text-align: center;\"><img decoding=\"async\" class=\"aligncenter\" src=\"http:\/\/www.sklep.metal-styl.com\/img\/cms\/gruszapolna_platyna.jpg\" alt=\"\" width=\"63\" height=\"31\" \/> Grusza Polna + Platyna<\/p>\n<p style=\"text-align: center;\"><img loading=\"lazy\" decoding=\"async\" class=\"aligncenter\" src=\"http:\/\/www.sklep.metal-styl.com\/img\/cms\/bukbawaria.jpg\" alt=\"\" width=\"32\" height=\"32\" \/> Buk Bawaria<\/p>\n<p style=\"text-align: center;\"><img loading=\"lazy\" decoding=\"async\" class=\"aligncenter\" src=\"http:\/\/www.sklep.metal-styl.com\/img\/cms\/gruszapolna.jpg\" alt=\"\" width=\"31\" height=\"31\" \/> Grusza Polna<\/p>\n<p>&#8211; wyprodukowane na bazie wysokiej jako\u015bci melaminowanych p\u0142yt wi\u00f3rowych.<\/p>\n<p>&#8211; W\u0105skie p\u0142aszczyzny element\u00f3w meblowych starannie wyko\u0144czone obrze\u017cem PCV.<\/p>\n<p>&#8211; Dekoracyjne elementy pokryte s\u0105 laminatami<\/p>\n<p>&#8211; Solidny wytrzyma\u0142y blat o grubo\u015bci 22mm.<\/p>\n<p>&#8211; Stopka regulacyjna, dzi\u0119ki kt\u00f3rej w \u0142atwy spos\u00f3b wyregulujesz ustawienie biurka w przypadku nier\u00f3wnej pod\u0142ogi.\u00a0 <img loading=\"lazy\" decoding=\"async\" class=\"aligncenter\" src=\"http:\/\/www.sklep.metal-styl.com\/img\/cms\/stopka_regulacyjna.jpg\" alt=\"\" width=\"150\" height=\"113\" \/><\/p>\n<p>&#8211; Szafa posiada Atest ekologiczny E1 potwierdzony przez Akademi\u0119 Medyczn\u0105 w Gda\u0144sku.<\/p>\n<p>&#8211; Zastosowane obrze\u017ca meblowe posiadaj\u0105 atest Higieniczny potwierdzony przez Narodowy Instytut Zdrowia Publicznego<\/p>\n<p>Termin realizacji: 2-10 dni roboczych w zale\u017cno\u015bci od dost\u0119pno\u015bci produktu oraz kolorystyki. W celu ustalenia terminu realizacji zam\u00f3wienia ka\u017cdorazowo prosimy o kontakt z biurem.<\/p>\n<\/div>\n<\/div>\n","protected":false},"excerpt":{"rendered":"<p><strong>Wymiary: szer\/g\u0142\/wys 1900x900x740mm<\/strong><\/p>\n","protected":false},"featured_media":2141,"comment_status":"open","ping_status":"closed","template":"","meta":[],"product_cat":[22,1284,1287],"product_tag":[782,785,737,992,991,783,771,990,769],"yst_prominent_words":[728,956,955,948,772,988,986,985,752,949,776,958,954,957,729,984,989,987,572,775],"class_list":{"0":"post-2091","1":"product","2":"type-product","3":"status-publish","4":"has-post-thumbnail","6":"product_cat-meble-biurowe-zestawy","7":"product_cat-silver-buk-bawaria","8":"product_cat-stoly-i-stolki","9":"product_tag-duzy-stol-konferencyjny","10":"product_tag-meble-konferencyjne","11":"product_tag-meble-odnowa","12":"product_tag-solidny-stol-konferencyjny","13":"product_tag-st-190","14":"product_tag-stol-konferencyjny","15":"product_tag-stol-odnowa","16":"product_tag-stol-st-190","17":"product_tag-stolik-biurowy","18":"entry","20":"first","21":"instock","22":"shipping-taxable","23":"product-type-simple"},"_links":{"self":[{"href":"https:\/\/www.metal-styl.com\/index.php\/wp-json\/wp\/v2\/product\/2091","targetHints":{"allow":["GET"]}}],"collection":[{"href":"https:\/\/www.metal-styl.com\/index.php\/wp-json\/wp\/v2\/product"}],"about":[{"href":"https:\/\/www.metal-styl.com\/index.php\/wp-json\/wp\/v2\/types\/product"}],"replies":[{"embeddable":true,"href":"https:\/\/www.metal-styl.com\/index.php\/wp-json\/wp\/v2\/comments?post=2091"}],"version-history":[{"count":3,"href":"https:\/\/www.metal-styl.com\/index.php\/wp-json\/wp\/v2\/product\/2091\/revisions"}],"predecessor-version":[{"id":3012,"href":"https:\/\/www.metal-styl.com\/index.php\/wp-json\/wp\/v2\/product\/2091\/revisions\/3012"}],"wp:featuredmedia":[{"embeddable":true,"href":"https:\/\/www.metal-styl.com\/index.php\/wp-json\/wp\/v2\/media\/2141"}],"wp:attachment":[{"href":"https:\/\/www.metal-styl.com\/index.php\/wp-json\/wp\/v2\/media?parent=2091"}],"wp:term":[{"taxonomy":"product_cat","embeddable":true,"href":"https:\/\/www.metal-styl.com\/index.php\/wp-json\/wp\/v2\/product_cat?post=2091"},{"taxonomy":"product_tag","embeddable":true,"href":"https:\/\/www.metal-styl.com\/index.php\/wp-json\/wp\/v2\/product_tag?post=2091"},{"taxonomy":"yst_prominent_words","embeddable":true,"href":"https:\/\/www.metal-styl.com\/index.php\/wp-json\/wp\/v2\/yst_prominent_words?post=2091"}],"curies":[{"name":"wp","href":"https:\/\/api.w.org\/{rel}","templated":true}]}}

Duży solidny Stół konferencyjny ST-190 szer.1900mm

<div id="idTab1" class="rte">
<p><span style="color: #800000;"><strong>Duży solidny Stół Konferencyjny o szerokości 1900mm</strong></span></p>
<div id="idTab1" class="rte">
<p><strong>Wymiary: szer/gł/wys 1900x900x740mm</strong></p>
<p>Duży solidny Stół Konferencyjny</p>
<p>Wyposażenie:- stopki poziomujące ułatwiające poziomowanie stołu na nierównej podłodze</p>
<p><strong> <span style="color: #800000;">5 ZESTAWÓW KOLORYSTYCZNYCH &#8211; JEDNA CENA!</span></strong></p>
<p><span style="color: #800000;"><strong>Niezależnie od tego jaki zestaw kolorystyczny wybierzesz, gwarantujemy jedną stałą cenę!</strong></span></p>
<p><strong>Kolorystyka mebli do wyboru:</strong></p>
<p style="text-align: center;"><img decoding="async" class="aligncenter" title="Zestaw Orzech Camaro + Platyna" src="http://www.sklep.metal-styl.com/img/cms/orzech_platyna.jpg" alt="Orzech_Camaro_Platyna" width="60" height="33" /> Orzech Camaro + Platyna</p>
<p style="text-align: center;"><img decoding="async" class="aligncenter" title="Buk Bawaria + Platyna" src="http://www.sklep.metal-styl.com/img/cms/bawaria_platyna.jpg" alt="Buk_Bawaria_Platyna" width="62" height="31" /> Buk Bawaria + Platyna</p>
<p style="text-align: center;"><img decoding="async" class="aligncenter" src="http://www.sklep.metal-styl.com/img/cms/gruszapolna_platyna.jpg" alt="" width="63" height="31" /> Grusza Polna + Platyna</p>
<p style="text-align: center;"><img loading="lazy" decoding="async" class="aligncenter" src="http://www.sklep.metal-styl.com/img/cms/bukbawaria.jpg" alt="" width="32" height="32" /> Buk Bawaria</p>
<p style="text-align: center;"><img loading="lazy" decoding="async" class="aligncenter" src="http://www.sklep.metal-styl.com/img/cms/gruszapolna.jpg" alt="" width="31" height="31" /> Grusza Polna</p>
<p>&#8211; wyprodukowane na bazie wysokiej jakości melaminowanych płyt wiórowych.</p>
<p>&#8211; Wąskie płaszczyzny elementów meblowych starannie wykończone obrzeżem PCV.</p>
<p>&#8211; Dekoracyjne elementy pokryte są laminatami</p>
<p>&#8211; Solidny wytrzymały blat o grubości 22mm.</p>
<p>&#8211; Stopka regulacyjna, dzięki której w łatwy sposób wyregulujesz ustawienie biurka w przypadku nierównej podłogi.  <img loading="lazy" decoding="async" class="aligncenter" src="http://www.sklep.metal-styl.com/img/cms/stopka_regulacyjna.jpg" alt="" width="150" height="113" /></p>
<p>&#8211; Szafa posiada Atest ekologiczny E1 potwierdzony przez Akademię Medyczną w Gdańsku.</p>
<p>&#8211; Zastosowane obrzeża meblowe posiadają atest Higieniczny potwierdzony przez Narodowy Instytut Zdrowia Publicznego</p>
<p>Termin realizacji: 2-10 dni roboczych w zależności od dostępności produktu oraz kolorystyki. W celu ustalenia terminu realizacji zamówienia każdorazowo prosimy o kontakt z biurem.</p>
</div>
</div>

<p><strong>Wymiary: szer/gł/wys 1900x900x740mm</strong></p>
