{"id":2424,"date":"2020-01-14T14:50:51","date_gmt":"2020-01-14T14:50:51","guid":{"rendered":"https:\/\/www.metal-styl.com\/?post_type=product&#038;p=2424"},"modified":"2020-01-14T14:58:56","modified_gmt":"2020-01-14T14:58:56","slug":"dostawka-lada-recepcyjna-dr-160-szer-1600mm-5","status":"publish","type":"product","link":"https:\/\/www.metal-styl.com\/index.php\/produkt\/dostawka-lada-recepcyjna-dr-160-szer-1600mm-5\/","title":{"rendered":"Dostawka lada Recepcyjna DR-160 szer.1600mm"},"content":{"rendered":"<p><span style=\"color: #800000;\"><strong>Lada Recepcyjna DR-160 szer. 1600mm<\/strong><\/span><\/p>\n<p>Wymiary: szer\/g\u0142\/wys 1600x360x1100mm<\/p>\n<p>Lada recepcyjna &#8211; prosta<\/p>\n<p>&#8211; dostawka recepcyjna dostawiona od frontu do odpowiednio dobranego wymiarowo biurka B-80 do B-160 systemu Silver utworzy lad\u0119 recepcyjn\u0105<\/p>\n<p>&#8211; dostawka posiada g\u00f3rny blat w kszta\u0142cie prostok\u0105tnym<\/p>\n<div id=\"center_column\">\n<div id=\"more_info_block\" class=\"clear\">\n<div id=\"more_info_sheets\" class=\"sheets align_justify\">\n<div id=\"idTab1\" class=\"rte\">\n<div id=\"idTab1\" class=\"rte\">\n<p>Wyposa\u017cenie:<\/p>\n<p>&#8211; dostawka posiada chromowane regulatory poziomu w zakresie do 15mm kt\u00f3re s\u0142u\u017c\u0105 do dopasowania wysoko\u015bci do wybranego biurka.<\/p>\n<\/div>\n<div class=\"rte\">\n<p><span style=\"color: #800000;\"><strong>5 ZESTAW\u00d3W KOLORYSTYCZNYCH &#8211; JEDNA CENA!<\/strong><\/span><span style=\"color: #800000;\"><strong>Niezale\u017cnie od tego jaki zestaw kolorystyczny wybierzesz, gwarantujemy jedn\u0105 sta\u0142\u0105 cen\u0119!<\/strong><\/span><\/p>\n<p><strong>Kolorystyka mebli do wyboru:<\/strong><\/p>\n<p style=\"text-align: center;\"><img decoding=\"async\" class=\"aligncenter\" title=\"Zestaw Orzech Camaro + Platyna\" src=\"http:\/\/www.sklep.metal-styl.com\/img\/cms\/orzech_platyna.jpg\" alt=\"Orzech_Camaro_Platyna\" width=\"60\" height=\"33\" \/> Orzech Camaro + Platyna<\/p>\n<p style=\"text-align: center;\"><img decoding=\"async\" class=\"aligncenter\" title=\"Buk Bawaria + Platyna\" src=\"http:\/\/www.sklep.metal-styl.com\/img\/cms\/bawaria_platyna.jpg\" alt=\"Buk_Bawaria_Platyna\" width=\"62\" height=\"31\" \/> Buk Bawaria + Platyna<\/p>\n<p style=\"text-align: center;\"><img decoding=\"async\" class=\"aligncenter\" src=\"http:\/\/www.sklep.metal-styl.com\/img\/cms\/gruszapolna_platyna.jpg\" alt=\"\" width=\"63\" height=\"31\" \/> Grusza Polna + Platyna<\/p>\n<p style=\"text-align: center;\"><img loading=\"lazy\" decoding=\"async\" class=\"aligncenter\" src=\"http:\/\/www.sklep.metal-styl.com\/img\/cms\/bukbawaria.jpg\" alt=\"\" width=\"32\" height=\"32\" \/> Buk Bawaria<\/p>\n<p style=\"text-align: center;\"><img loading=\"lazy\" decoding=\"async\" class=\"aligncenter\" src=\"http:\/\/www.sklep.metal-styl.com\/img\/cms\/gruszapolna.jpg\" alt=\"\" width=\"31\" height=\"31\" \/> Grusza Polna<\/p>\n<p>&#8211; Biurko wyprodukowane na bazie wysokiej jako\u015bci melaminowanych p\u0142yt wi\u00f3rowych.<\/p>\n<p>&#8211; W\u0105skie p\u0142aszczyzny element\u00f3w meblowych starannie wyko\u0144czone obrze\u017cem PCV.<\/p>\n<p>&#8211; Solidny wytrzyma\u0142y blat o grubo\u015bci 22mm.<\/p>\n<p>&#8211; Szafa posiada Atest ekologiczny E1 potwierdzony przez Akademi\u0119 Medyczn\u0105 w Gda\u0144sku.<\/p>\n<p>&#8211; Zastosowane obrze\u017ca meblowe posiadaj\u0105 atest Higieniczny potwierdzony przez Narodowy Instytut Zdrowia Publicznego<\/p>\n<p>Termin realizacji: 2-10 dni roboczych w zale\u017cno\u015bci od dost\u0119pno\u015bci produktu oraz kolorystyki. W celu ustalenia terminu realizacji zam\u00f3wienia ka\u017cdorazowo prosimy o kontakt z biurem.<\/p>\n<\/div>\n<\/div>\n<\/div>\n<\/div>\n<\/div>\n","protected":false},"excerpt":{"rendered":"<p>Wymiary: szer\/g\u0142\/wys 1600x360x1100mm<\/p>\n","protected":false},"featured_media":2452,"comment_status":"open","ping_status":"closed","template":"","meta":[],"product_cat":[1300,1302,22,24,1283],"product_tag":[757,1060,758,1064,755,737],"yst_prominent_words":[728,956,694,581,955,948,788,1058,752,949,740,739,954,957,796,729,730,741],"class_list":{"0":"post-2424","1":"product","2":"type-product","3":"status-publish","4":"has-post-thumbnail","6":"product_cat-dostawki-silver-grusza-szara-platyna","7":"product_cat-lady-recepcyjne-silver-grusza-szara-platyna","8":"product_cat-meble-biurowe-zestawy","9":"product_cat-silver","10":"product_cat-silver-grusza-szara-platyna","11":"product_tag-biurko-lada","12":"product_tag-dostawka-biurka","13":"product_tag-grusza-jasna-antracyt","14":"product_tag-lada-dr-160","15":"product_tag-lada-recepcyjna","16":"product_tag-meble-odnowa","17":"entry","19":"first","20":"instock","21":"shipping-taxable","22":"product-type-simple"},"_links":{"self":[{"href":"https:\/\/www.metal-styl.com\/index.php\/wp-json\/wp\/v2\/product\/2424","targetHints":{"allow":["GET"]}}],"collection":[{"href":"https:\/\/www.metal-styl.com\/index.php\/wp-json\/wp\/v2\/product"}],"about":[{"href":"https:\/\/www.metal-styl.com\/index.php\/wp-json\/wp\/v2\/types\/product"}],"replies":[{"embeddable":true,"href":"https:\/\/www.metal-styl.com\/index.php\/wp-json\/wp\/v2\/comments?post=2424"}],"version-history":[{"count":1,"href":"https:\/\/www.metal-styl.com\/index.php\/wp-json\/wp\/v2\/product\/2424\/revisions"}],"predecessor-version":[{"id":2453,"href":"https:\/\/www.metal-styl.com\/index.php\/wp-json\/wp\/v2\/product\/2424\/revisions\/2453"}],"wp:featuredmedia":[{"embeddable":true,"href":"https:\/\/www.metal-styl.com\/index.php\/wp-json\/wp\/v2\/media\/2452"}],"wp:attachment":[{"href":"https:\/\/www.metal-styl.com\/index.php\/wp-json\/wp\/v2\/media?parent=2424"}],"wp:term":[{"taxonomy":"product_cat","embeddable":true,"href":"https:\/\/www.metal-styl.com\/index.php\/wp-json\/wp\/v2\/product_cat?post=2424"},{"taxonomy":"product_tag","embeddable":true,"href":"https:\/\/www.metal-styl.com\/index.php\/wp-json\/wp\/v2\/product_tag?post=2424"},{"taxonomy":"yst_prominent_words","embeddable":true,"href":"https:\/\/www.metal-styl.com\/index.php\/wp-json\/wp\/v2\/yst_prominent_words?post=2424"}],"curies":[{"name":"wp","href":"https:\/\/api.w.org\/{rel}","templated":true}]}}

<p><span style="color: #800000;"><strong>Lada Recepcyjna DR-160 szer. 1600mm</strong></span></p>
<p>Wymiary: szer/gł/wys 1600x360x1100mm</p>
<p>Lada recepcyjna &#8211; prosta</p>
<p>&#8211; dostawka recepcyjna dostawiona od frontu do odpowiednio dobranego wymiarowo biurka B-80 do B-160 systemu Silver utworzy ladę recepcyjną</p>
<p>&#8211; dostawka posiada górny blat w kształcie prostokątnym</p>
<div id="center_column">
<div id="more_info_block" class="clear">
<div id="more_info_sheets" class="sheets align_justify">
<div id="idTab1" class="rte">
<div id="idTab1" class="rte">
<p>Wyposażenie:</p>
<p>&#8211; dostawka posiada chromowane regulatory poziomu w zakresie do 15mm które służą do dopasowania wysokości do wybranego biurka.</p>
</div>
<div class="rte">
<p><span style="color: #800000;"><strong>5 ZESTAWÓW KOLORYSTYCZNYCH &#8211; JEDNA CENA!</strong></span><span style="color: #800000;"><strong>Niezależnie od tego jaki zestaw kolorystyczny wybierzesz, gwarantujemy jedną stałą cenę!</strong></span></p>
<p><strong>Kolorystyka mebli do wyboru:</strong></p>
<p style="text-align: center;"><img decoding="async" class="aligncenter" title="Zestaw Orzech Camaro + Platyna" src="http://www.sklep.metal-styl.com/img/cms/orzech_platyna.jpg" alt="Orzech_Camaro_Platyna" width="60" height="33" /> Orzech Camaro + Platyna</p>
<p style="text-align: center;"><img decoding="async" class="aligncenter" title="Buk Bawaria + Platyna" src="http://www.sklep.metal-styl.com/img/cms/bawaria_platyna.jpg" alt="Buk_Bawaria_Platyna" width="62" height="31" /> Buk Bawaria + Platyna</p>
<p style="text-align: center;"><img decoding="async" class="aligncenter" src="http://www.sklep.metal-styl.com/img/cms/gruszapolna_platyna.jpg" alt="" width="63" height="31" /> Grusza Polna + Platyna</p>
<p style="text-align: center;"><img loading="lazy" decoding="async" class="aligncenter" src="http://www.sklep.metal-styl.com/img/cms/bukbawaria.jpg" alt="" width="32" height="32" /> Buk Bawaria</p>
<p style="text-align: center;"><img loading="lazy" decoding="async" class="aligncenter" src="http://www.sklep.metal-styl.com/img/cms/gruszapolna.jpg" alt="" width="31" height="31" /> Grusza Polna</p>
<p>&#8211; Biurko wyprodukowane na bazie wysokiej jakości melaminowanych płyt wiórowych.</p>
<p>&#8211; Wąskie płaszczyzny elementów meblowych starannie wykończone obrzeżem PCV.</p>
<p>&#8211; Solidny wytrzymały blat o grubości 22mm.</p>
<p>&#8211; Szafa posiada Atest ekologiczny E1 potwierdzony przez Akademię Medyczną w Gdańsku.</p>
<p>&#8211; Zastosowane obrzeża meblowe posiadają atest Higieniczny potwierdzony przez Narodowy Instytut Zdrowia Publicznego</p>
<p>Termin realizacji: 2-10 dni roboczych w zależności od dostępności produktu oraz kolorystyki. W celu ustalenia terminu realizacji zamówienia każdorazowo prosimy o kontakt z biurem.</p>
</div>
</div>
</div>
</div>
</div>

<p>Wymiary: szer/gł/wys 1600x360x1100mm</p>
