{"id":2651,"date":"2020-01-14T20:23:52","date_gmt":"2020-01-14T20:23:52","guid":{"rendered":"https:\/\/www.metal-styl.com\/?post_type=product&#038;p=2651"},"modified":"2020-01-14T20:48:42","modified_gmt":"2020-01-14T20:48:42","slug":"szafka-przedszkolna-na-laweczce-5-drzwiowa-sup-110","status":"publish","type":"product","link":"https:\/\/www.metal-styl.com\/index.php\/produkt\/szafka-przedszkolna-na-laweczce-5-drzwiowa-sup-110\/","title":{"rendered":"Szafka przedszkolna na \u0142aweczce 5-drzwiowa SUP-110"},"content":{"rendered":"<p><span style=\"color: #800000;\"><strong>Szafka przedszkolna na \u0142aweczce 5-drzwiowa SUP-110<\/strong><\/span><\/p>\n<p><strong>Wymiary: wys\/szer\/g\u0142 1100x1000x490mm<\/strong><\/p>\n<p>Opis:<\/p>\n<p>&#8211; ka\u017cda komora jest wyposa\u017cona w g\u00f3rn\u0105 p\u00f3\u0142k\u0119 i dr\u0105\u017cek z haczykami<\/p>\n<p>&#8211; drzwiczki s\u0105 zamykane na cylindryczny zamek patentowy z dwoma kluczykami w komplecie<\/p>\n<p>&#8211; ka\u017cde drzwiczki malowane na inny kolor: RAL 1018 (\u017c\u00f3\u0142ty), RAL 3000 (czerwony), RAL 1015 (be\u017cowy), RAL 6029 (zielony), RAL 5010 (niebieski)<\/p>\n<p>&#8211; na g\u00f3rze i na dole drzwiczek s\u0105 wywietrzniki<\/p>\n<p>&#8211; drzwiczki maj\u0105 wyt\u0142oczony wizytownik umo\u017cliwiaj\u0105cy oznakowanie zawarto\u015bci szafki<\/p>\n<p>&#8211; bezp\u0142atna mo\u017cliwo\u015b\u0107 zamontowania systemu MASTER KEY<\/p>\n","protected":false},"excerpt":{"rendered":"<p><strong>Wymiary: wys\/szer\/g\u0142 1100x1000x490mm<\/strong><\/p>\n","protected":false},"featured_media":2652,"comment_status":"open","ping_status":"closed","template":"","meta":[],"product_cat":[26,43,44],"product_tag":[1321,1320,1315,1316,1319,1318,1317],"yst_prominent_words":[1314,394],"class_list":{"0":"post-2651","1":"product","2":"type-product","3":"status-publish","4":"has-post-thumbnail","6":"product_cat-meble-biurowe-metalowe","7":"product_cat-meble-szkolne","8":"product_cat-szafki-szkolne","9":"product_tag-su-01051l","10":"product_tag-sup-110","11":"product_tag-szafa-szolna","12":"product_tag-szafk-aszkolna","13":"product_tag-szafka-metalowa-4-drzwiowa","14":"product_tag-szafka-przedszkolna","15":"product_tag-szafka-ubraniowa","16":"entry","18":"first","19":"instock","20":"shipping-taxable","21":"product-type-simple"},"_links":{"self":[{"href":"https:\/\/www.metal-styl.com\/index.php\/wp-json\/wp\/v2\/product\/2651","targetHints":{"allow":["GET"]}}],"collection":[{"href":"https:\/\/www.metal-styl.com\/index.php\/wp-json\/wp\/v2\/product"}],"about":[{"href":"https:\/\/www.metal-styl.com\/index.php\/wp-json\/wp\/v2\/types\/product"}],"replies":[{"embeddable":true,"href":"https:\/\/www.metal-styl.com\/index.php\/wp-json\/wp\/v2\/comments?post=2651"}],"version-history":[{"count":1,"href":"https:\/\/www.metal-styl.com\/index.php\/wp-json\/wp\/v2\/product\/2651\/revisions"}],"predecessor-version":[{"id":2653,"href":"https:\/\/www.metal-styl.com\/index.php\/wp-json\/wp\/v2\/product\/2651\/revisions\/2653"}],"wp:featuredmedia":[{"embeddable":true,"href":"https:\/\/www.metal-styl.com\/index.php\/wp-json\/wp\/v2\/media\/2652"}],"wp:attachment":[{"href":"https:\/\/www.metal-styl.com\/index.php\/wp-json\/wp\/v2\/media?parent=2651"}],"wp:term":[{"taxonomy":"product_cat","embeddable":true,"href":"https:\/\/www.metal-styl.com\/index.php\/wp-json\/wp\/v2\/product_cat?post=2651"},{"taxonomy":"product_tag","embeddable":true,"href":"https:\/\/www.metal-styl.com\/index.php\/wp-json\/wp\/v2\/product_tag?post=2651"},{"taxonomy":"yst_prominent_words","embeddable":true,"href":"https:\/\/www.metal-styl.com\/index.php\/wp-json\/wp\/v2\/yst_prominent_words?post=2651"}],"curies":[{"name":"wp","href":"https:\/\/api.w.org\/{rel}","templated":true}]}}

Szafka przedszkolna na ławeczce 5-drzwiowa SUP-110

<p><span style="color: #800000;"><strong>Szafka przedszkolna na ławeczce 5-drzwiowa SUP-110</strong></span></p>
<p><strong>Wymiary: wys/szer/gł 1100x1000x490mm</strong></p>
<p>Opis:</p>
<p>&#8211; każda komora jest wyposażona w górną półkę i drążek z haczykami</p>
<p>&#8211; drzwiczki są zamykane na cylindryczny zamek patentowy z dwoma kluczykami w komplecie</p>
<p>&#8211; każde drzwiczki malowane na inny kolor: RAL 1018 (żółty), RAL 3000 (czerwony), RAL 1015 (beżowy), RAL 6029 (zielony), RAL 5010 (niebieski)</p>
<p>&#8211; na górze i na dole drzwiczek są wywietrzniki</p>
<p>&#8211; drzwiczki mają wytłoczony wizytownik umożliwiający oznakowanie zawartości szafki</p>
<p>&#8211; bezpłatna możliwość zamontowania systemu MASTER KEY</p>

<p><strong>Wymiary: wys/szer/gł 1100x1000x490mm</strong></p>
