{"id":2687,"date":"2020-01-15T09:13:48","date_gmt":"2020-01-15T09:13:48","guid":{"rendered":"https:\/\/www.metal-styl.com\/?post_type=product&#038;p=2687"},"modified":"2020-01-15T11:25:19","modified_gmt":"2020-01-15T11:25:19","slug":"szafka-szkolna-3-komorowa-z-daszkiem-prostym-su-731","status":"publish","type":"product","link":"https:\/\/www.metal-styl.com\/index.php\/produkt\/szafka-szkolna-3-komorowa-z-daszkiem-prostym-su-731\/","title":{"rendered":"Szafka szkolna 3-komorowa z daszkiem prostym SU-731"},"content":{"rendered":"<p><span style=\"color: #800000;\"><strong>Szafka szkolna 3-komorowa z daszkiem prostym SU-731<br \/>\n<\/strong><\/span><\/p>\n<p><strong>Wymiary: wys\/szer\/g\u0142 1830x750x490mm<\/strong><\/p>\n<p>Szafki szkolne ubraniowo-skrytkowe z jednym poziomem skrytek przeznaczone do wyposa\u017cenia szatni w szko\u0142ach, przedszkolach, halach sportowych, itp.<\/p>\n<p>Opis:<\/p>\n<p>&#8211; ka\u017cda komora jest wyposa\u017cona w g\u00f3rn\u0105 p\u00f3\u0142k\u0119 i dr\u0105\u017cek z haczykami. Wewn\u0119trzna szeroko\u015b\u0107 ka\u017cdej z nich to 250mm<\/p>\n<p>&#8211; drzwiczki zamykane s\u0105 cylindrycznym jednopunktowym zamkiem patentowym z dwoma kluczykami w komplecie. Po otwarciu zamka drzwiczki ka\u017cdej komory otwieraj\u0105 si\u0119 w praw\u0105 stron\u0119<\/p>\n<p>&#8211; ka\u017cde drzwi w g\u00f3rnej i dolnej cz\u0119\u015bci posiadaj\u0105 wywietrzniki w postaci perforacji otworowej<\/p>\n<p>&#8211; na ka\u017cdych drzwiczkach wyt\u0142oczone jest miejsce na wizytownik<\/p>\n<p><strong>Istnieje mo\u017cliwo\u015b\u0107 dodatkowego wyposa\u017cenia: <\/strong><\/p>\n<p>&#8211; zam\u00f3wienia do szafek \u0142awek sta\u0142ych lub wysuwanych<br \/>\n&#8211; zamontowania zamk\u00f3w przystosowanych do zamykania na k\u0142\u00f3dk\u0119<br \/>\n&#8211; wykonania szafek z daszkiem sko\u015bnym<\/p>\n<p>Szafa malowana trwa\u0142ymi farbami proszkowymi w kolorze wg Palety RAL<\/p>\n<p>Oferta cenowa dotyczy koloru: Ral 7035 popielato-platynowy<\/p>\n<p>Istnieje mo\u017cliwo\u015b\u0107 malowania szaf w innym kolorze lub w dw\u00f3ch kolorach.<\/p>\n<p>Mo\u017cliwo\u015b\u0107 wykonania szafy w innych rozmiarach w innych kolorach oraz wg indywidualnych potrzeb klienta. W celu wyceny prosimy o przes\u0142anie do nas maila na adres biuro@metal-styl.com z zapytaniem ofertowym oraz przedstawieniem Pa\u0144stwa potrzeb i oczekiwa\u0144 wobec produktu.<\/p>\n","protected":false},"excerpt":{"rendered":"<p><strong>Wymiary: wys\/szer\/g\u0142 1830x750x490mm<\/strong><\/p>\n","protected":false},"featured_media":2722,"comment_status":"open","ping_status":"closed","template":"","meta":[],"product_cat":[26,43,44],"product_tag":[1381,1315,1316,1384,1318,1382,1383,1317],"yst_prominent_words":[1333,1314,449,444,493,409,450,395,394,1357,393,1358,1336],"class_list":{"0":"post-2687","1":"product","2":"type-product","3":"status-publish","4":"has-post-thumbnail","6":"product_cat-meble-biurowe-metalowe","7":"product_cat-meble-szkolne","8":"product_cat-szafki-szkolne","9":"product_tag-su-731","10":"product_tag-szafa-szolna","11":"product_tag-szafk-aszkolna","12":"product_tag-szafka-metalowa-3-drzwiowa","13":"product_tag-szafka-przedszkolna","14":"product_tag-szafka-szkolna-3-drzwiowa","15":"product_tag-szafka-szkolna-3-komorowa","16":"product_tag-szafka-ubraniowa","17":"entry","19":"first","20":"instock","21":"shipping-taxable","22":"product-type-simple"},"_links":{"self":[{"href":"https:\/\/www.metal-styl.com\/index.php\/wp-json\/wp\/v2\/product\/2687","targetHints":{"allow":["GET"]}}],"collection":[{"href":"https:\/\/www.metal-styl.com\/index.php\/wp-json\/wp\/v2\/product"}],"about":[{"href":"https:\/\/www.metal-styl.com\/index.php\/wp-json\/wp\/v2\/types\/product"}],"replies":[{"embeddable":true,"href":"https:\/\/www.metal-styl.com\/index.php\/wp-json\/wp\/v2\/comments?post=2687"}],"version-history":[{"count":1,"href":"https:\/\/www.metal-styl.com\/index.php\/wp-json\/wp\/v2\/product\/2687\/revisions"}],"predecessor-version":[{"id":2691,"href":"https:\/\/www.metal-styl.com\/index.php\/wp-json\/wp\/v2\/product\/2687\/revisions\/2691"}],"wp:featuredmedia":[{"embeddable":true,"href":"https:\/\/www.metal-styl.com\/index.php\/wp-json\/wp\/v2\/media\/2722"}],"wp:attachment":[{"href":"https:\/\/www.metal-styl.com\/index.php\/wp-json\/wp\/v2\/media?parent=2687"}],"wp:term":[{"taxonomy":"product_cat","embeddable":true,"href":"https:\/\/www.metal-styl.com\/index.php\/wp-json\/wp\/v2\/product_cat?post=2687"},{"taxonomy":"product_tag","embeddable":true,"href":"https:\/\/www.metal-styl.com\/index.php\/wp-json\/wp\/v2\/product_tag?post=2687"},{"taxonomy":"yst_prominent_words","embeddable":true,"href":"https:\/\/www.metal-styl.com\/index.php\/wp-json\/wp\/v2\/yst_prominent_words?post=2687"}],"curies":[{"name":"wp","href":"https:\/\/api.w.org\/{rel}","templated":true}]}}

<p><span style="color: #800000;"><strong>Szafka szkolna 3-komorowa z daszkiem prostym SU-731<br />
</strong></span></p>
<p><strong>Wymiary: wys/szer/gł 1830x750x490mm</strong></p>
<p>Szafki szkolne ubraniowo-skrytkowe z jednym poziomem skrytek przeznaczone do wyposażenia szatni w szkołach, przedszkolach, halach sportowych, itp.</p>
<p>Opis:</p>
<p>&#8211; każda komora jest wyposażona w górną półkę i drążek z haczykami. Wewnętrzna szerokość każdej z nich to 250mm</p>
<p>&#8211; drzwiczki zamykane są cylindrycznym jednopunktowym zamkiem patentowym z dwoma kluczykami w komplecie. Po otwarciu zamka drzwiczki każdej komory otwierają się w prawą stronę</p>
<p>&#8211; każde drzwi w górnej i dolnej części posiadają wywietrzniki w postaci perforacji otworowej</p>
<p>&#8211; na każdych drzwiczkach wytłoczone jest miejsce na wizytownik</p>
<p><strong>Istnieje możliwość dodatkowego wyposażenia: </strong></p>
<p>&#8211; zamówienia do szafek ławek stałych lub wysuwanych<br />
&#8211; zamontowania zamków przystosowanych do zamykania na kłódkę<br />
&#8211; wykonania szafek z daszkiem skośnym</p>
<p>Szafa malowana trwałymi farbami proszkowymi w kolorze wg Palety RAL</p>
<p>Oferta cenowa dotyczy koloru: Ral 7035 popielato-platynowy</p>
<p>Istnieje możliwość malowania szaf w innym kolorze lub w dwóch kolorach.</p>
<p>Możliwość wykonania szafy w innych rozmiarach w innych kolorach oraz wg indywidualnych potrzeb klienta. W celu wyceny prosimy o przesłanie do nas maila na adres biuro@metal-styl.com z zapytaniem ofertowym oraz przedstawieniem Państwa potrzeb i oczekiwań wobec produktu.</p>

<p><strong>Wymiary: wys/szer/gł 1830x750x490mm</strong></p>
