{"id":2807,"date":"2020-02-09T17:44:12","date_gmt":"2020-02-09T17:44:12","guid":{"rendered":"https:\/\/www.metal-styl.com\/?post_type=product&#038;p=2807"},"modified":"2020-02-24T13:18:57","modified_gmt":"2020-02-24T13:18:57","slug":"regaly-magazynowe-70kg-p","status":"publish","type":"product","link":"https:\/\/www.metal-styl.com\/index.php\/produkt\/regaly-magazynowe-70kg-p\/","title":{"rendered":"REGA\u0141Y MAGAZYNOWE O NO\u015aNO\u015aCI 70KG\/P\u00d3\u0141K\u0118"},"content":{"rendered":"<p><strong>REGA\u0141Y MAGAZYNOWE O NO\u015aNO\u015aCI 70KG\/P\u00d3\u0141K\u0118<\/strong><\/p>\n<table width=\"666\">\n<tbody>\n<tr>\n<td style=\"text-align: right;\" width=\"104\"><strong>RM209460570<\/strong><\/td>\n<td width=\"312\"><strong>Rega\u0142 skr\u0119cany wys\/szer\/g\u0142 2000<\/strong><strong>x940x600 \/ 5p 70kg<\/strong><\/td>\n<\/tr>\n<tr>\n<td style=\"text-align: right;\" width=\"104\"><strong>RM209470570<\/strong><\/td>\n<td width=\"312\"><strong>Rega\u0142 skr\u0119cany wys\/szer\/g\u0142 2000<\/strong><strong>x940x700 \/ 5p 70kg<\/strong><\/td>\n<\/tr>\n<tr>\n<td style=\"text-align: right;\" width=\"104\"><strong>RM209480570<\/strong><\/td>\n<td width=\"312\"><strong>Rega\u0142 skr\u0119cany wys\/szer\/g\u0142 2000<\/strong><strong>x940x800 \/ 5p 70kg<\/strong><\/td>\n<\/tr>\n<tr>\n<td style=\"text-align: right;\" width=\"104\"><strong>RM259460570<\/strong><\/td>\n<td width=\"312\"><strong>Rega\u0142 skr\u0119cany wys\/szer\/g\u0142 2500<\/strong><strong>x940x600 \/ 5p 70kg<\/strong><\/td>\n<\/tr>\n<tr>\n<td style=\"text-align: right;\" width=\"104\"><strong>RM259470570<\/strong><\/td>\n<td width=\"312\"><strong>Rega\u0142 skr\u0119cany wys\/szer\/g\u0142 2500<\/strong><strong>x940x700 \/ 5p 70kg<\/strong><\/td>\n<\/tr>\n<tr>\n<td style=\"text-align: right;\" width=\"104\"><strong>RM259490570<\/strong><\/td>\n<td width=\"312\"><strong>Rega\u0142 skr\u0119cany wys\/szer\/g\u0142 2500<\/strong><strong>x940x800 \/ 5p 70kg<\/strong><\/td>\n<\/tr>\n<tr>\n<td style=\"text-align: right;\" width=\"104\"><strong>PRM946070<\/strong><\/td>\n<td width=\"312\"><strong>P\u00f3\u0142ka do rega\u0142u szer\/g\u0142 <\/strong><strong>940&#215;600\/70 70kg<\/strong><\/td>\n<\/tr>\n<tr>\n<td style=\"text-align: right;\" width=\"104\"><strong>PRM947070<\/strong><\/td>\n<td width=\"312\"><strong>P\u00f3\u0142ka do rega\u0142u szer\/g\u0142 <\/strong><strong>940&#215;700\/70 70kg<\/strong><\/td>\n<\/tr>\n<tr>\n<td style=\"text-align: right;\" width=\"104\"><strong>PRM948070<\/strong><\/td>\n<td width=\"312\"><strong>P\u00f3\u0142ka do rega\u0142u szer\/g\u0142 <\/strong><strong>940&#215;800\/70 70kg<\/strong><\/td>\n<\/tr>\n<\/tbody>\n<\/table>\n<p>&nbsp;<\/p>\n<p>&nbsp;<\/p>\n","protected":false},"excerpt":{"rendered":"<p><strong>REGA\u0141Y MAGAZYNOWE SKR\u0118CANE \u015aRUBAMI<\/strong><\/p>\n<p>Rega\u0142y magazynowe \u2013 skr\u0119cane \u015brubami<\/p>\n<p><strong>Rega\u0142y \u015brubowe z p\u00f3\u0142k\u0105 metalow\u0105:<\/strong><\/p>\n<p>&#8211; wykonane s\u0105 z blachy zimnowalcowanej DC01 (opcjonalnie ocynkowanej)<\/p>\n<p>&#8211; malowane proszkowo na kolor RAL7035 (popiel)<\/p>\n<p>&#8211; skr\u0119cane za pomoc\u0105 \u015brub 6x12mm<\/p>\n<p>&nbsp;<\/p>\n<p><strong>W sk\u0142ad zestawu wchodz\u0105:<\/strong><\/p>\n<p>&#8211; s\u0142upy no\u015bne oraz p\u00f3\u0142ki rega\u0142u<\/p>\n<p>&#8211; \u015bruby niezb\u0119dne do skr\u0119cenia rega\u0142u<\/p>\n<p>&#8211; elementy usztywniaj\u0105ce rega\u0142<\/p>\n<p>&#8211; plastikowe stopki pod s\u0142upy no\u015bne chroni\u0105ce pod\u0142o\u017ce<\/p>\n<p>&nbsp;<\/p>\n","protected":false},"featured_media":3384,"comment_status":"open","ping_status":"closed","template":"","meta":[],"product_cat":[1400,1447],"product_tag":[1461,1460,1459],"yst_prominent_words":[1446,1454,1445,1435,1441,1436,1707,852,1434,1698,1697,1702,1708,1444,1700,1699,1703,406,1701,1704],"class_list":{"0":"post-2807","1":"product","2":"type-product","3":"status-publish","4":"has-post-thumbnail","6":"product_cat-regaly-magazynowe","7":"product_cat-regaly-o-nosnosci-70kg-polke","8":"product_tag-regal-do-warsztatu","9":"product_tag-regal-magazynowy","10":"product_tag-regaly-magazynowe","11":"entry","13":"first","14":"instock","15":"shipping-taxable","16":"product-type-simple"},"_links":{"self":[{"href":"https:\/\/www.metal-styl.com\/index.php\/wp-json\/wp\/v2\/product\/2807","targetHints":{"allow":["GET"]}}],"collection":[{"href":"https:\/\/www.metal-styl.com\/index.php\/wp-json\/wp\/v2\/product"}],"about":[{"href":"https:\/\/www.metal-styl.com\/index.php\/wp-json\/wp\/v2\/types\/product"}],"replies":[{"embeddable":true,"href":"https:\/\/www.metal-styl.com\/index.php\/wp-json\/wp\/v2\/comments?post=2807"}],"version-history":[{"count":8,"href":"https:\/\/www.metal-styl.com\/index.php\/wp-json\/wp\/v2\/product\/2807\/revisions"}],"predecessor-version":[{"id":3390,"href":"https:\/\/www.metal-styl.com\/index.php\/wp-json\/wp\/v2\/product\/2807\/revisions\/3390"}],"wp:featuredmedia":[{"embeddable":true,"href":"https:\/\/www.metal-styl.com\/index.php\/wp-json\/wp\/v2\/media\/3384"}],"wp:attachment":[{"href":"https:\/\/www.metal-styl.com\/index.php\/wp-json\/wp\/v2\/media?parent=2807"}],"wp:term":[{"taxonomy":"product_cat","embeddable":true,"href":"https:\/\/www.metal-styl.com\/index.php\/wp-json\/wp\/v2\/product_cat?post=2807"},{"taxonomy":"product_tag","embeddable":true,"href":"https:\/\/www.metal-styl.com\/index.php\/wp-json\/wp\/v2\/product_tag?post=2807"},{"taxonomy":"yst_prominent_words","embeddable":true,"href":"https:\/\/www.metal-styl.com\/index.php\/wp-json\/wp\/v2\/yst_prominent_words?post=2807"}],"curies":[{"name":"wp","href":"https:\/\/api.w.org\/{rel}","templated":true}]}}

REGAŁY MAGAZYNOWE O NOŚNOŚCI 70KG/PÓŁKĘ

<p><strong>REGAŁY MAGAZYNOWE O NOŚNOŚCI 70KG/PÓŁKĘ</strong></p>
<table width="666">
<tbody>
<tr>
<td style="text-align: right;" width="104"><strong>RM209460570</strong></td>
<td width="312"><strong>Regał skręcany wys/szer/gł 2000</strong><strong>x940x600 / 5p 70kg</strong></td>
</tr>
<tr>
<td style="text-align: right;" width="104"><strong>RM209470570</strong></td>
<td width="312"><strong>Regał skręcany wys/szer/gł 2000</strong><strong>x940x700 / 5p 70kg</strong></td>
</tr>
<tr>
<td style="text-align: right;" width="104"><strong>RM209480570</strong></td>
<td width="312"><strong>Regał skręcany wys/szer/gł 2000</strong><strong>x940x800 / 5p 70kg</strong></td>
</tr>
<tr>
<td style="text-align: right;" width="104"><strong>RM259460570</strong></td>
<td width="312"><strong>Regał skręcany wys/szer/gł 2500</strong><strong>x940x600 / 5p 70kg</strong></td>
</tr>
<tr>
<td style="text-align: right;" width="104"><strong>RM259470570</strong></td>
<td width="312"><strong>Regał skręcany wys/szer/gł 2500</strong><strong>x940x700 / 5p 70kg</strong></td>
</tr>
<tr>
<td style="text-align: right;" width="104"><strong>RM259490570</strong></td>
<td width="312"><strong>Regał skręcany wys/szer/gł 2500</strong><strong>x940x800 / 5p 70kg</strong></td>
</tr>
<tr>
<td style="text-align: right;" width="104"><strong>PRM946070</strong></td>
<td width="312"><strong>Półka do regału szer/gł </strong><strong>940&#215;600/70 70kg</strong></td>
</tr>
<tr>
<td style="text-align: right;" width="104"><strong>PRM947070</strong></td>
<td width="312"><strong>Półka do regału szer/gł </strong><strong>940&#215;700/70 70kg</strong></td>
</tr>
<tr>
<td style="text-align: right;" width="104"><strong>PRM948070</strong></td>
<td width="312"><strong>Półka do regału szer/gł </strong><strong>940&#215;800/70 70kg</strong></td>
</tr>
</tbody>
</table>
<p>&nbsp;</p>
<p>&nbsp;</p>

<p><strong>REGAŁY MAGAZYNOWE SKRĘCANE ŚRUBAMI</strong></p>
<p>Regały magazynowe – skręcane śrubami</p>
<p><strong>Regały śrubowe z półką metalową:</strong></p>
<p>&#8211; wykonane są z blachy zimnowalcowanej DC01 (opcjonalnie ocynkowanej)</p>
<p>&#8211; malowane proszkowo na kolor RAL7035 (popiel)</p>
<p>&#8211; skręcane za pomocą śrub 6x12mm</p>
<p>&nbsp;</p>
<p><strong>W skład zestawu wchodzą:</strong></p>
<p>&#8211; słupy nośne oraz półki regału</p>
<p>&#8211; śruby niezbędne do skręcenia regału</p>
<p>&#8211; elementy usztywniające regał</p>
<p>&#8211; plastikowe stopki pod słupy nośne chroniące podłoże</p>
<p>&nbsp;</p>
