{"id":2884,"date":"2020-02-09T21:34:41","date_gmt":"2020-02-09T21:34:41","guid":{"rendered":"https:\/\/www.metal-styl.com\/?post_type=product&#038;p=2884"},"modified":"2020-02-10T22:14:00","modified_gmt":"2020-02-10T22:14:00","slug":"regal-biurowy-szafka-przeszklona-tu-80-2c","status":"publish","type":"product","link":"https:\/\/www.metal-styl.com\/index.php\/produkt\/regal-biurowy-szafka-przeszklona-tu-80-2c\/","title":{"rendered":"Rega\u0142 biurowy, szafka przeszklona TU-80-2C"},"content":{"rendered":"<p><strong><span style=\"color: #800000;\">Rega\u0142 biurowy, szafka biurowa z drzwiami szklanymi TU-80-2C<\/span><br \/>\n<\/strong><\/p>\n<p><strong>Wymiary: szer\/g\u0142\/wys 800x400x850mm<\/strong><\/p>\n<div id=\"description\" class=\"tab-pane fade show active\" role=\"tabpanel\" aria-labelledby=\"description-tab\">\n<p>&#8211; rega\u0142 niski z drzwiami szklanymi<br \/>\n&#8211; dwa rz\u0119dy p\u00f3\u0142ek mieszcz\u0105 standardowe segregatory biurowe<br \/>\n&#8211; top g\u00f3rny rega\u0142u gr. 38mm ( g\u00f3rna cz\u0119\u015b\u0107 topu 28mm, dolna cz\u0119\u015b\u0107 lekko cofni\u0119ta , obrze\u017ce gr. 2mm )<br \/>\n&#8211; korpus wykonany z p\u0142yty meblowej gr.18mm,<br \/>\n&#8211; drzwiczki szklane lekko przyciemnione Antisol w aluminiowej ramce<br \/>\n&#8211; ty\u0142 wykonany z p\u0142yty HDF jednostronnie lakierowanej 3 \u2013 4 mm w kolorze Alu<br \/>\n&#8211; p\u00f3\u0142ka wewn\u0105trz z regulowan\u0105 wysoko\u015bci\u0105<br \/>\n&#8211; uchwyty aluminiowane szlifowane o rozstawie 128mm<br \/>\n&#8211; rega\u0142 posiada cok\u00f3\u0142 i regulatory poziomu<br \/>\n&#8211; przy dw\u00f3ch lub trzech rega\u0142ach mo\u017cna zastosowa\u0107 top wsp\u00f3lny<\/p>\n<p>&#8211; melaminowana p\u0142yta meblowa z kt\u00f3rej wykonany jest rega\u0142 posiada atest higieniczno\u015bci w klasie E1<br \/>\n(klasa E1 oznacza \u017ce p\u0142yta meblowa jest przyjazna dla \u015brodowiska i ludzi.)<\/p>\n<p>&#8211; warto\u015bci parametr\u00f3w fizykochemicznych s\u0105 zgodne z norm\u0105 EN14322<br \/>\n&#8211; meble przeznaczone do u\u017cytkowania w suchych pomieszczeniach<br \/>\n&#8211; kolorystyka Tabacco new beech<br \/>\n&#8211; gwarancja : 24 miesi\u0105ce<\/p>\n<\/div>\n<p>Termin realizacji: 2-10 dni roboczych. W celu ustalenia terminu realizacji zam\u00f3wienia ka\u017cdorazowo prosimy o kontakt z biurem.<\/p>\n<div id=\"howToOrder\" class=\"tab-pane fade\" role=\"tabpanel\" aria-labelledby=\"features-tab\">\n<table class=\"table-data-sheet\">\n<tbody>\n<tr class=\"odd\">\n<td><\/td>\n<td><\/td>\n<\/tr>\n<tr class=\"even\">\n<td><\/td>\n<td><\/td>\n<\/tr>\n<\/tbody>\n<\/table>\n<\/div>\n<div id=\"review\" class=\"tab-pane fade\" role=\"tabpanel\" aria-labelledby=\"review-tab\">\n<div class=\"product-ratting-wrap\"><\/div>\n<\/div>\n<p>&nbsp;<\/p>\n","protected":false},"excerpt":{"rendered":"<p>Rega\u0142 biurowy, szafka biurowa z drzwiami szklanymi TU-80-2C Wymiary: szer\/g\u0142\/wys 800x400x850mm &#8211; rega\u0142 niski z drzwiami szklanymi &#8211; dwa rz\u0119dy p\u00f3\u0142ek mieszcz\u0105 standardowe segregatory biurowe &#8211; top g\u00f3rny rega\u0142u gr. 38mm ( g\u00f3rna cz\u0119\u015b\u0107 topu 28mm, dolna cz\u0119\u015b\u0107 lekko cofni\u0119ta , obrze\u017ce gr. 2mm ) &#8211; korpus wykonany z p\u0142yty meblowej gr.18mm, &#8211; drzwiczki szklane &hellip; <\/p>\n<p class=\"link-more\"><a href=\"https:\/\/www.metal-styl.com\/index.php\/produkt\/regal-biurowy-szafka-przeszklona-tu-80-2c\/\" class=\"more-link\">Czytaj dalej<span class=\"screen-reader-text\"> \u201eRega\u0142 biurowy, szafka przeszklona TU-80-2C\u201d<\/span><\/a><\/p>\n","protected":false},"featured_media":2890,"comment_status":"open","ping_status":"closed","template":"","meta":[],"product_cat":[22,1484,25],"product_tag":[1546,1545,1547,1548],"yst_prominent_words":[457,1543,1505,797,1500,1504,1503,1498,854,796,730,852,1537,1544,1540,853,850],"class_list":{"0":"post-2884","1":"product","2":"type-product","3":"status-publish","4":"has-post-thumbnail","6":"product_cat-meble-biurowe-zestawy","7":"product_cat-szafy-i-regaly-tuluza","8":"product_cat-tuluza","9":"product_tag-regal-biurowy-z-szyba","10":"product_tag-regal-burowy-przeszklony","11":"product_tag-regal-tu-80-2c","12":"product_tag-regalik-biurowy","13":"entry","15":"first","16":"instock","17":"shipping-taxable","18":"product-type-simple"},"_links":{"self":[{"href":"https:\/\/www.metal-styl.com\/index.php\/wp-json\/wp\/v2\/product\/2884","targetHints":{"allow":["GET"]}}],"collection":[{"href":"https:\/\/www.metal-styl.com\/index.php\/wp-json\/wp\/v2\/product"}],"about":[{"href":"https:\/\/www.metal-styl.com\/index.php\/wp-json\/wp\/v2\/types\/product"}],"replies":[{"embeddable":true,"href":"https:\/\/www.metal-styl.com\/index.php\/wp-json\/wp\/v2\/comments?post=2884"}],"version-history":[{"count":3,"href":"https:\/\/www.metal-styl.com\/index.php\/wp-json\/wp\/v2\/product\/2884\/revisions"}],"predecessor-version":[{"id":2903,"href":"https:\/\/www.metal-styl.com\/index.php\/wp-json\/wp\/v2\/product\/2884\/revisions\/2903"}],"wp:featuredmedia":[{"embeddable":true,"href":"https:\/\/www.metal-styl.com\/index.php\/wp-json\/wp\/v2\/media\/2890"}],"wp:attachment":[{"href":"https:\/\/www.metal-styl.com\/index.php\/wp-json\/wp\/v2\/media?parent=2884"}],"wp:term":[{"taxonomy":"product_cat","embeddable":true,"href":"https:\/\/www.metal-styl.com\/index.php\/wp-json\/wp\/v2\/product_cat?post=2884"},{"taxonomy":"product_tag","embeddable":true,"href":"https:\/\/www.metal-styl.com\/index.php\/wp-json\/wp\/v2\/product_tag?post=2884"},{"taxonomy":"yst_prominent_words","embeddable":true,"href":"https:\/\/www.metal-styl.com\/index.php\/wp-json\/wp\/v2\/yst_prominent_words?post=2884"}],"curies":[{"name":"wp","href":"https:\/\/api.w.org\/{rel}","templated":true}]}}

Regał biurowy, szafka przeszklona TU-80-2C

<p><strong><span style="color: #800000;">Regał biurowy, szafka biurowa z drzwiami szklanymi TU-80-2C</span><br />
</strong></p>
<p><strong>Wymiary: szer/gł/wys 800x400x850mm</strong></p>
<div id="description" class="tab-pane fade show active" role="tabpanel" aria-labelledby="description-tab">
<p>&#8211; regał niski z drzwiami szklanymi<br />
&#8211; dwa rzędy półek mieszczą standardowe segregatory biurowe<br />
&#8211; top górny regału gr. 38mm ( górna część topu 28mm, dolna część lekko cofnięta , obrzeże gr. 2mm )<br />
&#8211; korpus wykonany z płyty meblowej gr.18mm,<br />
&#8211; drzwiczki szklane lekko przyciemnione Antisol w aluminiowej ramce<br />
&#8211; tył wykonany z płyty HDF jednostronnie lakierowanej 3 – 4 mm w kolorze Alu<br />
&#8211; półka wewnątrz z regulowaną wysokością<br />
&#8211; uchwyty aluminiowane szlifowane o rozstawie 128mm<br />
&#8211; regał posiada cokół i regulatory poziomu<br />
&#8211; przy dwóch lub trzech regałach można zastosować top wspólny</p>
<p>&#8211; melaminowana płyta meblowa z której wykonany jest regał posiada atest higieniczności w klasie E1<br />
(klasa E1 oznacza że płyta meblowa jest przyjazna dla środowiska i ludzi.)</p>
<p>&#8211; wartości parametrów fizykochemicznych są zgodne z normą EN14322<br />
&#8211; meble przeznaczone do użytkowania w suchych pomieszczeniach<br />
&#8211; kolorystyka Tabacco new beech<br />
&#8211; gwarancja : 24 miesiące</p>
</div>
<p>Termin realizacji: 2-10 dni roboczych. W celu ustalenia terminu realizacji zamówienia każdorazowo prosimy o kontakt z biurem.</p>
<div id="howToOrder" class="tab-pane fade" role="tabpanel" aria-labelledby="features-tab">
<table class="table-data-sheet">
<tbody>
<tr class="odd">
<td></td>
<td></td>
</tr>
<tr class="even">
<td></td>
<td></td>
</tr>
</tbody>
</table>
</div>
<div id="review" class="tab-pane fade" role="tabpanel" aria-labelledby="review-tab">
<div class="product-ratting-wrap"></div>
</div>
<p>&nbsp;</p>

<p>Regał biurowy, szafka biurowa z drzwiami szklanymi TU-80-2C Wymiary: szer/gł/wys 800x400x850mm &#8211; regał niski z drzwiami szklanymi &#8211; dwa rzędy półek mieszczą standardowe segregatory biurowe &#8211; top górny regału gr. 38mm ( górna część topu 28mm, dolna część lekko cofnięta , obrzeże gr. 2mm ) &#8211; korpus wykonany z płyty meblowej gr.18mm, &#8211; drzwiczki szklane &hellip; </p>
<p class="link-more"><a href="https://www.metal-styl.com/index.php/produkt/regal-biurowy-szafka-przeszklona-tu-80-2c/" class="more-link">Czytaj dalej<span class="screen-reader-text"> „Regał biurowy, szafka przeszklona TU-80-2C”</span></a></p>
