{"id":3352,"date":"2020-02-15T20:48:20","date_gmt":"2020-02-15T20:48:20","guid":{"rendered":"https:\/\/www.metal-styl.com\/?post_type=product&#038;p=3352"},"modified":"2020-03-09T21:06:36","modified_gmt":"2020-03-09T21:06:36","slug":"noga-metalowa-do-lacznikow-biurek-4","status":"publish","type":"product","link":"https:\/\/www.metal-styl.com\/index.php\/produkt\/noga-metalowa-do-lacznikow-biurek-4\/","title":{"rendered":"Noga metalowa do \u0142\u0105cznik\u00f3w biurek"},"content":{"rendered":"<p><span style=\"color: #800000;\"><strong>Noga metalowa do \u0142\u0105cznik\u00f3w biurek<\/strong><\/span><\/p>\n<p><strong>Wymiary: szer\/wys 60&#215;718<br \/>\n<\/strong><\/p>\n<div id=\"idTab1\" class=\"rte\">\n<div id=\"idTab1\" class=\"rte\">\n<p>&nbsp;<\/p>\n<\/div>\n<\/div>\n","protected":false},"excerpt":{"rendered":"<p><strong>Wymiary: szer\/wys 60&#215;718<\/strong><\/p>\n","protected":false},"featured_media":1599,"comment_status":"open","ping_status":"closed","template":"","meta":[],"product_cat":[22,1298,1270],"product_tag":[1264,1267],"yst_prominent_words":[],"class_list":{"0":"post-3352","1":"product","2":"type-product","3":"status-publish","4":"has-post-thumbnail","6":"product_cat-meble-biurowe-zestawy","7":"product_cat-pozostale-buk-bawaria-platyna","8":"product_cat-buk-bawaria-platyna","9":"product_tag-dostawka","10":"product_tag-noga-metalowa-do-biurka","11":"entry","13":"first","14":"instock","15":"shipping-taxable","16":"product-type-simple"},"_links":{"self":[{"href":"https:\/\/www.metal-styl.com\/index.php\/wp-json\/wp\/v2\/product\/3352","targetHints":{"allow":["GET"]}}],"collection":[{"href":"https:\/\/www.metal-styl.com\/index.php\/wp-json\/wp\/v2\/product"}],"about":[{"href":"https:\/\/www.metal-styl.com\/index.php\/wp-json\/wp\/v2\/types\/product"}],"replies":[{"embeddable":true,"href":"https:\/\/www.metal-styl.com\/index.php\/wp-json\/wp\/v2\/comments?post=3352"}],"version-history":[{"count":1,"href":"https:\/\/www.metal-styl.com\/index.php\/wp-json\/wp\/v2\/product\/3352\/revisions"}],"predecessor-version":[{"id":3353,"href":"https:\/\/www.metal-styl.com\/index.php\/wp-json\/wp\/v2\/product\/3352\/revisions\/3353"}],"wp:featuredmedia":[{"embeddable":true,"href":"https:\/\/www.metal-styl.com\/index.php\/wp-json\/wp\/v2\/media\/1599"}],"wp:attachment":[{"href":"https:\/\/www.metal-styl.com\/index.php\/wp-json\/wp\/v2\/media?parent=3352"}],"wp:term":[{"taxonomy":"product_cat","embeddable":true,"href":"https:\/\/www.metal-styl.com\/index.php\/wp-json\/wp\/v2\/product_cat?post=3352"},{"taxonomy":"product_tag","embeddable":true,"href":"https:\/\/www.metal-styl.com\/index.php\/wp-json\/wp\/v2\/product_tag?post=3352"},{"taxonomy":"yst_prominent_words","embeddable":true,"href":"https:\/\/www.metal-styl.com\/index.php\/wp-json\/wp\/v2\/yst_prominent_words?post=3352"}],"curies":[{"name":"wp","href":"https:\/\/api.w.org\/{rel}","templated":true}]}}