{"id":3403,"date":"2020-02-24T15:04:48","date_gmt":"2020-02-24T15:04:48","guid":{"rendered":"https:\/\/www.metal-styl.com\/?post_type=product&#038;p=3403"},"modified":"2020-02-24T17:41:11","modified_gmt":"2020-02-24T17:41:11","slug":"szafa-na-laptopy-i-tablety-sznlt-1-10-skrytek-bez-podlaczen-elektrycznych","status":"publish","type":"product","link":"https:\/\/www.metal-styl.com\/index.php\/produkt\/szafa-na-laptopy-i-tablety-sznlt-1-10-skrytek-bez-podlaczen-elektrycznych\/","title":{"rendered":"10 jednostek Szafa na laptopy i tablety SZNLT-1 10 skrytek bez pod\u0142\u0105cze\u0144 elektrycznych"},"content":{"rendered":"<p><span style=\"color: #800000;\"><strong>Szafa na laptopy i tablety SZNLT-1 10-skrytek bez pod\u0142\u0105cze\u0144 elektrycznych<\/strong><\/span><\/p>\n<p><strong>Wymiary: wys\/szer\/g\u0142 1800x400x500mm<\/strong><\/p>\n<p>Symbol: SZNLT-1<\/p>\n<p>Opis: Szafa na laptopy zosta\u0142a wyposa\u017cona w 10 oddzielnych skrytek na laptopy, z kt\u00f3rych ka\u017cda zamykana jest za pomoc\u0105 zamka rygluj\u0105cego.<\/p>\n<p>Malowany jest trwa\u0142ymi farbami proszkowymi w kolorze wg. Palety Ral<\/p>\n<p>Oferta cenowa dotyczy koloru: Ral 7035 popielato-platynowy<\/p>\n<p>Istnieje mo\u017cliwo\u015b\u0107 malowania szafy w innym kolorze lub w dw\u00f3ch kolorach.<\/p>\n<p>Wewn\u0105trz skrytek mo\u017cliwe jest zainstalowanie listwy z gniazdami elektrycznymi, co umo\u017cliwi do\u0142adowanie baterii w czasie przechowywania.<\/p>\n<p>Skrytki i w\u00f3zki na laptopy i tablety sprawdzaj\u0105 si\u0119 w wielu firmach, a przede wszystkim w tych z bran\u017cy IT. Zabezpieczenia dla sprz\u0119tu multimedialnego potrzebne s\u0105 r\u00f3wnie\u017c w szko\u0142ach. Ka\u017cda szafka na laptopa chroni sprz\u0119t elektroniczny przed zniszczeniem lub przed kradzie\u017c\u0105.<\/p>\n<p>Istnieje mo\u017cliwo\u015b\u0107 wykonania szafy w innych rozmiarach z inn\u0105 liczba skrytek wg indywidualnych potrzeb klienta. W celu wyceny prosimy o przes\u0142anie do nas maila na adres biuro@metal-styl.com z zapytaniem ofertowym oraz przedstawieniem Pa\u0144stwa potrzeb i oczekiwa\u0144 wobec produktu.<\/p>\n","protected":false},"excerpt":{"rendered":"<p><strong>Wymiary: wys\/szer\/g\u0142 1800x400x500mm<\/strong><\/p>\n","protected":false},"featured_media":3405,"comment_status":"open","ping_status":"closed","template":"","meta":[],"product_cat":[38],"product_tag":[1722,1719,1723,1720,1721],"yst_prominent_words":[449,444,409,1713,1717,450,395,394,1714,386,1711,434,1710,1718,393],"class_list":{"0":"post-3403","1":"product","2":"type-product","3":"status-publish","4":"has-post-thumbnail","6":"product_cat-szafki-wozki-na-laptopy","7":"product_tag-metalowa-szafka-na-tablety","8":"product_tag-szafa-skrtkowa-na-laptopy","9":"product_tag-szafa-sznlt-1","10":"product_tag-szafka-na-laptopy","11":"product_tag-szafka-na-tablety","12":"entry","14":"first","15":"instock","16":"shipping-taxable","17":"product-type-simple"},"_links":{"self":[{"href":"https:\/\/www.metal-styl.com\/index.php\/wp-json\/wp\/v2\/product\/3403","targetHints":{"allow":["GET"]}}],"collection":[{"href":"https:\/\/www.metal-styl.com\/index.php\/wp-json\/wp\/v2\/product"}],"about":[{"href":"https:\/\/www.metal-styl.com\/index.php\/wp-json\/wp\/v2\/types\/product"}],"replies":[{"embeddable":true,"href":"https:\/\/www.metal-styl.com\/index.php\/wp-json\/wp\/v2\/comments?post=3403"}],"version-history":[{"count":4,"href":"https:\/\/www.metal-styl.com\/index.php\/wp-json\/wp\/v2\/product\/3403\/revisions"}],"predecessor-version":[{"id":3462,"href":"https:\/\/www.metal-styl.com\/index.php\/wp-json\/wp\/v2\/product\/3403\/revisions\/3462"}],"wp:featuredmedia":[{"embeddable":true,"href":"https:\/\/www.metal-styl.com\/index.php\/wp-json\/wp\/v2\/media\/3405"}],"wp:attachment":[{"href":"https:\/\/www.metal-styl.com\/index.php\/wp-json\/wp\/v2\/media?parent=3403"}],"wp:term":[{"taxonomy":"product_cat","embeddable":true,"href":"https:\/\/www.metal-styl.com\/index.php\/wp-json\/wp\/v2\/product_cat?post=3403"},{"taxonomy":"product_tag","embeddable":true,"href":"https:\/\/www.metal-styl.com\/index.php\/wp-json\/wp\/v2\/product_tag?post=3403"},{"taxonomy":"yst_prominent_words","embeddable":true,"href":"https:\/\/www.metal-styl.com\/index.php\/wp-json\/wp\/v2\/yst_prominent_words?post=3403"}],"curies":[{"name":"wp","href":"https:\/\/api.w.org\/{rel}","templated":true}]}}