{"id":3417,"date":"2020-02-24T16:35:24","date_gmt":"2020-02-24T16:35:24","guid":{"rendered":"https:\/\/www.metal-styl.com\/?post_type=product&#038;p=3417"},"modified":"2020-02-24T17:40:30","modified_gmt":"2020-02-24T17:40:30","slug":"mobilny-wozek-na-laptopy-i-tablety-wnlt-16-na-16-jednostek","status":"publish","type":"product","link":"https:\/\/www.metal-styl.com\/index.php\/produkt\/mobilny-wozek-na-laptopy-i-tablety-wnlt-16-na-16-jednostek\/","title":{"rendered":"16 jednostek Mobilny w\u00f3zek na laptopy i tablety WNLT-16 na 16 jednostek"},"content":{"rendered":"<p><span style=\"color: #800000;\"><strong>Mobilny w\u00f3zek na laptopy i tablety WNLT-16 na 16 jednostek z jednoczesn\u0105 mo\u017cliwo\u015bci\u0105 \u0142adowania baterii podczas przechowywania.<\/strong><\/span><\/p>\n<p><strong>Wymiary: wys\/szer\/g\u0142 1060x920x500mm<\/strong><\/p>\n<p>Symbol: WNLT-16<\/p>\n<p>Opis: W\u00f3zki na laptopy umo\u017cliwiaj\u0105 \u0142atwy transport laptop\u00f3w mi\u0119dzy pomieszczeniami oraz oferuj\u0105 mo\u017cliwo\u015b\u0107 pod\u0142\u0105czenia \u0142adowarek podczas przechowywania.<\/p>\n<p>W\u00f3zek na laptopy WNLT-16 to model przystosowany do przechowywania i \u0142adowania 16 laptop\u00f3w.<\/p>\n<p>W celu\u00a0zabezpieczenia przeci\u0105\u017ceniowego i przeciwprzepi\u0119ciowego zastosowano\u00a0sekwenser, umo\u017cliwiaj\u0105cy w\u0142\u0105czanie\/wy\u0142\u0105czanie si\u0119 poszczeg\u00f3lnych listew przy\u0142\u0105czeniowych po up\u0142ywie okre\u015blonego czasu\u00a0&#8211; oko\u0142o\u00a03 min. &#8211; skutkuje to utrzymaniem niskiego obci\u0105\u017cenia instalacji elektrycznej w\u00f3zka podczas \u0142adowania komputer\u00f3w (ilo\u015b\u0107 listew przy\u0142\u0105czeniowych w w\u00f3zku odpowiada ilo\u015bci kolumn). Zamontowana na w\u00f3zku dioda pozwala szybko okre\u015bli\u0107 czy w\u00f3zek &#8220;pracuje&#8221;.<\/p>\n<p>W\u00f3zek posiada\u00a0przew\u00f3d przy\u0142\u0105czeniowy o d\u0142ugo\u015bci 3 metr\u00f3w. W\u00f3zki dwu i trzy kolumnowe posiadaj\u0105 drzwi otwierane od \u015brodka, natomiast w\u00f3zek jednokolumnowy posiada drzwi otwierane w praw\u0105 stron\u0119. Uchwyty do przemieszczania zamontowano po obu stronach.<\/p>\n<p>W\u00f3zki na laptopy wyposa\u017cone s\u0105 w cztery k\u00f3\u0142ka jezdne, w tym dwa z hamulcem. Powierzchnia toczna k\u00f3\u0142ek zosta\u0142a wykonana\u00a0z gumy nie brudz\u0105cej powierzchni\u00a0natomiast\u00a0dolne kraw\u0119dzie w\u00f3zka zabezpieczono za pomoc\u0105 gumowych naro\u017cnik\u00f3w. Drzwi w\u00f3zka wyposa\u017cono w zamek zabezpieczaj\u0105cy z blokad\u0105 w 2-ch punktach.<\/p>\n<p>Wierzch w\u00f3zka pokryty blatem z melaminy gr. 18 mm, klasa higieniczno\u015bci E1. W korpusie w\u00f3zka nawiercono otwory wentylacyjne do cyrkulacji powietrza (umo\u017cliwia to ch\u0142odzenie \u0142aduj\u0105cych si\u0119 laptop\u00f3w).<\/p>\n<p>W swojej ofercie posiadamy inne modele w\u00f3zk\u00f3w oraz szafy do przechowywania laptop\u00f3w i tablet\u00f3w.<\/p>\n<p>W\u00f3zki na laptopy i tablety sprawdzaj\u0105 si\u0119 w wielu firmach, a przede wszystkim w tych z bran\u017cy IT. Zabezpieczenia dla sprz\u0119tu multimedialnego potrzebne s\u0105 r\u00f3wnie\u017c w szko\u0142ach. Ka\u017cdy w\u00f3zek na laptopa chroni sprz\u0119t elektroniczny przed zniszczeniem lub przed kradzie\u017c\u0105.<\/p>\n","protected":false},"excerpt":{"rendered":"<p><strong>Wymiary: wys\/szer\/g\u0142 1060x920x500mm<\/strong><\/p>\n","protected":false},"featured_media":3418,"comment_status":"open","ping_status":"closed","template":"","meta":[],"product_cat":[38],"product_tag":[1722,1749,1750,1719,1720,1721,1760],"yst_prominent_words":[1753,676,1755,1742,1744,1713,1717,1757,1754,1726,1758,1718,1752,626,1739,632,1743,1740,1759,1756],"class_list":{"0":"post-3417","1":"product","2":"type-product","3":"status-publish","4":"has-post-thumbnail","6":"product_cat-szafki-wozki-na-laptopy","7":"product_tag-metalowa-szafka-na-tablety","8":"product_tag-mobilny-wozek-na-laptopy","9":"product_tag-mobilny-wozek-na-tablety","10":"product_tag-szafa-skrtkowa-na-laptopy","11":"product_tag-szafka-na-laptopy","12":"product_tag-szafka-na-tablety","13":"product_tag-wozek-wnlt-16","14":"entry","16":"first","17":"instock","18":"shipping-taxable","19":"product-type-simple"},"_links":{"self":[{"href":"https:\/\/www.metal-styl.com\/index.php\/wp-json\/wp\/v2\/product\/3417","targetHints":{"allow":["GET"]}}],"collection":[{"href":"https:\/\/www.metal-styl.com\/index.php\/wp-json\/wp\/v2\/product"}],"about":[{"href":"https:\/\/www.metal-styl.com\/index.php\/wp-json\/wp\/v2\/types\/product"}],"replies":[{"embeddable":true,"href":"https:\/\/www.metal-styl.com\/index.php\/wp-json\/wp\/v2\/comments?post=3417"}],"version-history":[{"count":3,"href":"https:\/\/www.metal-styl.com\/index.php\/wp-json\/wp\/v2\/product\/3417\/revisions"}],"predecessor-version":[{"id":3459,"href":"https:\/\/www.metal-styl.com\/index.php\/wp-json\/wp\/v2\/product\/3417\/revisions\/3459"}],"wp:featuredmedia":[{"embeddable":true,"href":"https:\/\/www.metal-styl.com\/index.php\/wp-json\/wp\/v2\/media\/3418"}],"wp:attachment":[{"href":"https:\/\/www.metal-styl.com\/index.php\/wp-json\/wp\/v2\/media?parent=3417"}],"wp:term":[{"taxonomy":"product_cat","embeddable":true,"href":"https:\/\/www.metal-styl.com\/index.php\/wp-json\/wp\/v2\/product_cat?post=3417"},{"taxonomy":"product_tag","embeddable":true,"href":"https:\/\/www.metal-styl.com\/index.php\/wp-json\/wp\/v2\/product_tag?post=3417"},{"taxonomy":"yst_prominent_words","embeddable":true,"href":"https:\/\/www.metal-styl.com\/index.php\/wp-json\/wp\/v2\/yst_prominent_words?post=3417"}],"curies":[{"name":"wp","href":"https:\/\/api.w.org\/{rel}","templated":true}]}}