{"id":3496,"date":"2020-02-25T09:57:12","date_gmt":"2020-02-25T09:57:12","guid":{"rendered":"https:\/\/www.metal-styl.com\/?post_type=product&#038;p=3496"},"modified":"2020-02-25T11:39:18","modified_gmt":"2020-02-25T11:39:18","slug":"skrzynia-aluminiowa-sk-alu-420003","status":"publish","type":"product","link":"https:\/\/www.metal-styl.com\/index.php\/produkt\/skrzynia-aluminiowa-sk-alu-420003\/","title":{"rendered":"Skrzynia aluminiowa SK-ALU-420003"},"content":{"rendered":"<p><span style=\"color: #800000;\"><strong>Skrzynia aluminiowa SK-ALU-420003<br \/>\n<\/strong><\/span><\/p>\n<p class=\"title\"><strong>Wymiary: wys\/szer\/g\u0142 270x590x390mm<\/strong><\/p>\n<p class=\"descriptions\"><b>Skrzynie aluminiowe<\/b> &#8211; profesjonalne opakowania transportowe.<\/p>\n<p>Nasze skrzynie aluminiowe zapewniaj\u0105 szczeln\u0105 ochron\u0119 przed kurzem, s\u0105 bryzgoszczelne,odporne na temperatur\u0119, dzia\u0142anie czynnik\u00f3w atmosferycznych, korozj\u0119. Oferowane skrzynie s\u0105 wyj\u0105tkowe ze wzgl\u0119du na standard wykonania. Wzmocniona obudowa z samoczynnie sk\u0142adanymi, spr\u0119\u017cynowo zamocowanymi uchwytami transportowymi, d\u017awigowe zamki zaczepowe z otworami na wk\u0142adki b\u0119benkowe lub k\u0142\u00f3dki, z mo\u017cliwo\u015bci\u0105 plombowania.<\/p>\n<p>Wk\u0142adki b\u0119benkowe dost\u0119pne osobno na zam\u00f3wienie<\/p>\n","protected":false},"excerpt":{"rendered":"<p><strong>Wymiary: wys\/szer\/g\u0142 270x590x390mm<\/strong><\/p>\n","protected":false},"featured_media":3497,"comment_status":"open","ping_status":"closed","template":"","meta":[],"product_cat":[1794,1812,1401],"product_tag":[1850,1801,1802,1803,1804],"yst_prominent_words":[1798,1800,1797,1795,1799,1796],"class_list":{"0":"post-3496","1":"product","2":"type-product","3":"status-publish","4":"has-post-thumbnail","6":"product_cat-aluminiowe-metalowe-skrzynie-walizki","7":"product_cat-skrzynie-aluminiowe-metalowe","8":"product_cat-wyposazenie-warsztatu","9":"product_tag-sk-alu-420003","10":"product_tag-skrzynia-aluminiowa","11":"product_tag-skrzynia-transportowa","12":"product_tag-skrzynka-aluminiowa","13":"product_tag-skrzynka-do-transportu","14":"entry","16":"first","17":"instock","18":"shipping-taxable","19":"product-type-simple"},"_links":{"self":[{"href":"https:\/\/www.metal-styl.com\/index.php\/wp-json\/wp\/v2\/product\/3496","targetHints":{"allow":["GET"]}}],"collection":[{"href":"https:\/\/www.metal-styl.com\/index.php\/wp-json\/wp\/v2\/product"}],"about":[{"href":"https:\/\/www.metal-styl.com\/index.php\/wp-json\/wp\/v2\/types\/product"}],"replies":[{"embeddable":true,"href":"https:\/\/www.metal-styl.com\/index.php\/wp-json\/wp\/v2\/comments?post=3496"}],"version-history":[{"count":2,"href":"https:\/\/www.metal-styl.com\/index.php\/wp-json\/wp\/v2\/product\/3496\/revisions"}],"predecessor-version":[{"id":3586,"href":"https:\/\/www.metal-styl.com\/index.php\/wp-json\/wp\/v2\/product\/3496\/revisions\/3586"}],"wp:featuredmedia":[{"embeddable":true,"href":"https:\/\/www.metal-styl.com\/index.php\/wp-json\/wp\/v2\/media\/3497"}],"wp:attachment":[{"href":"https:\/\/www.metal-styl.com\/index.php\/wp-json\/wp\/v2\/media?parent=3496"}],"wp:term":[{"taxonomy":"product_cat","embeddable":true,"href":"https:\/\/www.metal-styl.com\/index.php\/wp-json\/wp\/v2\/product_cat?post=3496"},{"taxonomy":"product_tag","embeddable":true,"href":"https:\/\/www.metal-styl.com\/index.php\/wp-json\/wp\/v2\/product_tag?post=3496"},{"taxonomy":"yst_prominent_words","embeddable":true,"href":"https:\/\/www.metal-styl.com\/index.php\/wp-json\/wp\/v2\/yst_prominent_words?post=3496"}],"curies":[{"name":"wp","href":"https:\/\/api.w.org\/{rel}","templated":true}]}}