{"id":356,"date":"2019-11-29T17:19:27","date_gmt":"2019-11-29T17:19:27","guid":{"rendered":"http:\/\/metalsty.cluster014.ovh.net\/pixel\/?post_type=product&#038;p=356"},"modified":"2020-01-03T20:28:20","modified_gmt":"2020-01-03T20:28:20","slug":"szafa-12-skrytkowa-sk12-34-30-szer-skrytki","status":"publish","type":"product","link":"https:\/\/www.metal-styl.com\/index.php\/produkt\/szafa-12-skrytkowa-sk12-34-30-szer-skrytki\/","title":{"rendered":"Szafa 12 skrytkowa SK12-34-30 szer.skrytki 300mm"},"content":{"rendered":"<div id=\"idTab1\" class=\"rte\">\n<p><span style=\"color: #800000;\"><strong>Szafa 12 skrytkowa\u00a0 SK12-34-30<\/strong><\/span><\/p>\n<p><strong>Wymiary: wys\/szer\/g\u0142\u00a01800x900x500mm<\/strong><\/p>\n<p>Opis: Szafa szatniowa 12 skrytkowa &#8211; 4 schowki w pionie, w 3 kolumnach.<\/p>\n<p>Ka\u017cda skrytka zamykana osobnym zamkiem patentowym, cylindrycznym z ryglowaniem w jednym punkcie ( w komplecie 2 kluczyki do ka\u017cdego zamka).<\/p>\n<p>W drzwiczkach wykonane otwory wentylacyjne, zapewniaj\u0105ce odpowiedni\u0105 cyrkulacj\u0119 powietrza w szafce.<\/p>\n<p>Na drzwiczkach plastikowy wizytownik informacyjny w celu oznakowania skrytki.<\/p>\n<p>Szafka mo\u017ce by\u0107 r\u00f3wnie\u017c na n\u00f3\u017ckach oraz posiada\u0107 sko\u015bny daszek.<\/p>\n<p>Szafa malowana trwa\u0142ymi farbami proszkowymi w kolorze wg. Palety RAL<\/p>\n<p>Oferta cenowa dotyczy koloru: Ral 7035 popielato-platynowy<\/p>\n<p>Istnieje mo\u017cliwo\u015b\u0107 malowania szaf w innym kolorze lub w dw\u00f3ch kolorach.<\/p>\n<p>Mo\u017cliwo\u015b\u0107 wykonania szafy w innych rozmiarach, z inn\u0105 liczb\u0105 skrytek oraz w innych kolorach wg indywidualnych potrzeb klienta.<\/p>\n<p>W celu wyceny prosimy o przes\u0142anie do nas maila na adres\u00a0biuro@metal-styl.com z zapytaniem ofertowym oraz przedstawieniem Pa\u0144stwa potrzeb i oczekiwa\u0144 wobec produktu.<\/p>\n<\/div>\n","protected":false},"excerpt":{"rendered":"<p><span style=\"color: #800000;\"><strong>Szafa 12 skrytkowa\u00a0 SK12-34-30<\/strong><\/span><\/p>\n<p><strong>Wymiary: wys\/szer\/g\u0142\u00a01800x900x500mm<\/strong><\/p>\n","protected":false},"featured_media":1021,"comment_status":"open","ping_status":"closed","template":"","meta":[],"product_cat":[36,37],"product_tag":[143,174,173,190,184,142,185,175],"yst_prominent_words":[516,514,439,512,493,409,450,395,394,510,386,393],"class_list":{"0":"post-356","1":"product","2":"type-product","3":"status-publish","4":"has-post-thumbnail","6":"product_cat-meble-skrytkowe","7":"product_cat-szafki-skrytkowe-sniadaniowe","8":"product_tag-szafa-ze-skrytkami","9":"product_tag-szafka-12-skrytkowa","10":"product_tag-szafka-dwunastoskrytkowa","11":"product_tag-szafka-schowkowa","12":"product_tag-szafka-sk12-34-30","13":"product_tag-szafka-sniadaniowa","14":"product_tag-szafka-sus-334","15":"product_tag-szafka-wieloskrytkowa","16":"entry","18":"first","19":"instock","20":"shipping-taxable","21":"product-type-simple"},"_links":{"self":[{"href":"https:\/\/www.metal-styl.com\/index.php\/wp-json\/wp\/v2\/product\/356","targetHints":{"allow":["GET"]}}],"collection":[{"href":"https:\/\/www.metal-styl.com\/index.php\/wp-json\/wp\/v2\/product"}],"about":[{"href":"https:\/\/www.metal-styl.com\/index.php\/wp-json\/wp\/v2\/types\/product"}],"replies":[{"embeddable":true,"href":"https:\/\/www.metal-styl.com\/index.php\/wp-json\/wp\/v2\/comments?post=356"}],"version-history":[{"count":2,"href":"https:\/\/www.metal-styl.com\/index.php\/wp-json\/wp\/v2\/product\/356\/revisions"}],"predecessor-version":[{"id":1022,"href":"https:\/\/www.metal-styl.com\/index.php\/wp-json\/wp\/v2\/product\/356\/revisions\/1022"}],"wp:featuredmedia":[{"embeddable":true,"href":"https:\/\/www.metal-styl.com\/index.php\/wp-json\/wp\/v2\/media\/1021"}],"wp:attachment":[{"href":"https:\/\/www.metal-styl.com\/index.php\/wp-json\/wp\/v2\/media?parent=356"}],"wp:term":[{"taxonomy":"product_cat","embeddable":true,"href":"https:\/\/www.metal-styl.com\/index.php\/wp-json\/wp\/v2\/product_cat?post=356"},{"taxonomy":"product_tag","embeddable":true,"href":"https:\/\/www.metal-styl.com\/index.php\/wp-json\/wp\/v2\/product_tag?post=356"},{"taxonomy":"yst_prominent_words","embeddable":true,"href":"https:\/\/www.metal-styl.com\/index.php\/wp-json\/wp\/v2\/yst_prominent_words?post=356"}],"curies":[{"name":"wp","href":"https:\/\/api.w.org\/{rel}","templated":true}]}}