{"id":3701,"date":"2020-02-27T17:37:11","date_gmt":"2020-02-27T17:37:11","guid":{"rendered":"https:\/\/www.metal-styl.com\/?post_type=product&#038;p=3701"},"modified":"2020-02-27T17:43:12","modified_gmt":"2020-02-27T17:43:12","slug":"walizka-serwisowa-wals-cws10","status":"publish","type":"product","link":"https:\/\/www.metal-styl.com\/index.php\/produkt\/walizka-serwisowa-wals-cws10\/","title":{"rendered":"Walizka serwisowa WALS-CWS10"},"content":{"rendered":"<p><span style=\"color: #800000;\"><strong>Skrzynia serwisowa WALS-CWS10<br \/>\n<\/strong><\/span><\/p>\n<p class=\"title\"><strong>Wymiary: wys\/szer\/g\u0142 170x465x355mm<\/strong><\/p>\n<p>Zapraszamy do zapoznania si\u0119 z ofert\u0105 <strong>aluminiowej walizki serwisowej<\/strong>, kt\u00f3ra cieszy si\u0119 szczeg\u00f3ln\u0105 popularno\u015bci\u0105 w\u015br\u00f3d elektryk\u00f3w i monter\u00f3w wszelkiego rodzaju instalacji. O jej bogatym zastosowaniu decyduj\u0105 liczne regulowane przegrody i schowki &#8211; po prostu pomieszcz\u0105 wszystko, czego potrzeba do pracy w terenie. W terenie i transporcie sprawdza si\u0119 tak\u017ce metalowa konstrukcja, kt\u00f3ra wyposa\u017cona jest w metalowe obicia, co dodatkowo zwi\u0119ksza odporno\u015b\u0107 walizki na uszkodzenia mechaniczne. Dodatkowe udogodnienia, jakie posiada to zamek szyfrowy oraz pasek na rami\u0119.<\/p>\n<p>W\u0142a\u015bciwo\u015bci:<\/p>\n<p>&#8211; materia\u0142 wykonania: aluminium;<\/p>\n<p>&#8211; wzmocnione naro\u017cniki;<\/p>\n<p>&#8211; mocny uchwyt;<\/p>\n<p>&#8211; solidne zamki szyfrowe;<\/p>\n<p>&#8211; palety na narz\u0119dzia, z dodatkowymi przegrodami i kieszeniami;<\/p>\n<p>&#8211; pasek na rami\u0119 w komplecie.<\/p>\n<p>Nasza oferta to wysokiej jako\u015bci sprz\u0119t w bardzo korzystnej cenie!<\/p>\n<p>&nbsp;<\/p>\n","protected":false},"excerpt":{"rendered":"<p><strong>Wymiary: wys\/szer\/g\u0142 170x465x355mm<\/strong><\/p>\n","protected":false},"featured_media":3702,"comment_status":"open","ping_status":"closed","template":"","meta":[],"product_cat":[1794,1813,1401],"product_tag":[1802,1804,1940,1984,2041],"yst_prominent_words":[2039,1924,2040,2038,1977],"class_list":{"0":"post-3701","1":"product","2":"type-product","3":"status-publish","4":"has-post-thumbnail","6":"product_cat-aluminiowe-metalowe-skrzynie-walizki","7":"product_cat-walizki","8":"product_cat-wyposazenie-warsztatu","9":"product_tag-skrzynia-transportowa","10":"product_tag-skrzynka-do-transportu","11":"product_tag-walizka-narzedziowa","12":"product_tag-walizka-serwisowa","13":"product_tag-wals-cws10","14":"entry","16":"first","17":"instock","18":"shipping-taxable","19":"product-type-simple"},"_links":{"self":[{"href":"https:\/\/www.metal-styl.com\/index.php\/wp-json\/wp\/v2\/product\/3701","targetHints":{"allow":["GET"]}}],"collection":[{"href":"https:\/\/www.metal-styl.com\/index.php\/wp-json\/wp\/v2\/product"}],"about":[{"href":"https:\/\/www.metal-styl.com\/index.php\/wp-json\/wp\/v2\/types\/product"}],"replies":[{"embeddable":true,"href":"https:\/\/www.metal-styl.com\/index.php\/wp-json\/wp\/v2\/comments?post=3701"}],"version-history":[{"count":1,"href":"https:\/\/www.metal-styl.com\/index.php\/wp-json\/wp\/v2\/product\/3701\/revisions"}],"predecessor-version":[{"id":3706,"href":"https:\/\/www.metal-styl.com\/index.php\/wp-json\/wp\/v2\/product\/3701\/revisions\/3706"}],"wp:featuredmedia":[{"embeddable":true,"href":"https:\/\/www.metal-styl.com\/index.php\/wp-json\/wp\/v2\/media\/3702"}],"wp:attachment":[{"href":"https:\/\/www.metal-styl.com\/index.php\/wp-json\/wp\/v2\/media?parent=3701"}],"wp:term":[{"taxonomy":"product_cat","embeddable":true,"href":"https:\/\/www.metal-styl.com\/index.php\/wp-json\/wp\/v2\/product_cat?post=3701"},{"taxonomy":"product_tag","embeddable":true,"href":"https:\/\/www.metal-styl.com\/index.php\/wp-json\/wp\/v2\/product_tag?post=3701"},{"taxonomy":"yst_prominent_words","embeddable":true,"href":"https:\/\/www.metal-styl.com\/index.php\/wp-json\/wp\/v2\/yst_prominent_words?post=3701"}],"curies":[{"name":"wp","href":"https:\/\/api.w.org\/{rel}","templated":true}]}}