{"id":3730,"date":"2020-02-27T18:03:51","date_gmt":"2020-02-27T18:03:51","guid":{"rendered":"https:\/\/www.metal-styl.com\/?post_type=product&#038;p=3730"},"modified":"2022-06-17T08:26:43","modified_gmt":"2022-06-17T08:26:43","slug":"walizka-transportowa-walt-421300","status":"publish","type":"product","link":"https:\/\/www.metal-styl.com\/index.php\/produkt\/walizka-transportowa-walt-421300\/","title":{"rendered":"Walizka transportowa WALT-421300"},"content":{"rendered":"<p class=\"title\">\n<p>&nbsp;<\/p>\n<p>&nbsp;<\/p>\n","protected":false},"excerpt":{"rendered":"<p><strong>Wymiary: wys\/szer\/g\u0142 405x615x525mm<\/strong><\/p>\n<p>Prezentowana <strong>skrzynia, walizka transportowa<\/strong> jest najwi\u0119ksz\u0105 dost\u0119pn\u0105 w naszej ofercie. Cieszy si\u0119 ogromnym uznaniem w\u015br\u00f3d klient\u00f3w doceniaj\u0105cych trwa\u0142o\u015b\u0107 i funkcjonalno\u015b\u0107 rozwi\u0105za\u0144 zastosowanych przez niemieckiego producenta. Allit zadba\u0142 o wszystko, co decyduje o wygodnym i bezpiecznym transporcie \u2013 skrzynia wykonana jest z wysokojako\u015bciowych materia\u0142\u00f3w, posiada por\u0119czne uchwyty i wzmocnione naro\u017cniki, a tak\u017ce zamki i dodatkowe mocowania na drobne przedmioty.<\/p>\n<p>W\u0142a\u015bciwo\u015bci:<\/p>\n<p>&#8211; zbudowana z aluminium, tworzywa sztucznego i p\u0142yty drewniano-pil\u015bniowej;<\/p>\n<p>&#8211; naro\u017cniki wzmocnione za pomoc\u0105 stalowych kul;<\/p>\n<p>&#8211; zestaw por\u0119cznych uchwyt\u00f3w;<\/p>\n<p>&#8211; zamki;<\/p>\n<p>&#8211; wieko z gumami umo\u017cliwiaj\u0105cymi uporz\u0105dkowanie lu\u017anych element\u00f3w, np. kabli, itp.<\/p>\n<p>&#8211; mo\u017cliwo\u015b\u0107 monta\u017cu k\u00f3\u0142ek.<\/p>\n<p>Niemiecka jako\u015b\u0107 nie zawodzi i satysfakcjonuje najbardziej wymagaj\u0105cych klient\u00f3w &#8211; tych, kt\u00f3rym zale\u017cy na komforcie transportowania i bezpiecze\u0144stwie produkt\u00f3w transportowanych.<\/p>\n","protected":false},"featured_media":3731,"comment_status":"open","ping_status":"closed","template":"","meta":[],"product_cat":[1794,1813,1401],"product_tag":[1802,1804,2006,2050],"yst_prominent_words":[],"class_list":{"0":"post-3730","1":"product","2":"type-product","3":"status-publish","4":"has-post-thumbnail","6":"product_cat-aluminiowe-metalowe-skrzynie-walizki","7":"product_cat-walizki","8":"product_cat-wyposazenie-warsztatu","9":"product_tag-skrzynia-transportowa","10":"product_tag-skrzynka-do-transportu","11":"product_tag-walizka-transportowa","12":"product_tag-walt-421300","13":"entry","15":"first","16":"instock","17":"shipping-taxable","18":"product-type-simple"},"_links":{"self":[{"href":"https:\/\/www.metal-styl.com\/index.php\/wp-json\/wp\/v2\/product\/3730","targetHints":{"allow":["GET"]}}],"collection":[{"href":"https:\/\/www.metal-styl.com\/index.php\/wp-json\/wp\/v2\/product"}],"about":[{"href":"https:\/\/www.metal-styl.com\/index.php\/wp-json\/wp\/v2\/types\/product"}],"replies":[{"embeddable":true,"href":"https:\/\/www.metal-styl.com\/index.php\/wp-json\/wp\/v2\/comments?post=3730"}],"version-history":[{"count":3,"href":"https:\/\/www.metal-styl.com\/index.php\/wp-json\/wp\/v2\/product\/3730\/revisions"}],"predecessor-version":[{"id":4732,"href":"https:\/\/www.metal-styl.com\/index.php\/wp-json\/wp\/v2\/product\/3730\/revisions\/4732"}],"wp:featuredmedia":[{"embeddable":true,"href":"https:\/\/www.metal-styl.com\/index.php\/wp-json\/wp\/v2\/media\/3731"}],"wp:attachment":[{"href":"https:\/\/www.metal-styl.com\/index.php\/wp-json\/wp\/v2\/media?parent=3730"}],"wp:term":[{"taxonomy":"product_cat","embeddable":true,"href":"https:\/\/www.metal-styl.com\/index.php\/wp-json\/wp\/v2\/product_cat?post=3730"},{"taxonomy":"product_tag","embeddable":true,"href":"https:\/\/www.metal-styl.com\/index.php\/wp-json\/wp\/v2\/product_tag?post=3730"},{"taxonomy":"yst_prominent_words","embeddable":true,"href":"https:\/\/www.metal-styl.com\/index.php\/wp-json\/wp\/v2\/yst_prominent_words?post=3730"}],"curies":[{"name":"wp","href":"https:\/\/api.w.org\/{rel}","templated":true}]}}