{"id":3819,"date":"2020-02-27T20:22:36","date_gmt":"2020-02-27T20:22:36","guid":{"rendered":"https:\/\/www.metal-styl.com\/?post_type=product&#038;p=3819"},"modified":"2022-06-16T13:15:56","modified_gmt":"2022-06-16T13:15:56","slug":"skrzynka-na-elektronarzedzia-3000d-sk-el458680","status":"publish","type":"product","link":"https:\/\/www.metal-styl.com\/index.php\/produkt\/skrzynka-na-elektronarzedzia-3000d-sk-el458680\/","title":{"rendered":"Skrzynka na elektronarz\u0119dzia 3000D SK-EL458680"},"content":{"rendered":"<p><span style=\"color: #800000;\"><strong>\u00a0<\/strong><\/span><\/p>\n<p>&nbsp;<\/p>\n","protected":false},"excerpt":{"rendered":"<p class=\"title\"><strong>Wymiary: wys\/szer\/g\u0142 320x400x154mm<\/strong><\/p>\n<p>Odporna i wytrzyma\u0142a skrzynka przystosowana do transportu elektronarz\u0119dzi.<br \/>\nIdealne rozwi\u0105zanie dla os\u00f3b ceni\u0105cych sobie wygod\u0119 i dbaj\u0105cych o bezpiecze\u0144stwo drogich narz\u0119dzi.<\/p>\n<p>Materia\u0142: polipropylen<br \/>\nZapi\u0119cie &#8211; Klamry<br \/>\nWype\u0142nienie &#8211; eliminuj\u0105ca wstrz\u0105sy g\u0105bka<\/p>\n<p>&nbsp;<\/p>\n<p><strong>\u00a0<\/strong><\/p>\n","protected":false},"featured_media":3820,"comment_status":"open","ping_status":"closed","template":"","meta":[],"product_cat":[1809,1401],"product_tag":[2104,2103,2096],"yst_prominent_words":[],"class_list":{"0":"post-3819","1":"product","2":"type-product","3":"status-publish","4":"has-post-thumbnail","6":"product_cat-walizki-na-elektronarzedzia","7":"product_cat-wyposazenie-warsztatu","8":"product_tag-3000d","9":"product_tag-sk-el458680","10":"product_tag-skrzynka-na-elektronarzedzia","11":"entry","13":"first","14":"instock","15":"shipping-taxable","16":"product-type-simple"},"_links":{"self":[{"href":"https:\/\/www.metal-styl.com\/index.php\/wp-json\/wp\/v2\/product\/3819","targetHints":{"allow":["GET"]}}],"collection":[{"href":"https:\/\/www.metal-styl.com\/index.php\/wp-json\/wp\/v2\/product"}],"about":[{"href":"https:\/\/www.metal-styl.com\/index.php\/wp-json\/wp\/v2\/types\/product"}],"replies":[{"embeddable":true,"href":"https:\/\/www.metal-styl.com\/index.php\/wp-json\/wp\/v2\/comments?post=3819"}],"version-history":[{"count":3,"href":"https:\/\/www.metal-styl.com\/index.php\/wp-json\/wp\/v2\/product\/3819\/revisions"}],"predecessor-version":[{"id":4693,"href":"https:\/\/www.metal-styl.com\/index.php\/wp-json\/wp\/v2\/product\/3819\/revisions\/4693"}],"wp:featuredmedia":[{"embeddable":true,"href":"https:\/\/www.metal-styl.com\/index.php\/wp-json\/wp\/v2\/media\/3820"}],"wp:attachment":[{"href":"https:\/\/www.metal-styl.com\/index.php\/wp-json\/wp\/v2\/media?parent=3819"}],"wp:term":[{"taxonomy":"product_cat","embeddable":true,"href":"https:\/\/www.metal-styl.com\/index.php\/wp-json\/wp\/v2\/product_cat?post=3819"},{"taxonomy":"product_tag","embeddable":true,"href":"https:\/\/www.metal-styl.com\/index.php\/wp-json\/wp\/v2\/product_tag?post=3819"},{"taxonomy":"yst_prominent_words","embeddable":true,"href":"https:\/\/www.metal-styl.com\/index.php\/wp-json\/wp\/v2\/yst_prominent_words?post=3819"}],"curies":[{"name":"wp","href":"https:\/\/api.w.org\/{rel}","templated":true}]}}