{"id":3837,"date":"2020-02-27T23:07:57","date_gmt":"2020-02-27T23:07:57","guid":{"rendered":"https:\/\/www.metal-styl.com\/?post_type=product&#038;p=3837"},"modified":"2022-06-16T13:13:36","modified_gmt":"2022-06-16T13:13:36","slug":"regal-obrotowy-szufladkowy-ro-464670","status":"publish","type":"product","link":"https:\/\/www.metal-styl.com\/index.php\/produkt\/regal-obrotowy-szufladkowy-ro-464670\/","title":{"rendered":"Rega\u0142 obrotowy szufladkowy RO-464670"},"content":{"rendered":"<p><span style=\"color: #800000;\"><strong>\u00a0<\/strong><\/span><\/p>\n<p>&nbsp;<\/p>\n<p>&nbsp;<\/p>\n","protected":false},"excerpt":{"rendered":"<p class=\"title\"><strong>Wymiary: wys\/szer\/g\u0142 1900x445x445mm<\/strong><\/p>\n<p>Du\u017cy profesjonalny w kolorze czarnym rega\u0142 obrotowy na metalowej podstawie oparty na \u0142o\u017cyskach kulkowych. Wyposa\u017cony w a\u017c 282 r\u00f3\u017cnego rodzaju szufladki i pojemniki o szerokim zastosowaniu przeznaczonym na drobne elementy.<\/p>\n<p>&nbsp;<\/p>\n<p><strong>\u00a0<\/strong><\/p>\n","protected":false},"featured_media":3838,"comment_status":"open","ping_status":"closed","template":"","meta":[],"product_cat":[1811,1822,1401],"product_tag":[2118,2120,2119,2117],"yst_prominent_words":[],"class_list":{"0":"post-3837","1":"product","2":"type-product","3":"status-publish","4":"has-post-thumbnail","6":"product_cat-regaly-szufladkowo-obrotowe","7":"product_cat-regaly-szufladkowe-obrotowe","8":"product_cat-wyposazenie-warsztatu","9":"product_tag-regal-obrotowy","10":"product_tag-regal-obrotowy-szufladkowy","11":"product_tag-regal-szufladkowy","12":"product_tag-ro-464670","13":"entry","15":"first","16":"instock","17":"shipping-taxable","18":"product-type-simple"},"_links":{"self":[{"href":"https:\/\/www.metal-styl.com\/index.php\/wp-json\/wp\/v2\/product\/3837","targetHints":{"allow":["GET"]}}],"collection":[{"href":"https:\/\/www.metal-styl.com\/index.php\/wp-json\/wp\/v2\/product"}],"about":[{"href":"https:\/\/www.metal-styl.com\/index.php\/wp-json\/wp\/v2\/types\/product"}],"replies":[{"embeddable":true,"href":"https:\/\/www.metal-styl.com\/index.php\/wp-json\/wp\/v2\/comments?post=3837"}],"version-history":[{"count":3,"href":"https:\/\/www.metal-styl.com\/index.php\/wp-json\/wp\/v2\/product\/3837\/revisions"}],"predecessor-version":[{"id":4683,"href":"https:\/\/www.metal-styl.com\/index.php\/wp-json\/wp\/v2\/product\/3837\/revisions\/4683"}],"wp:featuredmedia":[{"embeddable":true,"href":"https:\/\/www.metal-styl.com\/index.php\/wp-json\/wp\/v2\/media\/3838"}],"wp:attachment":[{"href":"https:\/\/www.metal-styl.com\/index.php\/wp-json\/wp\/v2\/media?parent=3837"}],"wp:term":[{"taxonomy":"product_cat","embeddable":true,"href":"https:\/\/www.metal-styl.com\/index.php\/wp-json\/wp\/v2\/product_cat?post=3837"},{"taxonomy":"product_tag","embeddable":true,"href":"https:\/\/www.metal-styl.com\/index.php\/wp-json\/wp\/v2\/product_tag?post=3837"},{"taxonomy":"yst_prominent_words","embeddable":true,"href":"https:\/\/www.metal-styl.com\/index.php\/wp-json\/wp\/v2\/yst_prominent_words?post=3837"}],"curies":[{"name":"wp","href":"https:\/\/api.w.org\/{rel}","templated":true}]}}