{"id":3844,"date":"2020-02-27T23:26:23","date_gmt":"2020-02-27T23:26:23","guid":{"rendered":"https:\/\/www.metal-styl.com\/?post_type=product&#038;p=3844"},"modified":"2022-06-16T13:12:55","modified_gmt":"2022-06-16T13:12:55","slug":"regalik-szufladkowy-rsp33-458120","status":"publish","type":"product","link":"https:\/\/www.metal-styl.com\/index.php\/produkt\/regalik-szufladkowy-rsp33-458120\/","title":{"rendered":"Regalik szufladkowy 33 szuflady RSP33-458120"},"content":{"rendered":"<p><span style=\"color: #800000;\"><strong>\u00a0<\/strong><\/span><\/p>\n<p>&nbsp;<\/p>\n","protected":false},"excerpt":{"rendered":"<p class=\"title\"><strong>Wymiary: wys\/szer\/g\u0142 435x305x135mm<\/strong><\/p>\n<div class=\"resetcss\">\n<p>Ta\u0144szy model regalika szufladkowego VarioPlus. Wykonany z wysokoudarowego polipropylenu.<\/p>\n<p>Posiadaj\u0105 wewn\u0105trz konstrukcji stalowy szkielet oraz profil wzmacniaj\u0105cy p\u00f3\u0142ki co sprawia i\u017c konstrukcja jest mocna i stabilna. Posiada r\u00f3wnie\u017c zabezpieczenie przed przypadkowym wysuni\u0119ciem szuflady. Mo\u017cliwo\u015b\u0107 monta\u017cu na \u015bcianie oraz sztaplowaniu jeden na drugim.<\/p>\n<\/div>\n<p>&nbsp;<\/p>\n<p><strong>\u00a0<\/strong><\/p>\n","protected":false},"featured_media":3845,"comment_status":"open","ping_status":"closed","template":"","meta":[],"product_cat":[1811,1824,1401],"product_tag":[2119,2128,2127,2126],"yst_prominent_words":[],"class_list":{"0":"post-3844","1":"product","2":"type-product","3":"status-publish","4":"has-post-thumbnail","6":"product_cat-regaly-szufladkowo-obrotowe","7":"product_cat-regaliki-szufladkowe-plastikowe","8":"product_cat-wyposazenie-warsztatu","9":"product_tag-regal-szufladkowy","10":"product_tag-regalik-plastikowy","11":"product_tag-regalik-szufladkowy","12":"product_tag-rsp33-458120","13":"entry","15":"first","16":"instock","17":"shipping-taxable","18":"product-type-simple"},"_links":{"self":[{"href":"https:\/\/www.metal-styl.com\/index.php\/wp-json\/wp\/v2\/product\/3844","targetHints":{"allow":["GET"]}}],"collection":[{"href":"https:\/\/www.metal-styl.com\/index.php\/wp-json\/wp\/v2\/product"}],"about":[{"href":"https:\/\/www.metal-styl.com\/index.php\/wp-json\/wp\/v2\/types\/product"}],"replies":[{"embeddable":true,"href":"https:\/\/www.metal-styl.com\/index.php\/wp-json\/wp\/v2\/comments?post=3844"}],"version-history":[{"count":3,"href":"https:\/\/www.metal-styl.com\/index.php\/wp-json\/wp\/v2\/product\/3844\/revisions"}],"predecessor-version":[{"id":4679,"href":"https:\/\/www.metal-styl.com\/index.php\/wp-json\/wp\/v2\/product\/3844\/revisions\/4679"}],"wp:featuredmedia":[{"embeddable":true,"href":"https:\/\/www.metal-styl.com\/index.php\/wp-json\/wp\/v2\/media\/3845"}],"wp:attachment":[{"href":"https:\/\/www.metal-styl.com\/index.php\/wp-json\/wp\/v2\/media?parent=3844"}],"wp:term":[{"taxonomy":"product_cat","embeddable":true,"href":"https:\/\/www.metal-styl.com\/index.php\/wp-json\/wp\/v2\/product_cat?post=3844"},{"taxonomy":"product_tag","embeddable":true,"href":"https:\/\/www.metal-styl.com\/index.php\/wp-json\/wp\/v2\/product_tag?post=3844"},{"taxonomy":"yst_prominent_words","embeddable":true,"href":"https:\/\/www.metal-styl.com\/index.php\/wp-json\/wp\/v2\/yst_prominent_words?post=3844"}],"curies":[{"name":"wp","href":"https:\/\/api.w.org\/{rel}","templated":true}]}}