{"id":3888,"date":"2020-02-28T08:22:35","date_gmt":"2020-02-28T08:22:35","guid":{"rendered":"https:\/\/www.metal-styl.com\/?post_type=product&#038;p=3888"},"modified":"2022-06-16T13:06:20","modified_gmt":"2022-06-16T13:06:20","slug":"regal-obrotowy-szufladkowy-ro-455890","status":"publish","type":"product","link":"https:\/\/www.metal-styl.com\/index.php\/produkt\/regal-obrotowy-szufladkowy-ro-455890\/","title":{"rendered":"Rega\u0142 obrotowy szufladkowy RO-455890"},"content":{"rendered":"<p><span style=\"color: #800000;\"><strong>\u00a0<\/strong><\/span><\/p>\n<div class=\"product-short-description resetcss large\">\n<p>&nbsp;<\/p>\n<\/div>\n<p>&nbsp;<\/p>\n<p>&nbsp;<\/p>\n","protected":false},"excerpt":{"rendered":"<p class=\"title\"><strong>Wymiary: wys\/szer\/g\u0142 465x340x380mm<\/strong><\/p>\n<div class=\"resetcss\">\n<p>Rega\u0142 obrotowy wyposa\u017cony w 76 szuflad<\/p>\n<\/div>\n<div class=\"product-short-description resetcss large\">\n<p><strong>Wymiar wewn\u0119trzny i ilo\u015b\u0107 szuflad:<\/strong><\/p>\n<p><strong>2 x 50x287x125 mm<\/strong><br \/>\n<strong>10 x 60x82x129 mm<\/strong><br \/>\n<strong>64 x 34x59x110 mm<\/strong><\/p>\n<\/div>\n<p><strong>\u00a0<\/strong><\/p>\n","protected":false},"featured_media":3889,"comment_status":"open","ping_status":"closed","template":"","meta":[],"product_cat":[1811,1822,1401],"product_tag":[2118,2120,2119,2117],"yst_prominent_words":[],"class_list":{"0":"post-3888","1":"product","2":"type-product","3":"status-publish","4":"has-post-thumbnail","6":"product_cat-regaly-szufladkowo-obrotowe","7":"product_cat-regaly-szufladkowe-obrotowe","8":"product_cat-wyposazenie-warsztatu","9":"product_tag-regal-obrotowy","10":"product_tag-regal-obrotowy-szufladkowy","11":"product_tag-regal-szufladkowy","12":"product_tag-ro-464670","13":"entry","15":"first","16":"instock","17":"shipping-taxable","18":"product-type-simple"},"_links":{"self":[{"href":"https:\/\/www.metal-styl.com\/index.php\/wp-json\/wp\/v2\/product\/3888","targetHints":{"allow":["GET"]}}],"collection":[{"href":"https:\/\/www.metal-styl.com\/index.php\/wp-json\/wp\/v2\/product"}],"about":[{"href":"https:\/\/www.metal-styl.com\/index.php\/wp-json\/wp\/v2\/types\/product"}],"replies":[{"embeddable":true,"href":"https:\/\/www.metal-styl.com\/index.php\/wp-json\/wp\/v2\/comments?post=3888"}],"version-history":[{"count":3,"href":"https:\/\/www.metal-styl.com\/index.php\/wp-json\/wp\/v2\/product\/3888\/revisions"}],"predecessor-version":[{"id":4655,"href":"https:\/\/www.metal-styl.com\/index.php\/wp-json\/wp\/v2\/product\/3888\/revisions\/4655"}],"wp:featuredmedia":[{"embeddable":true,"href":"https:\/\/www.metal-styl.com\/index.php\/wp-json\/wp\/v2\/media\/3889"}],"wp:attachment":[{"href":"https:\/\/www.metal-styl.com\/index.php\/wp-json\/wp\/v2\/media?parent=3888"}],"wp:term":[{"taxonomy":"product_cat","embeddable":true,"href":"https:\/\/www.metal-styl.com\/index.php\/wp-json\/wp\/v2\/product_cat?post=3888"},{"taxonomy":"product_tag","embeddable":true,"href":"https:\/\/www.metal-styl.com\/index.php\/wp-json\/wp\/v2\/product_tag?post=3888"},{"taxonomy":"yst_prominent_words","embeddable":true,"href":"https:\/\/www.metal-styl.com\/index.php\/wp-json\/wp\/v2\/yst_prominent_words?post=3888"}],"curies":[{"name":"wp","href":"https:\/\/api.w.org\/{rel}","templated":true}]}}