{"id":3907,"date":"2020-02-28T12:03:52","date_gmt":"2020-02-28T12:03:52","guid":{"rendered":"https:\/\/www.metal-styl.com\/?post_type=product&#038;p=3907"},"modified":"2022-06-16T13:05:34","modified_gmt":"2022-06-16T13:05:34","slug":"zestaw-4-pojemnikow-listwa-metalowa-zp4-456432","status":"publish","type":"product","link":"https:\/\/www.metal-styl.com\/index.php\/produkt\/zestaw-4-pojemnikow-listwa-metalowa-zp4-456432\/","title":{"rendered":"Zestaw 4 du\u017cych pojemnik\u00f3w magazynowych ZP4-456432 na listwie metalowej"},"content":{"rendered":"<p><span style=\"color: #800000;\"><strong>\u00a0<\/strong><\/span><\/p>\n<div class=\"resetcss\">\n<div class=\"resetcss\">\n<div class=\"innerbox\">\n<div class=\"innerbox\">\n<div class=\"resetcss\">\n<p>&nbsp;<\/p>\n<\/div>\n<\/div>\n<\/div>\n<\/div>\n<\/div>\n","protected":false},"excerpt":{"rendered":"<p><strong>Wymiar listwy metalowej: 45\u00d7590 mm<\/strong><\/p>\n<p><strong>Wymiar pojemnika: 125x148x235 mm<\/strong><\/p>\n<div class=\"resetcss\">\n<div class=\"resetcss\">\n<div class=\"innerbox\">\n<div class=\"innerbox\">\n<div class=\"resetcss\">\n<p>Pojemniki magazynowe z listw\u0105 metalow\u0105<\/p>\n<p>Zestaw w\u0142a\u015bciwie gotowy do monta\u017cu, dlatego polecamy go wszystkim ceni\u0105cym sw\u00f3j czas i b\u0142yskawiczne, m\u0105dre rozwi\u0105zania. Wystarczy przymocowa\u0107 listw\u0119 do \u015bciany, by m\u00f3c korzysta\u0107 z praktycznego miejsca do przechowywania czy segregowania drobnych przedmiot\u00f3w. W ten spos\u00f3b bez zb\u0119dnego zaanga\u017cowania czasowego mo\u017cna cieszy\u0107 si\u0119 z u\u017cytecznego, podr\u0119cznego mini magazynku.<\/p>\n<p>Elementy zestawu wyprodukowano z wyselekcjonowanych materia\u0142\u00f3w, kt\u00f3re maj\u0105 zapewnia\u0107 d\u0142ugie i wygodne korzystanie z nich. Dlatego pojemniki z tworzywa sztucznego nie zmieniaj\u0105 kszta\u0142tu ani koloru, a metalowa listwa jest naprawd\u0119 solidna.<\/p>\n<p>Zestaw zawiera 4 pojemniki warsztatowe oraz listw\u0119 metalow\u0105.<\/p>\n<p>Kolorystyka pojemnik\u00f3w: czerwony, \u017c\u00f3\u0142ty, niebieski, zielony<\/p>\n<p>Przypominamy o mo\u017cliwo\u015bci dokupienia dodatkowych, bardzo przydatnych akcesori\u00f3w \u2013 tablic na\u015bciennych, innych rozmiar\u00f3w pojemnik\u00f3w, itp.<\/p>\n<\/div>\n<\/div>\n<\/div>\n<\/div>\n<\/div>\n<p><strong>\u00a0<\/strong><\/p>\n","protected":false},"featured_media":3909,"comment_status":"open","ping_status":"closed","template":"","meta":[],"product_cat":[1401,1810],"product_tag":[2167,2196,2195],"yst_prominent_words":[],"class_list":{"0":"post-3907","1":"product","2":"type-product","3":"status-publish","4":"has-post-thumbnail","6":"product_cat-wyposazenie-warsztatu","7":"product_cat-zestawy-pojemnikow-listwy-tablice-uchwyty","8":"product_tag-zestaw-pojemnikow","9":"product_tag-zestaw-pojemnikow-na-listwie","10":"product_tag-zp4-456432","11":"entry","13":"first","14":"instock","15":"shipping-taxable","16":"product-type-simple"},"_links":{"self":[{"href":"https:\/\/www.metal-styl.com\/index.php\/wp-json\/wp\/v2\/product\/3907","targetHints":{"allow":["GET"]}}],"collection":[{"href":"https:\/\/www.metal-styl.com\/index.php\/wp-json\/wp\/v2\/product"}],"about":[{"href":"https:\/\/www.metal-styl.com\/index.php\/wp-json\/wp\/v2\/types\/product"}],"replies":[{"embeddable":true,"href":"https:\/\/www.metal-styl.com\/index.php\/wp-json\/wp\/v2\/comments?post=3907"}],"version-history":[{"count":4,"href":"https:\/\/www.metal-styl.com\/index.php\/wp-json\/wp\/v2\/product\/3907\/revisions"}],"predecessor-version":[{"id":4652,"href":"https:\/\/www.metal-styl.com\/index.php\/wp-json\/wp\/v2\/product\/3907\/revisions\/4652"}],"wp:featuredmedia":[{"embeddable":true,"href":"https:\/\/www.metal-styl.com\/index.php\/wp-json\/wp\/v2\/media\/3909"}],"wp:attachment":[{"href":"https:\/\/www.metal-styl.com\/index.php\/wp-json\/wp\/v2\/media?parent=3907"}],"wp:term":[{"taxonomy":"product_cat","embeddable":true,"href":"https:\/\/www.metal-styl.com\/index.php\/wp-json\/wp\/v2\/product_cat?post=3907"},{"taxonomy":"product_tag","embeddable":true,"href":"https:\/\/www.metal-styl.com\/index.php\/wp-json\/wp\/v2\/product_tag?post=3907"},{"taxonomy":"yst_prominent_words","embeddable":true,"href":"https:\/\/www.metal-styl.com\/index.php\/wp-json\/wp\/v2\/yst_prominent_words?post=3907"}],"curies":[{"name":"wp","href":"https:\/\/api.w.org\/{rel}","templated":true}]}}