{"id":4039,"date":"2020-03-02T15:50:57","date_gmt":"2020-03-02T15:50:57","guid":{"rendered":"https:\/\/www.metal-styl.com\/?post_type=product&#038;p=4039"},"modified":"2022-06-16T12:51:13","modified_gmt":"2022-06-16T12:51:13","slug":"skrzynka-narzedziowa-metalowa-7-czesci-skn-490613","status":"publish","type":"product","link":"https:\/\/www.metal-styl.com\/index.php\/produkt\/skrzynka-narzedziowa-metalowa-7-czesci-skn-490613\/","title":{"rendered":"Skrzynka narz\u0119dziowa metalowa 7cz\u0119\u015bci SKN-490613"},"content":{"rendered":"<p>&nbsp;<\/p>\n<p>&nbsp;<\/p>\n","protected":false},"excerpt":{"rendered":"<p class=\"product-top__product-info__name long-name js_product-h1-link js_product-force-scroll js_searchInGoogleTooltip default-cursor\" data-onselect=\"true\" data-tooltip-autowidth=\"true\">530x200x250mm<\/p>\n<p class=\"title\"><strong>Wymiary kom\u00f3r: 45x500x95 mm \/ 105x500x155 mm \/ 45x250x95 \/ 45x500x75 mm<\/strong><\/p>\n<div class=\"resetcss\">\n<div class=\"product-short-description resetcss large\">\n<div class=\"resetcss\">\n<p>Niezwykle odporna i wytrzyma\u0142a, metalowa skrzynia na narz\u0119dzia sk\u0142adaj\u0105ca si\u0119 z 7 cz\u0119\u015bci.<\/p>\n<p>Skrzynka wykonana z blachy stalowej z siedmioma przegrodami na narz\u0119dzia. Wyko\u0144czona grub\u0105 warstw\u0105 lakieru m\u0142otkowego w kolorze niebieskim.<\/p>\n<p>Idealne rozwi\u0105zanie dla domowych majsterkowicz\u00f3w jaki wymagaj\u0105cych profesjonalist\u00f3w.<\/p>\n<\/div>\n<\/div>\n<\/div>\n<p>&nbsp;<\/p>\n<p><strong>\u00a0<\/strong><\/p>\n","protected":false},"featured_media":4040,"comment_status":"open","ping_status":"closed","template":"","meta":[],"product_cat":[1807,1816,1401],"product_tag":[2334,2305,1863,2304,2303],"yst_prominent_words":[],"class_list":{"0":"post-4039","1":"product","2":"type-product","3":"status-publish","4":"has-post-thumbnail","6":"product_cat-skrzynki-narzedziowe-torby","7":"product_cat-skrzynki-narzedziowe-metalowe","8":"product_cat-wyposazenie-warsztatu","9":"product_tag-skn-490613","10":"product_tag-skrzyna-warsztatowa","11":"product_tag-skrzynka-metalowa","12":"product_tag-skrzynka-narzedziowa","13":"product_tag-skrzynka-narzedziowa-metalowa","14":"entry","16":"first","17":"instock","18":"shipping-taxable","19":"product-type-simple"},"_links":{"self":[{"href":"https:\/\/www.metal-styl.com\/index.php\/wp-json\/wp\/v2\/product\/4039","targetHints":{"allow":["GET"]}}],"collection":[{"href":"https:\/\/www.metal-styl.com\/index.php\/wp-json\/wp\/v2\/product"}],"about":[{"href":"https:\/\/www.metal-styl.com\/index.php\/wp-json\/wp\/v2\/types\/product"}],"replies":[{"embeddable":true,"href":"https:\/\/www.metal-styl.com\/index.php\/wp-json\/wp\/v2\/comments?post=4039"}],"version-history":[{"count":4,"href":"https:\/\/www.metal-styl.com\/index.php\/wp-json\/wp\/v2\/product\/4039\/revisions"}],"predecessor-version":[{"id":4621,"href":"https:\/\/www.metal-styl.com\/index.php\/wp-json\/wp\/v2\/product\/4039\/revisions\/4621"}],"wp:featuredmedia":[{"embeddable":true,"href":"https:\/\/www.metal-styl.com\/index.php\/wp-json\/wp\/v2\/media\/4040"}],"wp:attachment":[{"href":"https:\/\/www.metal-styl.com\/index.php\/wp-json\/wp\/v2\/media?parent=4039"}],"wp:term":[{"taxonomy":"product_cat","embeddable":true,"href":"https:\/\/www.metal-styl.com\/index.php\/wp-json\/wp\/v2\/product_cat?post=4039"},{"taxonomy":"product_tag","embeddable":true,"href":"https:\/\/www.metal-styl.com\/index.php\/wp-json\/wp\/v2\/product_tag?post=4039"},{"taxonomy":"yst_prominent_words","embeddable":true,"href":"https:\/\/www.metal-styl.com\/index.php\/wp-json\/wp\/v2\/yst_prominent_words?post=4039"}],"curies":[{"name":"wp","href":"https:\/\/api.w.org\/{rel}","templated":true}]}}