{"id":4073,"date":"2020-03-04T11:32:25","date_gmt":"2020-03-04T11:32:25","guid":{"rendered":"https:\/\/www.metal-styl.com\/?post_type=product&#038;p=4073"},"modified":"2022-06-16T12:40:33","modified_gmt":"2022-06-16T12:40:33","slug":"etykiety-do-malych-pojemnikow-epm-455705","status":"publish","type":"product","link":"https:\/\/www.metal-styl.com\/index.php\/produkt\/etykiety-do-malych-pojemnikow-epm-455705\/","title":{"rendered":"Etykiety do ma\u0142ych pojemnik\u00f3w nr1,2,2L,2B EPM-455705"},"content":{"rendered":"<p><span style=\"color: #800000;\"><strong>\u00a0<\/strong><\/span><\/p>\n<div class=\"innerbox\">\n<div class=\"resetcss\">\n<div class=\"innerbox\">\n<div class=\"resetcss\"><\/div>\n<div class=\"product-short-description resetcss large\">\n<p>&nbsp;<\/p>\n<\/div>\n<\/div>\n<\/div>\n<\/div>\n","protected":false},"excerpt":{"rendered":"<div class=\"resetcss\">\n<p>Etykiety z foli\u0105 ochronn\u0105<\/p>\n<p>Przedstawiamy produkt konieczny do wygodnego zorganizowania przestrzeni do przechowywania drobnych przedmiot\u00f3w. Mowa o etykietach do pojemnik\u00f3w magazynowych, kt\u00f3re s\u0105 niezast\u0105pione w sytuacji, gdy mamy kilka, kilkana\u015bcie a nawet kilkadziesi\u0105t pojemnik\u00f3w z r\u00f3\u017cnymi drobiazgami. Nic tak nie u\u0142atwi poruszania si\u0119 po szufladkach, jak szczeg\u00f3\u0142owe opisy dotycz\u0105ce ich zawarto\u015bci.<\/p>\n<p>Etykiety opatrzone s\u0105 foli\u0105 ochronn\u0105, kt\u00f3ra zabezpiecza napisy przed zalaniem i zniszczeniem. Taka ochrona pozwala korzysta\u0107 z estetycznych etykiet przez d\u0142ugi czas.<\/p>\n<p>Opakowanie zawiera komplet 20 etykiet wraz z foliami, dostosowanych do ma\u0142ych pojemnik\u00f3w warsztatowych nr1, nr2, nr2L, nr2B.<\/p>\n<p>Po etykiety do innych rozmiar\u00f3w kuwet zapraszamy do innych produkt\u00f3w.<\/p>\n<\/div>\n<div class=\"product-short-description resetcss large\">\n<p><strong>Komplet 20 sztuk etykiet\u00a0<\/strong><\/p>\n<\/div>\n","protected":false},"featured_media":4075,"comment_status":"open","ping_status":"closed","template":"","meta":[],"product_cat":[1821,1808,1401],"product_tag":[2364,2435],"yst_prominent_words":[],"class_list":{"0":"post-4073","1":"product","2":"type-product","3":"status-publish","4":"has-post-thumbnail","6":"product_cat-akcesoria-do-pojemnikow","7":"product_cat-pojemniki-regaly-z-pojemnikami","8":"product_cat-wyposazenie-warsztatu","9":"product_tag-etykieta-do-pojemnikow-profiplus","10":"product_tag-etykiety-epm-455705","11":"entry","13":"first","14":"instock","15":"shipping-taxable","16":"product-type-simple"},"_links":{"self":[{"href":"https:\/\/www.metal-styl.com\/index.php\/wp-json\/wp\/v2\/product\/4073","targetHints":{"allow":["GET"]}}],"collection":[{"href":"https:\/\/www.metal-styl.com\/index.php\/wp-json\/wp\/v2\/product"}],"about":[{"href":"https:\/\/www.metal-styl.com\/index.php\/wp-json\/wp\/v2\/types\/product"}],"replies":[{"embeddable":true,"href":"https:\/\/www.metal-styl.com\/index.php\/wp-json\/wp\/v2\/comments?post=4073"}],"version-history":[{"count":3,"href":"https:\/\/www.metal-styl.com\/index.php\/wp-json\/wp\/v2\/product\/4073\/revisions"}],"predecessor-version":[{"id":4590,"href":"https:\/\/www.metal-styl.com\/index.php\/wp-json\/wp\/v2\/product\/4073\/revisions\/4590"}],"wp:featuredmedia":[{"embeddable":true,"href":"https:\/\/www.metal-styl.com\/index.php\/wp-json\/wp\/v2\/media\/4075"}],"wp:attachment":[{"href":"https:\/\/www.metal-styl.com\/index.php\/wp-json\/wp\/v2\/media?parent=4073"}],"wp:term":[{"taxonomy":"product_cat","embeddable":true,"href":"https:\/\/www.metal-styl.com\/index.php\/wp-json\/wp\/v2\/product_cat?post=4073"},{"taxonomy":"product_tag","embeddable":true,"href":"https:\/\/www.metal-styl.com\/index.php\/wp-json\/wp\/v2\/product_tag?post=4073"},{"taxonomy":"yst_prominent_words","embeddable":true,"href":"https:\/\/www.metal-styl.com\/index.php\/wp-json\/wp\/v2\/yst_prominent_words?post=4073"}],"curies":[{"name":"wp","href":"https:\/\/api.w.org\/{rel}","templated":true}]}}