{"id":4221,"date":"2020-03-04T18:56:39","date_gmt":"2020-03-04T18:56:39","guid":{"rendered":"https:\/\/www.metal-styl.com\/?post_type=product&#038;p=4221"},"modified":"2022-06-16T12:18:42","modified_gmt":"2022-06-16T12:18:42","slug":"haczyki-20-sztuk-h-20-455002","status":"publish","type":"product","link":"https:\/\/www.metal-styl.com\/index.php\/produkt\/haczyki-20-sztuk-h-20-455002\/","title":{"rendered":"Haczyki 20 sztuk h-20 455002"},"content":{"rendered":"","protected":false},"excerpt":{"rendered":"<p><strong>Zestaw mocnych 20 sztuk metalowych haczyk\u00f3w h-20 455002 do tablicy metalowej perforowanej.<\/strong><\/p>\n<div class=\"innerbox\">\n<div class=\"resetcss\">\n<p>Haczyki przeznaczone s\u0105 do zawieszania r\u00f3\u017cnego rodzaju narz\u0119dzi r\u0119cznych i nie tylko.<\/p>\n<\/div>\n<div class=\"innerbox\">\n<div class=\"resetcss\">\n<p>Zestaw mocnych 20\u00a0sztuk metalowych haczyk\u00f3w do tablicy metalowej perforowanej. Haczyki przeznaczone s\u0105 do zawieszania r\u00f3\u017cnego rodzaju narzedzi r\u0119cznych i nie tylko.<\/p>\n<\/div>\n<div class=\"product-short-description resetcss large\">\n<p><strong>Wymiary opakowania: 90x50x35 mm<\/strong><\/p>\n<p><strong>Zestaw haczyk\u00f3w do tablicy metalowej.<\/strong><\/p>\n<p><strong>12 sztuk haki.<\/strong><\/p>\n<p><strong>8 sztuk uchwyt na narz\u0119dzia r\u0119czne.<\/strong><\/p>\n<\/div>\n<\/div>\n<\/div>\n","protected":false},"featured_media":4222,"comment_status":"open","ping_status":"closed","template":"","meta":[],"product_cat":[1401,1810],"product_tag":[2602,2581,2601],"yst_prominent_words":[],"class_list":{"0":"post-4221","1":"product","2":"type-product","3":"status-publish","4":"has-post-thumbnail","6":"product_cat-wyposazenie-warsztatu","7":"product_cat-zestawy-pojemnikow-listwy-tablice-uchwyty","8":"product_tag-haczyki-455002","9":"product_tag-haczyki-do-tablicy","10":"product_tag-haczyki-h-20","11":"entry","13":"first","14":"instock","15":"shipping-taxable","16":"product-type-simple"},"_links":{"self":[{"href":"https:\/\/www.metal-styl.com\/index.php\/wp-json\/wp\/v2\/product\/4221","targetHints":{"allow":["GET"]}}],"collection":[{"href":"https:\/\/www.metal-styl.com\/index.php\/wp-json\/wp\/v2\/product"}],"about":[{"href":"https:\/\/www.metal-styl.com\/index.php\/wp-json\/wp\/v2\/types\/product"}],"replies":[{"embeddable":true,"href":"https:\/\/www.metal-styl.com\/index.php\/wp-json\/wp\/v2\/comments?post=4221"}],"version-history":[{"count":3,"href":"https:\/\/www.metal-styl.com\/index.php\/wp-json\/wp\/v2\/product\/4221\/revisions"}],"predecessor-version":[{"id":4511,"href":"https:\/\/www.metal-styl.com\/index.php\/wp-json\/wp\/v2\/product\/4221\/revisions\/4511"}],"wp:featuredmedia":[{"embeddable":true,"href":"https:\/\/www.metal-styl.com\/index.php\/wp-json\/wp\/v2\/media\/4222"}],"wp:attachment":[{"href":"https:\/\/www.metal-styl.com\/index.php\/wp-json\/wp\/v2\/media?parent=4221"}],"wp:term":[{"taxonomy":"product_cat","embeddable":true,"href":"https:\/\/www.metal-styl.com\/index.php\/wp-json\/wp\/v2\/product_cat?post=4221"},{"taxonomy":"product_tag","embeddable":true,"href":"https:\/\/www.metal-styl.com\/index.php\/wp-json\/wp\/v2\/product_tag?post=4221"},{"taxonomy":"yst_prominent_words","embeddable":true,"href":"https:\/\/www.metal-styl.com\/index.php\/wp-json\/wp\/v2\/yst_prominent_words?post=4221"}],"curies":[{"name":"wp","href":"https:\/\/api.w.org\/{rel}","templated":true}]}}