{"id":4396,"date":"2022-06-09T10:13:49","date_gmt":"2022-06-09T10:13:49","guid":{"rendered":"https:\/\/www.metal-styl.com\/?post_type=product&#038;p=4396"},"modified":"2022-06-13T10:00:18","modified_gmt":"2022-06-13T10:00:18","slug":"stol-konferencyjny-stko","status":"publish","type":"product","link":"https:\/\/www.metal-styl.com\/index.php\/produkt\/stol-konferencyjny-stko\/","title":{"rendered":"St\u00f3\u0142 konferencyjny STKO"},"content":{"rendered":"","protected":false},"excerpt":{"rendered":"<table style=\"height: 35px;\" width=\"799\">\n<tbody>\n<tr>\n<td width=\"396\"><\/td>\n<\/tr>\n<\/tbody>\n<\/table>\n<p><strong>St\u00f3\u0142 konferencyjny STKO<br \/>\n<\/strong><\/p>\n<p><strong>Wymiary: szer\/g\u0142\/wys 2200x1000x750mm<\/strong><\/p>\n<p>&#8211; blat w kszta\u0142cie prostok\u0105tnym 2200 mm x 1000 mm, o grubo\u015bci 38mm.<br \/>\n&#8211; cz\u0119\u015b\u0107 dolna blatu o grubo\u015bci 10mm lekko cofni\u0119ta w kolorze platyny,<br \/>\n&#8211; podstawa sto\u0142u w postaci dw\u00f3ch prostok\u0105tnych n\u00f3g skrzyniowych po\u0142\u0105czonych dwoma \u0142\u0105czynami stabilizuj\u0105cymi ca\u0142o\u015b\u0107 mebla,<br \/>\n&#8211; top blatu wykonany z p\u0142yty meblowej melaminowanej o grubo\u015bci 28mm,<br \/>\n&#8211; pozosta\u0142e elementy podstawy s\u0105 wykonane z p\u0142yty meblowej melaminowanej o grubo\u015bci 18mm,<br \/>\n&#8211; w\u0105skie kraw\u0119dzie mebli wyko\u0144czone s\u0105 wytrzyma\u0142ym obrze\u017cem meblowym pcv o grubo\u015bci 2mm,<\/p>\n<p>Kolorystyka \u2013 d\u0105b Ricardo.<\/p>\n","protected":false},"featured_media":4402,"comment_status":"open","ping_status":"closed","template":"","meta":[],"product_cat":[2646,22,2650],"product_tag":[782,783,2655],"yst_prominent_words":[],"class_list":{"0":"post-4396","1":"product","2":"type-product","3":"status-publish","4":"has-post-thumbnail","6":"product_cat-agat-meble-biurowe-metal-styl","7":"product_cat-meble-biurowe-zestawy","8":"product_cat-stoly-agat-meble-biurowe-metal-styl","9":"product_tag-duzy-stol-konferencyjny","10":"product_tag-stol-konferencyjny","11":"product_tag-stol-stko","12":"entry","14":"first","15":"instock","16":"shipping-taxable","17":"product-type-simple"},"_links":{"self":[{"href":"https:\/\/www.metal-styl.com\/index.php\/wp-json\/wp\/v2\/product\/4396","targetHints":{"allow":["GET"]}}],"collection":[{"href":"https:\/\/www.metal-styl.com\/index.php\/wp-json\/wp\/v2\/product"}],"about":[{"href":"https:\/\/www.metal-styl.com\/index.php\/wp-json\/wp\/v2\/types\/product"}],"replies":[{"embeddable":true,"href":"https:\/\/www.metal-styl.com\/index.php\/wp-json\/wp\/v2\/comments?post=4396"}],"version-history":[{"count":3,"href":"https:\/\/www.metal-styl.com\/index.php\/wp-json\/wp\/v2\/product\/4396\/revisions"}],"predecessor-version":[{"id":4406,"href":"https:\/\/www.metal-styl.com\/index.php\/wp-json\/wp\/v2\/product\/4396\/revisions\/4406"}],"wp:featuredmedia":[{"embeddable":true,"href":"https:\/\/www.metal-styl.com\/index.php\/wp-json\/wp\/v2\/media\/4402"}],"wp:attachment":[{"href":"https:\/\/www.metal-styl.com\/index.php\/wp-json\/wp\/v2\/media?parent=4396"}],"wp:term":[{"taxonomy":"product_cat","embeddable":true,"href":"https:\/\/www.metal-styl.com\/index.php\/wp-json\/wp\/v2\/product_cat?post=4396"},{"taxonomy":"product_tag","embeddable":true,"href":"https:\/\/www.metal-styl.com\/index.php\/wp-json\/wp\/v2\/product_tag?post=4396"},{"taxonomy":"yst_prominent_words","embeddable":true,"href":"https:\/\/www.metal-styl.com\/index.php\/wp-json\/wp\/v2\/yst_prominent_words?post=4396"}],"curies":[{"name":"wp","href":"https:\/\/api.w.org\/{rel}","templated":true}]}}

Stół konferencyjny STKO

<table style="height: 35px;" width="799">
<tbody>
<tr>
<td width="396"></td>
</tr>
</tbody>
</table>
<p><strong>Stół konferencyjny STKO<br />
</strong></p>
<p><strong>Wymiary: szer/gł/wys 2200x1000x750mm</strong></p>
<p>&#8211; blat w kształcie prostokątnym 2200 mm x 1000 mm, o grubości 38mm.<br />
&#8211; część dolna blatu o grubości 10mm lekko cofnięta w kolorze platyny,<br />
&#8211; podstawa stołu w postaci dwóch prostokątnych nóg skrzyniowych połączonych dwoma łączynami stabilizującymi całość mebla,<br />
&#8211; top blatu wykonany z płyty meblowej melaminowanej o grubości 28mm,<br />
&#8211; pozostałe elementy podstawy są wykonane z płyty meblowej melaminowanej o grubości 18mm,<br />
&#8211; wąskie krawędzie mebli wykończone są wytrzymałym obrzeżem meblowym pcv o grubości 2mm,</p>
<p>Kolorystyka – dąb Ricardo.</p>
