{"id":4430,"date":"2022-06-10T10:38:29","date_gmt":"2022-06-10T10:38:29","guid":{"rendered":"https:\/\/www.metal-styl.com\/?post_type=product&#038;p=4430"},"modified":"2022-06-10T10:55:09","modified_gmt":"2022-06-10T10:55:09","slug":"regal-sredni-z-drzwiczkami-s3b","status":"publish","type":"product","link":"https:\/\/www.metal-styl.com\/index.php\/produkt\/regal-sredni-z-drzwiczkami-s3b\/","title":{"rendered":"Rega\u0142 \u015bredni z drzwiczkami S3B"},"content":{"rendered":"","protected":false},"excerpt":{"rendered":"<table style=\"height: 35px;\" width=\"799\">\n<tbody>\n<tr>\n<td width=\"396\"><\/td>\n<\/tr>\n<\/tbody>\n<\/table>\n<p><strong>Rega\u0142 \u015bredni z drzwiczkami S3B<br \/>\n<\/strong><\/p>\n<p><strong>Wymiary: szer\/g\u0142\/wys 800x400x1190mm<\/strong><\/p>\n<p>&#8211; trzy rz\u0119dy p\u00f3\u0142ek mieszcz\u0105 standardowe segregatory biurowe top g\u00f3rny rega\u0142u gr. 38mm (g\u00f3rna cz\u0119\u015b\u0107 topu 28mm, dolny w\u0105ski pasek w kolorze platyny)<br \/>\n&#8211; korpus szafki o gr.18mm<br \/>\n&#8211; ty\u0142 wykonany z p\u0142yty HDF jednostronnie lakierowanej 3 \u2013 4 mm, \u0142\u0105czony listw\u0105 H,<br \/>\n&#8211; w\u0105skie kraw\u0119dzie szafki wyko\u0144czone s\u0105 wytrzyma\u0142ym obrze\u017cem meblowym pcv o grubo\u015bci 2mm a mniej istotne obrze\u017cem o grubo\u015bci 1mm,<br \/>\n&#8211; p\u00f3\u0142ka wewn\u0105trz zamocowana na sta\u0142e,<br \/>\n&#8211; rega\u0142 posiada cok\u00f3\u0142 i regulatory poziomu z dost\u0119pem od wewn\u0105trz szafki<\/p>\n<p>Kolorystyka: d\u0105b Ricardo.<\/p>\n","protected":false},"featured_media":4431,"comment_status":"open","ping_status":"closed","template":"","meta":[],"product_cat":[2646,22,2649],"product_tag":[887,2658,2656,2667,2660],"yst_prominent_words":[],"class_list":{"0":"post-4430","1":"product","2":"type-product","3":"status-publish","4":"has-post-thumbnail","6":"product_cat-agat-meble-biurowe-metal-styl","7":"product_cat-meble-biurowe-zestawy","8":"product_cat-szafy-regaly","9":"product_tag-regal-biurowy","10":"product_tag-regal-na-segregatory","11":"product_tag-regal-niski-biurowy","12":"product_tag-regal-s3b","13":"product_tag-regal-z-drzwiczkami","14":"entry","16":"first","17":"instock","18":"shipping-taxable","19":"product-type-simple"},"_links":{"self":[{"href":"https:\/\/www.metal-styl.com\/index.php\/wp-json\/wp\/v2\/product\/4430","targetHints":{"allow":["GET"]}}],"collection":[{"href":"https:\/\/www.metal-styl.com\/index.php\/wp-json\/wp\/v2\/product"}],"about":[{"href":"https:\/\/www.metal-styl.com\/index.php\/wp-json\/wp\/v2\/types\/product"}],"replies":[{"embeddable":true,"href":"https:\/\/www.metal-styl.com\/index.php\/wp-json\/wp\/v2\/comments?post=4430"}],"version-history":[{"count":2,"href":"https:\/\/www.metal-styl.com\/index.php\/wp-json\/wp\/v2\/product\/4430\/revisions"}],"predecessor-version":[{"id":4442,"href":"https:\/\/www.metal-styl.com\/index.php\/wp-json\/wp\/v2\/product\/4430\/revisions\/4442"}],"wp:featuredmedia":[{"embeddable":true,"href":"https:\/\/www.metal-styl.com\/index.php\/wp-json\/wp\/v2\/media\/4431"}],"wp:attachment":[{"href":"https:\/\/www.metal-styl.com\/index.php\/wp-json\/wp\/v2\/media?parent=4430"}],"wp:term":[{"taxonomy":"product_cat","embeddable":true,"href":"https:\/\/www.metal-styl.com\/index.php\/wp-json\/wp\/v2\/product_cat?post=4430"},{"taxonomy":"product_tag","embeddable":true,"href":"https:\/\/www.metal-styl.com\/index.php\/wp-json\/wp\/v2\/product_tag?post=4430"},{"taxonomy":"yst_prominent_words","embeddable":true,"href":"https:\/\/www.metal-styl.com\/index.php\/wp-json\/wp\/v2\/yst_prominent_words?post=4430"}],"curies":[{"name":"wp","href":"https:\/\/api.w.org\/{rel}","templated":true}]}}

Regał średni z drzwiczkami S3B

<table style="height: 35px;" width="799">
<tbody>
<tr>
<td width="396"></td>
</tr>
</tbody>
</table>
<p><strong>Regał średni z drzwiczkami S3B<br />
</strong></p>
<p><strong>Wymiary: szer/gł/wys 800x400x1190mm</strong></p>
<p>&#8211; trzy rzędy półek mieszczą standardowe segregatory biurowe top górny regału gr. 38mm (górna część topu 28mm, dolny wąski pasek w kolorze platyny)<br />
&#8211; korpus szafki o gr.18mm<br />
&#8211; tył wykonany z płyty HDF jednostronnie lakierowanej 3 – 4 mm, łączony listwą H,<br />
&#8211; wąskie krawędzie szafki wykończone są wytrzymałym obrzeżem meblowym pcv o grubości 2mm a mniej istotne obrzeżem o grubości 1mm,<br />
&#8211; półka wewnątrz zamocowana na stałe,<br />
&#8211; regał posiada cokół i regulatory poziomu z dostępem od wewnątrz szafki</p>
<p>Kolorystyka: dąb Ricardo.</p>
