{"id":4459,"date":"2022-06-13T09:07:44","date_gmt":"2022-06-13T09:07:44","guid":{"rendered":"https:\/\/www.metal-styl.com\/?post_type=product&#038;p=4459"},"modified":"2022-06-13T09:11:16","modified_gmt":"2022-06-13T09:11:16","slug":"regal-wysoki-z-drzwiami-dolnymi-s5d","status":"publish","type":"product","link":"https:\/\/www.metal-styl.com\/index.php\/produkt\/regal-wysoki-z-drzwiami-dolnymi-s5d\/","title":{"rendered":"Rega\u0142 wysoki z drzwiami dolnymi S5D"},"content":{"rendered":"","protected":false},"excerpt":{"rendered":"<table style=\"height: 35px;\" width=\"799\">\n<tbody>\n<tr>\n<td width=\"396\"><\/td>\n<\/tr>\n<\/tbody>\n<\/table>\n<p><strong>Rega\u0142 wysoki dwudzielny z drzwiami dolnymi S5D<br \/>\n<\/strong><\/p>\n<p><strong>Wymiary: szer\/g\u0142\/wys 800x400x1890mm<\/strong><\/p>\n<p>&#8211; pi\u0119\u0107 rz\u0119d\u00f3w p\u00f3\u0142ek mieszcz\u0105 standardowe segregatory biurowe top g\u00f3rny rega\u0142u gr. 38mm ( g\u00f3rna cz\u0119\u015b\u0107 topu 28mm, dolny w\u0105ski pasek w kolorze platyny)<br \/>\n&#8211; korpus szafki wykonany z p\u0142yty meblowej melaminowanej o gr.18mm,<br \/>\n&#8211; ty\u0142 wykonany z p\u0142yty HDF jednostronnie lakierowanej 3 \u2013 4 mm, \u0142\u0105czony listw\u0105 H,<br \/>\n&#8211; w\u0105skie kraw\u0119dzie szafki wyko\u0144czone s\u0105 wytrzyma\u0142ym obrze\u017cem meblowym pcv o grubo\u015bci 2mm, a mniej istotne obrze\u017cem o grubo\u015bci 1mm,<br \/>\n&#8211; p\u00f3\u0142ka wewn\u0105trz zamocowana na sta\u0142e,<br \/>\n&#8211; rega\u0142 posiada cok\u00f3\u0142 i regulatory poziomu z dost\u0119pem od wewn\u0105trz szafki.<\/p>\n<p>Kolorystyka \u2013 d\u0105b Ricardo.<\/p>\n","protected":false},"featured_media":4460,"comment_status":"open","ping_status":"closed","template":"","meta":[],"product_cat":[2646,22,2649],"product_tag":[2672,887,2670,2658,856,891,2681,2671,885,2678,2679,907,2680],"yst_prominent_words":[],"class_list":{"0":"post-4459","1":"product","2":"type-product","3":"status-publish","4":"has-post-thumbnail","6":"product_cat-agat-meble-biurowe-metal-styl","7":"product_cat-meble-biurowe-zestawy","8":"product_cat-szafy-regaly","9":"product_tag-regal-biblioteczny","10":"product_tag-regal-biurowy","11":"product_tag-regal-biurowy-wysoki","12":"product_tag-regal-na-segregatory","13":"product_tag-regal-otwarty","14":"product_tag-regal-otwarty-biurowy","15":"product_tag-regal-s5d","16":"product_tag-regal-wysoki","17":"product_tag-szafa-biurowa","18":"product_tag-szafa-do-biura","19":"product_tag-szafa-dwudzielna","20":"product_tag-szafa-na-akta","21":"product_tag-szafa-z-drzwiami-dolnymi","22":"entry","24":"first","25":"instock","26":"shipping-taxable","27":"product-type-simple"},"_links":{"self":[{"href":"https:\/\/www.metal-styl.com\/index.php\/wp-json\/wp\/v2\/product\/4459","targetHints":{"allow":["GET"]}}],"collection":[{"href":"https:\/\/www.metal-styl.com\/index.php\/wp-json\/wp\/v2\/product"}],"about":[{"href":"https:\/\/www.metal-styl.com\/index.php\/wp-json\/wp\/v2\/types\/product"}],"replies":[{"embeddable":true,"href":"https:\/\/www.metal-styl.com\/index.php\/wp-json\/wp\/v2\/comments?post=4459"}],"version-history":[{"count":1,"href":"https:\/\/www.metal-styl.com\/index.php\/wp-json\/wp\/v2\/product\/4459\/revisions"}],"predecessor-version":[{"id":4461,"href":"https:\/\/www.metal-styl.com\/index.php\/wp-json\/wp\/v2\/product\/4459\/revisions\/4461"}],"wp:featuredmedia":[{"embeddable":true,"href":"https:\/\/www.metal-styl.com\/index.php\/wp-json\/wp\/v2\/media\/4460"}],"wp:attachment":[{"href":"https:\/\/www.metal-styl.com\/index.php\/wp-json\/wp\/v2\/media?parent=4459"}],"wp:term":[{"taxonomy":"product_cat","embeddable":true,"href":"https:\/\/www.metal-styl.com\/index.php\/wp-json\/wp\/v2\/product_cat?post=4459"},{"taxonomy":"product_tag","embeddable":true,"href":"https:\/\/www.metal-styl.com\/index.php\/wp-json\/wp\/v2\/product_tag?post=4459"},{"taxonomy":"yst_prominent_words","embeddable":true,"href":"https:\/\/www.metal-styl.com\/index.php\/wp-json\/wp\/v2\/yst_prominent_words?post=4459"}],"curies":[{"name":"wp","href":"https:\/\/api.w.org\/{rel}","templated":true}]}}

Regał wysoki z drzwiami dolnymi S5D

<table style="height: 35px;" width="799">
<tbody>
<tr>
<td width="396"></td>
</tr>
</tbody>
</table>
<p><strong>Regał wysoki dwudzielny z drzwiami dolnymi S5D<br />
</strong></p>
<p><strong>Wymiary: szer/gł/wys 800x400x1890mm</strong></p>
<p>&#8211; pięć rzędów półek mieszczą standardowe segregatory biurowe top górny regału gr. 38mm ( górna część topu 28mm, dolny wąski pasek w kolorze platyny)<br />
&#8211; korpus szafki wykonany z płyty meblowej melaminowanej o gr.18mm,<br />
&#8211; tył wykonany z płyty HDF jednostronnie lakierowanej 3 – 4 mm, łączony listwą H,<br />
&#8211; wąskie krawędzie szafki wykończone są wytrzymałym obrzeżem meblowym pcv o grubości 2mm, a mniej istotne obrzeżem o grubości 1mm,<br />
&#8211; półka wewnątrz zamocowana na stałe,<br />
&#8211; regał posiada cokół i regulatory poziomu z dostępem od wewnątrz szafki.</p>
<p>Kolorystyka – dąb Ricardo.</p>
