{"id":510,"date":"2019-12-03T15:21:15","date_gmt":"2019-12-03T15:21:15","guid":{"rendered":"http:\/\/metalsty.cluster014.ovh.net\/pixel\/?post_type=product&#038;p=510"},"modified":"2020-01-05T11:01:35","modified_gmt":"2020-01-05T11:01:35","slug":"tablica-narzedziowa-perforowana-tsw-160-do-stolu-warsztatowego-o-szerokosci-1600mm-kopia","status":"publish","type":"product","link":"https:\/\/www.metal-styl.com\/index.php\/produkt\/tablica-narzedziowa-perforowana-tsw-160-do-stolu-warsztatowego-o-szerokosci-1600mm-kopia\/","title":{"rendered":"Tablica narz\u0119dziowa perforowana TSW-160 do sto\u0142u warsztatowego o szeroko\u015bci 1600mm"},"content":{"rendered":"<div id=\"idTab1\" class=\"rte\">\n<p><span style=\"color: #800000;\"><strong>Tablica narz\u0119dziowa perforowana\u00a0TSW-160 <\/strong><\/span><span style=\"color: #800000;\"><strong>do sto\u0142u warsztatowego o szeroko\u015bci 1600mm<\/strong><\/span><\/p>\n<p><strong>Wymiary: szer\/wys\u00a01600x700mm<\/strong><\/p>\n<p>Opis:\u00a0Tablica narz\u0119dziowa perforowana o szer.1600mm do sto\u0142u warsztatowego o szeroko\u015bci 1600mm<\/p>\n<p>Istnieje mo\u017cliwo\u015b\u0107 powieszenia samej tablicy na \u015bcianie, na narz\u0119dzia<\/p>\n<p>Tablica malowana proszkowo\u00a0w kolorze wg. Palety Ral 7035 &#8211; popielato-platynowy<\/p>\n<p>Istnieje mo\u017cliwo\u015b\u0107 malowania tablic w innym kolorze za dodatkow\u0105 op\u0142at\u0105<\/p>\n<p>Mo\u017cliwo\u015b\u0107 wykonania tablicy w innych rozmiarach, innych kolorach do innych sto\u0142\u00f3w czy do powieszenia na \u015bcianie w warsztacie oraz wg indywidualnych potrzeb klienta. W celu wyceny prosimy o przes\u0142anie do nas maila na adres biuro@metal-styl.com z zapytaniem ofertowym oraz przedstawieniem Pa\u0144stwa potrzeb i oczekiwa\u0144 wobec produktu.<\/p>\n<\/div>\n","protected":false},"excerpt":{"rendered":"<p><span style=\"color: #800000;\"><strong>Tablica narz\u0119dziowa perforowana\u00a0TSW-160 <\/strong><strong>do sto\u0142u warsztatowego o szeroko\u015bci 1600mm<\/strong><\/span><\/p>\n<p><strong>Wymiary: szer\/wys\u00a01600x700mm<\/strong><\/p>\n","protected":false},"featured_media":1143,"comment_status":"open","ping_status":"closed","template":"","meta":[],"product_cat":[39,41],"product_tag":[332,330,336,335,331],"yst_prominent_words":[624,449,444,450,616,608,617,622,571,609,603,612,408,619,614,607,605,620,606,615],"class_list":{"0":"post-510","1":"product","2":"type-product","3":"status-publish","4":"has-post-thumbnail","6":"product_cat-meble-warsztatowe","7":"product_cat-stoly-warsztatowe","8":"product_tag-tablica-do-stolu-warsztatowego","9":"product_tag-tablica-narzedziowa","10":"product_tag-tablica-tsw-160","11":"product_tag-tablica-tsw-1600","12":"product_tag-tablica-warsztatowa","13":"entry","15":"first","16":"instock","17":"shipping-taxable","18":"product-type-simple"},"_links":{"self":[{"href":"https:\/\/www.metal-styl.com\/index.php\/wp-json\/wp\/v2\/product\/510","targetHints":{"allow":["GET"]}}],"collection":[{"href":"https:\/\/www.metal-styl.com\/index.php\/wp-json\/wp\/v2\/product"}],"about":[{"href":"https:\/\/www.metal-styl.com\/index.php\/wp-json\/wp\/v2\/types\/product"}],"replies":[{"embeddable":true,"href":"https:\/\/www.metal-styl.com\/index.php\/wp-json\/wp\/v2\/comments?post=510"}],"version-history":[{"count":1,"href":"https:\/\/www.metal-styl.com\/index.php\/wp-json\/wp\/v2\/product\/510\/revisions"}],"predecessor-version":[{"id":1144,"href":"https:\/\/www.metal-styl.com\/index.php\/wp-json\/wp\/v2\/product\/510\/revisions\/1144"}],"wp:featuredmedia":[{"embeddable":true,"href":"https:\/\/www.metal-styl.com\/index.php\/wp-json\/wp\/v2\/media\/1143"}],"wp:attachment":[{"href":"https:\/\/www.metal-styl.com\/index.php\/wp-json\/wp\/v2\/media?parent=510"}],"wp:term":[{"taxonomy":"product_cat","embeddable":true,"href":"https:\/\/www.metal-styl.com\/index.php\/wp-json\/wp\/v2\/product_cat?post=510"},{"taxonomy":"product_tag","embeddable":true,"href":"https:\/\/www.metal-styl.com\/index.php\/wp-json\/wp\/v2\/product_tag?post=510"},{"taxonomy":"yst_prominent_words","embeddable":true,"href":"https:\/\/www.metal-styl.com\/index.php\/wp-json\/wp\/v2\/yst_prominent_words?post=510"}],"curies":[{"name":"wp","href":"https:\/\/api.w.org\/{rel}","templated":true}]}}