{"id":511,"date":"2019-12-03T15:22:40","date_gmt":"2019-12-03T15:22:40","guid":{"rendered":"http:\/\/metalsty.cluster014.ovh.net\/pixel\/?post_type=product&#038;p=511"},"modified":"2020-02-11T10:14:26","modified_gmt":"2020-02-11T10:14:26","slug":"tablica-narzedziowa-perforowana-tsw-200-do-stolu-warsztatowego-o-szerokosci-2000mm-kopia","status":"publish","type":"product","link":"https:\/\/www.metal-styl.com\/index.php\/produkt\/tablica-narzedziowa-perforowana-tsw-200-do-stolu-warsztatowego-o-szerokosci-2000mm-kopia\/","title":{"rendered":"Tablica narz\u0119dziowa perforowana TSW-200 do sto\u0142u warsztatowego o szeroko\u015bci 2000mm"},"content":{"rendered":"<div id=\"idTab1\" class=\"rte\">\n<p><span style=\"color: #800000;\"><strong>Tablica narz\u0119dziowa perforowana\u00a0TSW-200 <\/strong><\/span><span style=\"color: #800000;\"><strong>do sto\u0142u warsztatowego o szeroko\u015bci 2000mm<\/strong><\/span><\/p>\n<p><strong>Wymiary: szer\/wys 2000x700mm<\/strong><\/p>\n<p>Opis:\u00a0Tablica narz\u0119dziowa perforowana o szer.2000mm do sto\u0142u warsztatowego o szeroko\u015bci 2000mm<\/p>\n<p>Istnieje mo\u017cliwo\u015b\u0107 powieszenia samej tablicy na \u015bcianie, na narz\u0119dzia<\/p>\n<p>Tablica malowana proszkowo\u00a0w kolorze wg. Palety Ral 7035 &#8211; popielato-platynowy<\/p>\n<p>Istnieje mo\u017cliwo\u015b\u0107 malowania tablic w innym kolorze za dodatkow\u0105 op\u0142at\u0105<\/p>\n<p>Mo\u017cliwo\u015b\u0107 wykonania tablicy w innych rozmiarach, innych kolorach do innych sto\u0142\u00f3w czy do powieszenia na \u015bcianie w warsztacie oraz wg indywidualnych potrzeb klienta. W celu wyceny prosimy o przes\u0142anie do nas maila na adres biuro@metal-styl.com z zapytaniem ofertowym oraz przedstawieniem Pa\u0144stwa potrzeb i oczekiwa\u0144 wobec produktu.<\/p>\n<\/div>\n","protected":false},"excerpt":{"rendered":"<p><strong>Wymiary: szer\/wys 2000x700mm<\/strong><\/p>\n","protected":false},"featured_media":1146,"comment_status":"open","ping_status":"closed","template":"","meta":[],"product_cat":[39,41],"product_tag":[332,330,337,338,331],"yst_prominent_words":[623,449,444,450,616,608,617,622,571,609,603,610,408,618,614,607,605,620,606,613],"class_list":{"0":"post-511","1":"product","2":"type-product","3":"status-publish","4":"has-post-thumbnail","6":"product_cat-meble-warsztatowe","7":"product_cat-stoly-warsztatowe","8":"product_tag-tablica-do-stolu-warsztatowego","9":"product_tag-tablica-narzedziowa","10":"product_tag-tablica-tsw-200","11":"product_tag-tablica-tsw-2000","12":"product_tag-tablica-warsztatowa","13":"entry","15":"first","16":"instock","17":"shipping-taxable","18":"product-type-simple"},"_links":{"self":[{"href":"https:\/\/www.metal-styl.com\/index.php\/wp-json\/wp\/v2\/product\/511","targetHints":{"allow":["GET"]}}],"collection":[{"href":"https:\/\/www.metal-styl.com\/index.php\/wp-json\/wp\/v2\/product"}],"about":[{"href":"https:\/\/www.metal-styl.com\/index.php\/wp-json\/wp\/v2\/types\/product"}],"replies":[{"embeddable":true,"href":"https:\/\/www.metal-styl.com\/index.php\/wp-json\/wp\/v2\/comments?post=511"}],"version-history":[{"count":3,"href":"https:\/\/www.metal-styl.com\/index.php\/wp-json\/wp\/v2\/product\/511\/revisions"}],"predecessor-version":[{"id":2952,"href":"https:\/\/www.metal-styl.com\/index.php\/wp-json\/wp\/v2\/product\/511\/revisions\/2952"}],"wp:featuredmedia":[{"embeddable":true,"href":"https:\/\/www.metal-styl.com\/index.php\/wp-json\/wp\/v2\/media\/1146"}],"wp:attachment":[{"href":"https:\/\/www.metal-styl.com\/index.php\/wp-json\/wp\/v2\/media?parent=511"}],"wp:term":[{"taxonomy":"product_cat","embeddable":true,"href":"https:\/\/www.metal-styl.com\/index.php\/wp-json\/wp\/v2\/product_cat?post=511"},{"taxonomy":"product_tag","embeddable":true,"href":"https:\/\/www.metal-styl.com\/index.php\/wp-json\/wp\/v2\/product_tag?post=511"},{"taxonomy":"yst_prominent_words","embeddable":true,"href":"https:\/\/www.metal-styl.com\/index.php\/wp-json\/wp\/v2\/yst_prominent_words?post=511"}],"curies":[{"name":"wp","href":"https:\/\/api.w.org\/{rel}","templated":true}]}}