{"id":530,"date":"2019-12-03T16:31:50","date_gmt":"2019-12-03T16:31:50","guid":{"rendered":"http:\/\/metalsty.cluster014.ovh.net\/pixel\/?post_type=product&#038;p=530"},"modified":"2020-01-05T11:04:45","modified_gmt":"2020-01-05T11:04:45","slug":"530","status":"publish","type":"product","link":"https:\/\/www.metal-styl.com\/index.php\/produkt\/530\/","title":{"rendered":"W\u00f3zek warsztatowy, narz\u0119dziowy odk\u0142adczy z 3 p\u00f3\u0142kami wy\u0142o\u017conymi gum\u0105 olejoodporn\u0105 WW23"},"content":{"rendered":"<div id=\"idTab1\" class=\"rte\">\n<p><span style=\"color: #800000;\"><strong>W\u00f3zek warsztatowy, narz\u0119dziowy odk\u0142adczy z 3 p\u00f3\u0142kami wy\u0142o\u017conymi gum\u0105 olejoodporn\u0105 WW23<\/strong><\/span><\/p>\n<p><span style=\"color: #000000;\"><strong>Wymiary: wys\/szer\/g\u0142 780x800x500mm\u00a0<\/strong><\/span><\/p>\n<p>Symbol: WW23<\/p>\n<p>Opis:\u00a0W\u00f3zek warsztatowy odk\u0142adczy &#8211; 3 platformy robocze, konstrukcj\u0119 w\u00f3zka stanowi rama z trzema blatami wy\u0142o\u017conymi gum\u0105 olejoodporn\u0105 &#8211; w\u00f3zek posiada dwa sta\u0142e ko\u0142a oraz dwa skr\u0119tne ( w tym jedno z hamulcem) brzegi blat\u00f3w z kraw\u0119dzi\u0105<\/p>\n<p>&#8211; uchwyt pozwalaj\u0105cy w \u0142atwy spos\u00f3b manewrowa\u0107 w\u00f3zkiem<\/p>\n<p>W\u00f3zek malowany trwa\u0142ymi farbami proszkowymi w kolorze wg. Palety RAL<\/p>\n<p>Oferta cenowa dotyczy koloru: Ral 7035 popielato-platynowy<\/p>\n<p>Istnieje mo\u017cliwo\u015b\u0107 malowania w\u00f3zka w innym kolorze za dodatkow\u0105 op\u0142at\u0105.<\/p>\n<p>Mo\u017cliwo\u015b\u0107 wykonania szafy w innych rozmiarach w innych kolorach oraz wg indywidualnych potrzeb klienta. W celu wyceny prosimy o przes\u0142anie do nas maila na adres biuro@metal-styl.com z zapytaniem ofertowym oraz przedstawieniem Pa\u0144stwa potrzeb i oczekiwa\u0144 wobec produktu.<\/p>\n<\/div>\n","protected":false},"excerpt":{"rendered":"<p><span style=\"color: #800000;\"><strong>W\u00f3zek warsztatowy, narz\u0119dziowy odk\u0142adczy z 3 p\u00f3\u0142kami wy\u0142o\u017conymi gum\u0105 olejoodporn\u0105 WW23<\/strong><\/span><\/p>\n<p><strong>Wymiary: wys\/szer\/g\u0142 780x800x500mm<\/strong><\/p>\n","protected":false},"featured_media":1155,"comment_status":"open","ping_status":"closed","template":"","meta":[],"product_cat":[39,42],"product_tag":[342,341,340,346,339,347,348,350,349],"yst_prominent_words":[656,652,409,450,628,658,395,394,574,393,626,625,632,661,654,650,647],"class_list":{"0":"post-530","1":"product","2":"type-product","3":"status-publish","4":"has-post-thumbnail","6":"product_cat-meble-warsztatowe","7":"product_cat-wozki-warsztatowe","8":"product_tag-wozek-do-warsztatu","9":"product_tag-wozek-na-narzedzia","10":"product_tag-wozek-narzedziowy","11":"product_tag-wozek-odkladczy","12":"product_tag-wozek-warsztatowy","13":"product_tag-wozek-warsztatowy-na-kolkach","14":"product_tag-wozek-warsztatowy-narzedziowy","15":"product_tag-wozek-ww-23-b","16":"product_tag-wozek-ww23","17":"entry","19":"first","20":"instock","21":"shipping-taxable","22":"product-type-simple"},"_links":{"self":[{"href":"https:\/\/www.metal-styl.com\/index.php\/wp-json\/wp\/v2\/product\/530","targetHints":{"allow":["GET"]}}],"collection":[{"href":"https:\/\/www.metal-styl.com\/index.php\/wp-json\/wp\/v2\/product"}],"about":[{"href":"https:\/\/www.metal-styl.com\/index.php\/wp-json\/wp\/v2\/types\/product"}],"replies":[{"embeddable":true,"href":"https:\/\/www.metal-styl.com\/index.php\/wp-json\/wp\/v2\/comments?post=530"}],"version-history":[{"count":1,"href":"https:\/\/www.metal-styl.com\/index.php\/wp-json\/wp\/v2\/product\/530\/revisions"}],"predecessor-version":[{"id":1156,"href":"https:\/\/www.metal-styl.com\/index.php\/wp-json\/wp\/v2\/product\/530\/revisions\/1156"}],"wp:featuredmedia":[{"embeddable":true,"href":"https:\/\/www.metal-styl.com\/index.php\/wp-json\/wp\/v2\/media\/1155"}],"wp:attachment":[{"href":"https:\/\/www.metal-styl.com\/index.php\/wp-json\/wp\/v2\/media?parent=530"}],"wp:term":[{"taxonomy":"product_cat","embeddable":true,"href":"https:\/\/www.metal-styl.com\/index.php\/wp-json\/wp\/v2\/product_cat?post=530"},{"taxonomy":"product_tag","embeddable":true,"href":"https:\/\/www.metal-styl.com\/index.php\/wp-json\/wp\/v2\/product_tag?post=530"},{"taxonomy":"yst_prominent_words","embeddable":true,"href":"https:\/\/www.metal-styl.com\/index.php\/wp-json\/wp\/v2\/yst_prominent_words?post=530"}],"curies":[{"name":"wp","href":"https:\/\/api.w.org\/{rel}","templated":true}]}}