{"id":553,"date":"2019-12-03T16:50:50","date_gmt":"2019-12-03T16:50:50","guid":{"rendered":"http:\/\/metalsty.cluster014.ovh.net\/pixel\/?post_type=product&#038;p=553"},"modified":"2019-12-03T16:51:16","modified_gmt":"2019-12-03T16:51:16","slug":"wozek-warsztatowy-z-blatem-roboczym-szafka-i-5-cioma-szufladami-wwj-1u-5s","status":"publish","type":"product","link":"https:\/\/www.metal-styl.com\/index.php\/produkt\/wozek-warsztatowy-z-blatem-roboczym-szafka-i-5-cioma-szufladami-wwj-1u-5s\/","title":{"rendered":"W\u00f3zek warsztatowy z blatem roboczym, szafk\u0105 i 5-cioma szufladami WWJ-1U-5S"},"content":{"rendered":"<div id=\"center_column\">\n<div id=\"more_info_block\" class=\"clear\">\n<div id=\"more_info_sheets\" class=\"sheets align_justify\">\n<div id=\"idTab1\" class=\"rte\">\n<p><span style=\"color: #800000;\"><strong>W\u00f3zek warsztatowy z blatem roboczym, szafk\u0105 i 5-cioma szufladami\u00a0WWJ-1U-5S<\/strong><\/span><\/p>\n<p><span style=\"color: #000000;\"><strong>Wymiary: wys\/szer\/g\u0142 860x860x410mm<\/strong><\/span><\/p>\n<p>Symbol: WWJ-1U-5S<\/p>\n<p>Opis: Blat w\u00f3zka wy\u0142o\u017cony gum\u0105 olejoodporn\u0105.<\/p>\n<p>W\u00f3zek wyposa\u017cony w 5 szuflad &#8211; 4 szuflady zamykane zamkiem centralnym zapobiegaj\u0105cym wysuwie kilku szuflad jednocze\u015bnie i 1 szuflady zamykanej osobnym kluczykiem.<\/p>\n<p>Szafka znajduje si\u0119 pod jedn\u0105 z szuflad, r\u00f3wnie\u017c jest zamykana zamkiem<\/p>\n<p>( w komplecie do ka\u017cdego zamka 2 kluczyki ).<\/p>\n<p>W\u00f3zek posiada 4 skr\u0119tne k\u00f3\u0142ka, jeden z nich posiada hamulec.<\/p>\n<p>W\u00f3zek malowany trwa\u0142ymi farbami proszkowymi w kolorze wg. Palety RAL<\/p>\n<p>Oferta cenowa dotyczy koloru: Ral 7035 popielato-platynowy<\/p>\n<p>Istnieje mo\u017cliwo\u015b\u0107 malowania szaf w innym kolorze lub w dw\u00f3ch kolorach.<\/p>\n<p>Mo\u017cliwo\u015b\u0107 wykonania szafy w innych rozmiarach w innych kolorach oraz wg indywidualnych potrzeb klienta. W celu wyceny prosimy o przes\u0142anie do nas maila na adres biuro@metal-styl.com z zapytaniem ofertowym oraz przedstawieniem Pa\u0144stwa potrzeb i oczekiwa\u0144 wobec produktu.<\/p>\n<\/div>\n<\/div>\n<\/div>\n<\/div>\n","protected":false},"excerpt":{"rendered":"<p><span style=\"color: #800000;\"><strong>W\u00f3zek warsztatowy z blatem roboczym, szafk\u0105 i 5-cioma szufladami\u00a0WWJ-1U-5S<\/strong><\/span><\/p>\n<p><strong>Wymiary: wys\/szer\/g\u0142 860x860x410mm<\/strong><\/p>\n","protected":false},"featured_media":554,"comment_status":"open","ping_status":"closed","template":"","meta":[],"product_cat":[39,42],"product_tag":[342,341,340,339,347,348,357,356],"yst_prominent_words":[],"class_list":{"0":"post-553","1":"product","2":"type-product","3":"status-publish","4":"has-post-thumbnail","6":"product_cat-meble-warsztatowe","7":"product_cat-wozki-warsztatowe","8":"product_tag-wozek-do-warsztatu","9":"product_tag-wozek-na-narzedzia","10":"product_tag-wozek-narzedziowy","11":"product_tag-wozek-warsztatowy","12":"product_tag-wozek-warsztatowy-na-kolkach","13":"product_tag-wozek-warsztatowy-narzedziowy","14":"product_tag-wozek-ww-wiz","15":"product_tag-wozek-wwj-1u-5s","16":"entry","18":"first","19":"instock","20":"shipping-taxable","21":"product-type-simple"},"_links":{"self":[{"href":"https:\/\/www.metal-styl.com\/index.php\/wp-json\/wp\/v2\/product\/553","targetHints":{"allow":["GET"]}}],"collection":[{"href":"https:\/\/www.metal-styl.com\/index.php\/wp-json\/wp\/v2\/product"}],"about":[{"href":"https:\/\/www.metal-styl.com\/index.php\/wp-json\/wp\/v2\/types\/product"}],"replies":[{"embeddable":true,"href":"https:\/\/www.metal-styl.com\/index.php\/wp-json\/wp\/v2\/comments?post=553"}],"version-history":[{"count":0,"href":"https:\/\/www.metal-styl.com\/index.php\/wp-json\/wp\/v2\/product\/553\/revisions"}],"wp:featuredmedia":[{"embeddable":true,"href":"https:\/\/www.metal-styl.com\/index.php\/wp-json\/wp\/v2\/media\/554"}],"wp:attachment":[{"href":"https:\/\/www.metal-styl.com\/index.php\/wp-json\/wp\/v2\/media?parent=553"}],"wp:term":[{"taxonomy":"product_cat","embeddable":true,"href":"https:\/\/www.metal-styl.com\/index.php\/wp-json\/wp\/v2\/product_cat?post=553"},{"taxonomy":"product_tag","embeddable":true,"href":"https:\/\/www.metal-styl.com\/index.php\/wp-json\/wp\/v2\/product_tag?post=553"},{"taxonomy":"yst_prominent_words","embeddable":true,"href":"https:\/\/www.metal-styl.com\/index.php\/wp-json\/wp\/v2\/yst_prominent_words?post=553"}],"curies":[{"name":"wp","href":"https:\/\/api.w.org\/{rel}","templated":true}]}}