{"id":560,"date":"2019-12-03T18:30:46","date_gmt":"2019-12-03T18:30:46","guid":{"rendered":"http:\/\/metalsty.cluster014.ovh.net\/pixel\/?post_type=product&#038;p=560"},"modified":"2020-02-11T07:59:16","modified_gmt":"2020-02-11T07:59:16","slug":"szafa-warsztatowamagazynowa-niska-z-2-polkami-sw-2p-97","status":"publish","type":"product","link":"https:\/\/www.metal-styl.com\/index.php\/produkt\/szafa-warsztatowamagazynowa-niska-z-2-polkami-sw-2p-97\/","title":{"rendered":"Szafka warsztatowa,magazynowa niska z 2 p\u00f3\u0142kami SW-2P-97"},"content":{"rendered":"<div id=\"idTab1\" class=\"rte\">\n<p><span style=\"color: #800000;\"><strong>Szafa warsztatowa,magazynowa z 2 p\u00f3\u0142kami\u00a0SW-2P-97<br \/>\n<\/strong><\/span><\/p>\n<p><strong>Wymiary: wys\/szer\/g\u0142 970x600x450mm<\/strong><\/p>\n<p>Symbol:\u00a0SW-2P-97<\/p>\n<p>Opis: Szafka 1-drzwiowa, niska wyposa\u017cona w 2 przestawne p\u00f3\u0142ki z mo\u017cliwo\u015bci\u0105 regulacji ich wysoko\u015bci.<\/p>\n<p>W celu zapewnienia bezpiecze\u0144stwa, zastosowali\u015bmy w szafach warsztatowych ryglowanie drzwi w trzech miejscach ( g\u00f3ra, bok, d\u00f3\u0142). Zamek posiada w komplecie 2 kluczyki.<\/p>\n<p>Szafa malowana trwa\u0142ymi farbami proszkowymi w kolorze wg. Palety RAL<\/p>\n<p>Oferta cenowa dotyczy koloru: Ral 7035 popielato-platynowy<\/p>\n<p>Istnieje mo\u017cliwo\u015b\u0107 malowania szaf w innym kolorze lub w dw\u00f3ch kolorach np:<\/p>\n<p>Mo\u017cliwo\u015b\u0107 wykonania szafy w innych rozmiarach w innych kolorach oraz wg indywidualnych potrzeb klienta. W celu wyceny prosimy o przes\u0142anie do nas maila na adres biuro@metal-styl.com z zapytaniem ofertowym oraz przedstawieniem Pa\u0144stwa potrzeb i oczekiwa\u0144 wobec produktu.<\/p>\n<\/div>\n","protected":false},"excerpt":{"rendered":"<p><strong>Wymiary: wys\/szer\/g\u0142 970x600x450mm<\/strong><\/p>\n","protected":false},"featured_media":563,"comment_status":"open","ping_status":"closed","template":"","meta":[],"product_cat":[39,40],"product_tag":[360,359,365,361,366,358],"yst_prominent_words":[439,493,409,450,395,394,672,386,393],"class_list":{"0":"post-560","1":"product","2":"type-product","3":"status-publish","4":"has-post-thumbnail","6":"product_cat-meble-warsztatowe","7":"product_cat-szafy-warsztatowe","8":"product_tag-szafa-metalowa","9":"product_tag-szafa-narzedziowa","10":"product_tag-szafa-sns","11":"product_tag-szafa-solidna","12":"product_tag-szafa-sw-2p-97","13":"product_tag-szafa-warsztatowa","14":"entry","16":"first","17":"instock","18":"shipping-taxable","19":"product-type-simple"},"_links":{"self":[{"href":"https:\/\/www.metal-styl.com\/index.php\/wp-json\/wp\/v2\/product\/560","targetHints":{"allow":["GET"]}}],"collection":[{"href":"https:\/\/www.metal-styl.com\/index.php\/wp-json\/wp\/v2\/product"}],"about":[{"href":"https:\/\/www.metal-styl.com\/index.php\/wp-json\/wp\/v2\/types\/product"}],"replies":[{"embeddable":true,"href":"https:\/\/www.metal-styl.com\/index.php\/wp-json\/wp\/v2\/comments?post=560"}],"version-history":[{"count":1,"href":"https:\/\/www.metal-styl.com\/index.php\/wp-json\/wp\/v2\/product\/560\/revisions"}],"predecessor-version":[{"id":2950,"href":"https:\/\/www.metal-styl.com\/index.php\/wp-json\/wp\/v2\/product\/560\/revisions\/2950"}],"wp:featuredmedia":[{"embeddable":true,"href":"https:\/\/www.metal-styl.com\/index.php\/wp-json\/wp\/v2\/media\/563"}],"wp:attachment":[{"href":"https:\/\/www.metal-styl.com\/index.php\/wp-json\/wp\/v2\/media?parent=560"}],"wp:term":[{"taxonomy":"product_cat","embeddable":true,"href":"https:\/\/www.metal-styl.com\/index.php\/wp-json\/wp\/v2\/product_cat?post=560"},{"taxonomy":"product_tag","embeddable":true,"href":"https:\/\/www.metal-styl.com\/index.php\/wp-json\/wp\/v2\/product_tag?post=560"},{"taxonomy":"yst_prominent_words","embeddable":true,"href":"https:\/\/www.metal-styl.com\/index.php\/wp-json\/wp\/v2\/yst_prominent_words?post=560"}],"curies":[{"name":"wp","href":"https:\/\/api.w.org\/{rel}","templated":true}]}}

Szafka warsztatowa,magazynowa niska z 2 półkami SW-2P-97

<div id="idTab1" class="rte">
<p><span style="color: #800000;"><strong>Szafa warsztatowa,magazynowa z 2 półkami SW-2P-97<br />
</strong></span></p>
<p><strong>Wymiary: wys/szer/gł 970x600x450mm</strong></p>
<p>Symbol: SW-2P-97</p>
<p>Opis: Szafka 1-drzwiowa, niska wyposażona w 2 przestawne półki z możliwością regulacji ich wysokości.</p>
<p>W celu zapewnienia bezpieczeństwa, zastosowaliśmy w szafach warsztatowych ryglowanie drzwi w trzech miejscach ( góra, bok, dół). Zamek posiada w komplecie 2 kluczyki.</p>
<p>Szafa malowana trwałymi farbami proszkowymi w kolorze wg. Palety RAL</p>
<p>Oferta cenowa dotyczy koloru: Ral 7035 popielato-platynowy</p>
<p>Istnieje możliwość malowania szaf w innym kolorze lub w dwóch kolorach np:</p>
<p>Możliwość wykonania szafy w innych rozmiarach w innych kolorach oraz wg indywidualnych potrzeb klienta. W celu wyceny prosimy o przesłanie do nas maila na adres biuro@metal-styl.com z zapytaniem ofertowym oraz przedstawieniem Państwa potrzeb i oczekiwań wobec produktu.</p>
</div>

<p><strong>Wymiary: wys/szer/gł 970x600x450mm</strong></p>
