{"id":573,"date":"2019-12-03T18:56:45","date_gmt":"2019-12-03T18:56:45","guid":{"rendered":"http:\/\/metalsty.cluster014.ovh.net\/pixel\/?post_type=product&#038;p=573"},"modified":"2020-02-11T07:58:46","modified_gmt":"2020-02-11T07:58:46","slug":"szafka-narzedziowa-z-4-wysuwanymi-szufladkami-i-1-polka-oraz-drzwiami-centralnymi-sn-10s","status":"publish","type":"product","link":"https:\/\/www.metal-styl.com\/index.php\/produkt\/szafka-narzedziowa-z-4-wysuwanymi-szufladkami-i-1-polka-oraz-drzwiami-centralnymi-sn-10s\/","title":{"rendered":"Szafka narz\u0119dziowa z 4 wysuwanymi szufladkami i 1 p\u00f3\u0142k\u0105 oraz drzwiami centralnymi SN-5S"},"content":{"rendered":"<div class=\"elementor-element elementor-element-a4e892e elementor-widget elementor-widget-woocommerce-product-content\" data-id=\"a4e892e\" data-element_type=\"widget\" data-widget_type=\"woocommerce-product-content.default\">\n<div class=\"elementor-widget-container\">\n<div id=\"idTab1\" class=\"rte\">\n<p><strong><span style=\"color: #800000;\">Szafka narz\u0119dziowa z 4 wysuwanymi szufladkami i 1 p\u00f3\u0142k\u0105 oraz drzwiami centralnymi SN-5S blat wy\u0142o\u017cony gum\u0105 olejoodporn\u0105<\/span><br \/>\n<\/strong><\/p>\n<p><strong>Wymiary: wys\/szer\/g\u0142 1090x500x500mm<\/strong><\/p>\n<p>Symbol: SN-5S<\/p>\n<p>Opis: Szafka 1-drzwiowa, niska wyposa\u017cona w 4 wysuwane szufladki i 1 wysuwan\u0105 p\u00f3\u0142eczk\u0119 oraz blat wy\u0142o\u017cony gum\u0105 olejoodporn\u0105.<\/p>\n<p>Szafa zamykana jest dzi\u0119ki centralnym drzwiom.\u00a0 W celu zapewnienia bezpiecze\u0144stwa, zastosowali\u015bmy w szafach warsztatowych ryglowanie drzwi w trzech miejscach ( g\u00f3ra, bok, d\u00f3\u0142). Zamek posiada w komplecie 2 kluczyki.<\/p>\n<p>Szafa malowana trwa\u0142ymi farbami proszkowymi w kolorze wg. Palety RAL<\/p>\n<p>Oferta cenowa dotyczy koloru: Ral 7035 popielato-platynowy<\/p>\n<p>Istnieje mo\u017cliwo\u015b\u0107 malowania szaf w innym kolorze lub w dw\u00f3ch kolorach np:<\/p>\n<p>Mo\u017cliwo\u015b\u0107 wykonania szafy w innych rozmiarach w innych kolorach oraz wg indywidualnych potrzeb klienta. W celu wyceny prosimy o przes\u0142anie do nas maila na adres biuro@metal-styl.com z zapytaniem ofertowym oraz przedstawieniem Pa\u0144stwa potrzeb i oczekiwa\u0144 wobec produktu.<\/p>\n<\/div>\n<\/div>\n<\/div>\n","protected":false},"excerpt":{"rendered":"<p><strong>Wymiary: wys\/szer\/g\u0142 1090x500x500mm<\/strong><\/p>\n","protected":false},"featured_media":1163,"comment_status":"open","ping_status":"closed","template":"","meta":[],"product_cat":[39,40],"product_tag":[358,369,380,379,376,375],"yst_prominent_words":[581,666,664,663,439,656,652,493,409,450,658,395,394,668,386,407,393,670,667,665],"class_list":{"0":"post-573","1":"product","2":"type-product","3":"status-publish","4":"has-post-thumbnail","6":"product_cat-meble-warsztatowe","7":"product_cat-szafy-warsztatowe","8":"product_tag-szafa-warsztatowa","9":"product_tag-szafka-narzedziowa","10":"product_tag-szafka-sn-5","11":"product_tag-szafka-sn-5s","12":"product_tag-szafka-z-blatem-olejoodpornym","13":"product_tag-szafka-z-wysuwanymi-szufladkami","14":"entry","16":"first","17":"instock","18":"shipping-taxable","19":"product-type-simple"},"_links":{"self":[{"href":"https:\/\/www.metal-styl.com\/index.php\/wp-json\/wp\/v2\/product\/573","targetHints":{"allow":["GET"]}}],"collection":[{"href":"https:\/\/www.metal-styl.com\/index.php\/wp-json\/wp\/v2\/product"}],"about":[{"href":"https:\/\/www.metal-styl.com\/index.php\/wp-json\/wp\/v2\/types\/product"}],"replies":[{"embeddable":true,"href":"https:\/\/www.metal-styl.com\/index.php\/wp-json\/wp\/v2\/comments?post=573"}],"version-history":[{"count":3,"href":"https:\/\/www.metal-styl.com\/index.php\/wp-json\/wp\/v2\/product\/573\/revisions"}],"predecessor-version":[{"id":2948,"href":"https:\/\/www.metal-styl.com\/index.php\/wp-json\/wp\/v2\/product\/573\/revisions\/2948"}],"wp:featuredmedia":[{"embeddable":true,"href":"https:\/\/www.metal-styl.com\/index.php\/wp-json\/wp\/v2\/media\/1163"}],"wp:attachment":[{"href":"https:\/\/www.metal-styl.com\/index.php\/wp-json\/wp\/v2\/media?parent=573"}],"wp:term":[{"taxonomy":"product_cat","embeddable":true,"href":"https:\/\/www.metal-styl.com\/index.php\/wp-json\/wp\/v2\/product_cat?post=573"},{"taxonomy":"product_tag","embeddable":true,"href":"https:\/\/www.metal-styl.com\/index.php\/wp-json\/wp\/v2\/product_tag?post=573"},{"taxonomy":"yst_prominent_words","embeddable":true,"href":"https:\/\/www.metal-styl.com\/index.php\/wp-json\/wp\/v2\/yst_prominent_words?post=573"}],"curies":[{"name":"wp","href":"https:\/\/api.w.org\/{rel}","templated":true}]}}